{"id":965,"date":"2023-10-17T19:53:35","date_gmt":"2023-10-17T22:53:35","guid":{"rendered":"https:\/\/hificlub.com.br\/loja2\/produto\/project-phono-box-e-pre-phono-mm\/"},"modified":"2025-09-10T16:59:02","modified_gmt":"2025-09-10T19:59:02","slug":"project-phono-box-e-pre-phono-mm","status":"publish","type":"product","link":"https:\/\/hificlub.com.br\/loja\/produto\/project-phono-box-e-pre-phono-mm\/","title":{"rendered":"PROJECT PHONO BOX E   Pre Phono MM"},"content":{"rendered":"<p>COR: BLACK<br \/>\nEstado de Conserva\u00e7\u00e3o: USADA<\/p>\n<p>Phono Box E: Prazer em audi\u00e7\u00e3o de vinil puro a baixo pre\u00e7o!<\/p>\n<p>Hoje, muitos amplificadores n\u00e3o possuem uma entrada espec\u00edfica para cartuchos fonogr\u00e1ficos. O Phono Box E \u00e9 um pr\u00e9-amplificador phono ideal para esses sistemas de alta fidelidade. O Phono Box E aceita cartuchos MM e oferece uma experi\u00eancia musical audi\u00f3fila a um pre\u00e7o b\u00e1sico. Os circuitos avan\u00e7ados e a constru\u00e7\u00e3o SMD mant\u00eam o ru\u00eddo e a distor\u00e7\u00e3o em um n\u00edvel surpreendentemente baixo. Uma blindagem interna incorporada e uma fonte de alimenta\u00e7\u00e3o CC externa n\u00e3o deixam risco de interfer\u00eancia externa. Devido \u00e0 sua pequena caixa, a Phono Box E pode ser colocada perto da mesa girat\u00f3ria. Os soquetes de entrada e sa\u00edda s\u00e3o banhados a ouro para preservar a qualidade. O Phono Box E pode ser conectado facilmente a uma entrada de linha (AUX etc.) do seu amplificador.<\/p>\n<p>Amplifica\u00e7\u00e3o e equaliza\u00e7\u00e3o RIAA para cartuchos MM<br \/>\nPrinc\u00edpio do design inspirado pelo Dr. Sykora<br \/>\nCircuito SMD<br \/>\nComponentes especiais de baixo ru\u00eddo<br \/>\nBlindagem interna de metal<br \/>\nO tamanho pequeno permite a instala\u00e7\u00e3o pr\u00f3xima ao toca-discos<br \/>\nSoquetes de conex\u00e3o RCA banhados a ouro<br \/>\nFonte de alimenta\u00e7\u00e3o externa inclu\u00edda<br \/>\nCaixa preta ou branca<\/p>\n<p>Imped\u00e2ncia de entrada 47 kohms<br \/>\nCapacit\u00e2ncia de entrada 120 pF<br \/>\nGanho 40 dB<br \/>\nTens\u00e3o de sa\u00edda (normalmente) 500mV \/ 1kHz a 5mV \/ 1kHz<br \/>\nPiso de ru\u00eddo 88 dB (A ponderado)<br \/>\nTHD &lt;0,05% Desvio RIAA desvio m\u00e1x. 0,5 dB \/ 20 Hz &#8211; 20 kHz Entrada Soquete RCA de 1 par Resultado Soquete RCA de 1 par Fonte de alimenta\u00e7\u00e3o externa 18 V \/ 500 mA CC; 220 &#8211; 240 V, 50 Hz Consumo de energia em espera &lt;1 watt Consumo de energia 20 mA DC Dimens\u00e3o L x A x P (D com soquetes) 120 x 32 x 100 (106) mm Peso 269 \u200b\u200bg sem fonte de alimenta\u00e7\u00e3o<\/p>\n<p>&nbsp;<\/p>\n","protected":false},"excerpt":{"rendered":"<p>COR: BLACK Estado de Conserva\u00e7\u00e3o: USADA Phono Box E: Prazer em audi\u00e7\u00e3o de vinil puro a baixo pre\u00e7o! Hoje, muitos amplificadores n\u00e3o possuem uma entrada espec\u00edfica para cartuchos fonogr\u00e1ficos. O Phono Box E \u00e9 um pr\u00e9-amplificador phono ideal para esses sistemas de alta fidelidade. O Phono Box E aceita cartuchos MM e oferece uma experi\u00eancia [&hellip;]<\/p>\n","protected":false},"featured_media":963,"template":"","meta":{"_acf_changed":false},"product_brand":[],"product_cat":[78,79],"product_tag":[],"class_list":{"0":"post-965","1":"product","2":"type-product","3":"status-publish","4":"has-post-thumbnail","6":"product_cat-analogico-audio","7":"product_cat-pre-de-phono","9":"first","10":"instock","11":"sold-individually","12":"shipping-taxable","13":"purchasable","14":"product-type-simple"},"acf":[],"aioseo_notices":[],"_links":{"self":[{"href":"https:\/\/hificlub.com.br\/loja\/wp-json\/wp\/v2\/product\/965","targetHints":{"allow":["GET"]}}],"collection":[{"href":"https:\/\/hificlub.com.br\/loja\/wp-json\/wp\/v2\/product"}],"about":[{"href":"https:\/\/hificlub.com.br\/loja\/wp-json\/wp\/v2\/types\/product"}],"wp:featuredmedia":[{"embeddable":true,"href":"https:\/\/hificlub.com.br\/loja\/wp-json\/wp\/v2\/media\/963"}],"wp:attachment":[{"href":"https:\/\/hificlub.com.br\/loja\/wp-json\/wp\/v2\/media?parent=965"}],"wp:term":[{"taxonomy":"product_brand","embeddable":true,"href":"https:\/\/hificlub.com.br\/loja\/wp-json\/wp\/v2\/product_brand?post=965"},{"taxonomy":"product_cat","embeddable":true,"href":"https:\/\/hificlub.com.br\/loja\/wp-json\/wp\/v2\/product_cat?post=965"},{"taxonomy":"product_tag","embeddable":true,"href":"https:\/\/hificlub.com.br\/loja\/wp-json\/wp\/v2\/product_tag?post=965"}],"curies":[{"name":"wp","href":"https:\/\/api.w.org\/{rel}","templated":true}]}}