{"id":9647,"date":"2024-01-02T18:06:51","date_gmt":"2024-01-02T21:06:51","guid":{"rendered":"https:\/\/hificlub.com.br\/loja\/?post_type=product&#038;p=9647"},"modified":"2026-03-02T10:00:28","modified_gmt":"2026-03-02T13:00:28","slug":"kef-r400b-subwoofer-com-2-alto-falantes-de-9-250-watts","status":"publish","type":"product","link":"https:\/\/hificlub.com.br\/loja\/produto\/kef-r400b-subwoofer-com-2-alto-falantes-de-9-250-watts\/","title":{"rendered":"KEF R400b Subwoofer com 2 alto falantes de 9&#8243; 250 watts"},"content":{"rendered":"<p><span dir=\"auto\">Com um gabinete refor\u00e7ado e estruturado que abriga dois drivers de baixa frequ\u00eancia de 9 polegadas, o Subwoofer KEF R400b \u00e9 alimentado com efici\u00eancia por dois amplificadores Classe D de 250 Watts. Esses drivers s\u00e3o montados em um arranjo de &#8220;cancelamento de for\u00e7a&#8221; para graves r\u00e1pidos e potentes.<\/span><\/p>\n<p><span dir=\"auto\">Os drivers de cancelamento de for\u00e7a evitam a vibra\u00e7\u00e3o do gabinete \u2013 as for\u00e7as reativas opostas s\u00e3o anuladas pela montagem r\u00edgida dos drivers de baixa frequ\u00eancia, um de costas para o outro.<\/span><\/p>\n<p><span dir=\"auto\">Graves din\u00e2micos, sem compress\u00e3o e sem distor\u00e7\u00e3o, com uma clareza de tirar o f\u00f4lego, ir\u00e3o envolv\u00ea-lo, tocando profundamente suas emo\u00e7\u00f5es. A KEF promete que sua alma despertar\u00e1 e a terra tremer\u00e1.<\/span><\/p>\n<p><span dir=\"auto\">Conjuntos magn\u00e9ticos ventilados de grande porte e bobinas de voz de alum\u00ednio de grandes dimens\u00f5es impulsionam os cones h\u00edbridos, leves, r\u00edgidos e resistentes. A reprodu\u00e7\u00e3o de graves \u00e9 mais r\u00e1pida, limpa e precisa.<\/span><\/p>\n<p><span dir=\"auto\">Os elementos anodizados acetinados contribuem para a eleg\u00e2ncia da unidade, enquanto o di\u00e2metro do anel de acabamento acentua uma sofistica\u00e7\u00e3o visual que n\u00e3o esconde a pot\u00eancia impressionante do subwoofer R400b.<\/span><\/p>\n<p>&nbsp;<\/p>\n","protected":false},"excerpt":{"rendered":"<p>Com um gabinete refor\u00e7ado e estruturado que abriga dois drivers de baixa frequ\u00eancia de 9 polegadas, o Subwoofer KEF R400b \u00e9 alimentado com efici\u00eancia por dois amplificadores Classe D de 250 Watts. Esses drivers s\u00e3o montados em um arranjo de &#8220;cancelamento de for\u00e7a&#8221; para graves r\u00e1pidos e potentes. Os drivers de cancelamento de for\u00e7a evitam [&hellip;]<\/p>\n","protected":false},"featured_media":27701,"template":"","meta":{"_acf_changed":false},"product_brand":[],"product_cat":[17,56,36],"product_tag":[],"class_list":{"0":"post-9647","1":"product","2":"type-product","3":"status-publish","4":"has-post-thumbnail","6":"product_cat-caixas","7":"product_cat-kef","8":"product_cat-subwoofer","10":"first","11":"instock","12":"sold-individually","13":"shipping-taxable","14":"purchasable","15":"product-type-simple"},"acf":[],"aioseo_notices":[],"_links":{"self":[{"href":"https:\/\/hificlub.com.br\/loja\/wp-json\/wp\/v2\/product\/9647","targetHints":{"allow":["GET"]}}],"collection":[{"href":"https:\/\/hificlub.com.br\/loja\/wp-json\/wp\/v2\/product"}],"about":[{"href":"https:\/\/hificlub.com.br\/loja\/wp-json\/wp\/v2\/types\/product"}],"wp:featuredmedia":[{"embeddable":true,"href":"https:\/\/hificlub.com.br\/loja\/wp-json\/wp\/v2\/media\/27701"}],"wp:attachment":[{"href":"https:\/\/hificlub.com.br\/loja\/wp-json\/wp\/v2\/media?parent=9647"}],"wp:term":[{"taxonomy":"product_brand","embeddable":true,"href":"https:\/\/hificlub.com.br\/loja\/wp-json\/wp\/v2\/product_brand?post=9647"},{"taxonomy":"product_cat","embeddable":true,"href":"https:\/\/hificlub.com.br\/loja\/wp-json\/wp\/v2\/product_cat?post=9647"},{"taxonomy":"product_tag","embeddable":true,"href":"https:\/\/hificlub.com.br\/loja\/wp-json\/wp\/v2\/product_tag?post=9647"}],"curies":[{"name":"wp","href":"https:\/\/api.w.org\/{rel}","templated":true}]}}