{"id":96,"date":"2023-10-17T19:50:04","date_gmt":"2023-10-17T22:50:04","guid":{"rendered":"https:\/\/hificlub.com.br\/loja2\/produto\/audio-research-vt150-valvulado-class-a-130-watts\/"},"modified":"2026-02-04T07:56:05","modified_gmt":"2026-02-04T10:56:05","slug":"audio-research-vt150-valvulado-class-a-130-watts","status":"publish","type":"product","link":"https:\/\/hificlub.com.br\/loja\/produto\/audio-research-vt150-valvulado-class-a-130-watts\/","title":{"rendered":"AUDIO RESEARCH VT150  Amplificador Valvulado Classe A  130 watts"},"content":{"rendered":"<p>Amplifica\u00e7\u00e3o de pot\u00eancia em uma nova chave. Os amplificadores mono <strong>VT150 \u200b\u200bSpecial Edition<\/strong> e o amplificador est\u00e9reo VT130 Special Edition representam os mais recentes avan\u00e7os em amplifica\u00e7\u00e3o de pot\u00eancia valvulada do lend\u00e1rio projetista William Z. Johnson. Ambos os modelos aproveitam inova\u00e7\u00f5es na lamina\u00e7\u00e3o de transformadores e no acoplamento de placas para proporcionar maior largura de banda, melhor transfer\u00eancia de pot\u00eancia na sa\u00edda e excelente controle de graves. Eles tamb\u00e9m combinam engenharia e fabrica\u00e7\u00e3o meticulosas (t\u00edpicas da Audio Research), pot\u00eancia de sa\u00edda generosa e praticidade para o usu\u00e1rio em elegantes gabinetes eletromec\u00e2nicos. S\u00e3o amplificadores de pot\u00eancia projetados para suportar os rigores da reprodu\u00e7\u00e3o musical ao longo de muitos anos, proporcionando prazer inigual\u00e1vel.<\/p>\n<p>O \u00fanico dilema do comprador \u00e9 escolher entre a melhor espacializa\u00e7\u00e3o sonora e din\u00e2mica musical possibilitadas pela abordagem de dois monoblocos ou o design est\u00e9reo de chassi \u00fanico, compacto (mas sonoramente not\u00e1vel). Ambos os modelos s\u00e3o alojados em chassis de alum\u00ednio anodizado e soldados por arco de h\u00e9lio, incrivelmente robustos, mais t\u00edpicos da constru\u00e7\u00e3o aeron\u00e1utica do que de equipamentos de alta fidelidade convencionais. Ambos os modelos oferecem excelente desempenho com uma ampla variedade de designs de alto-falantes contempor\u00e2neos e disponibilizam diversas op\u00e7\u00f5es de imped\u00e2ncia de sa\u00edda por meio de suas conex\u00f5es de terminais robustas e usinadas sob medida.<\/p>\n<p>O ajuste de polariza\u00e7\u00e3o do est\u00e1gio de sa\u00edda \u00e9 facilmente mantido em ambos os modelos por meio de medidores iluminados e controles rotativos convenientemente localizados no painel frontal. O monitoramento da rede el\u00e9trica CA tamb\u00e9m \u00e9 oferecido por meio de um segundo medidor. Isso significa que o propriet\u00e1rio pode ajustar a polariza\u00e7\u00e3o do est\u00e1gio de sa\u00edda do(s) amplificador(es) de acordo com as condi\u00e7\u00f5es da rede CA, bem como monitorar regularmente a condi\u00e7\u00e3o de cada v\u00e1lvula de sa\u00edda. Em suma, \u00e9 uma conveni\u00eancia que realmente ajuda a manter o desempenho no seu auge, m\u00eas ap\u00f3s m\u00eas, ano ap\u00f3s ano.<\/p>\n<p>Vers\u00f5es padr\u00e3o: Beleza para encantar os ouvidos e acalmar o or\u00e7amento. Os monoblocos VT150 \u200b\u200be o amplificador est\u00e9reo VT130 est\u00e3o dispon\u00edveis em vers\u00f5es padr\u00e3o mais acess\u00edveis, que oferecem desempenho quase equivalente a um custo menor. Faltam os aprimoramentos est\u00e9ticos e, no caso do est\u00e9reo VT130, o sistema de polariza\u00e7\u00e3o no painel frontal e o monitoramento de corrente alternada encontrados na vers\u00e3o &#8220;SE&#8221;. O monobloco VT150 \u200b\u200bmant\u00e9m o sistema de polariza\u00e7\u00e3o com um medidor menor, mas n\u00e3o possui monitoramento de corrente alternada. A qualidade do chassi, os conectores de entrada e sa\u00edda e o n\u00edvel de acabamento interno s\u00e3o equivalentes ou id\u00eanticos nas vers\u00f5es padr\u00e3o e SE.<\/p>\n<hr \/>\n<table class=\"description\">\n<tbody>\n<tr>\n<td>\n<hr \/>\n<p><img loading=\"lazy\" decoding=\"async\" class=\"alignnone wp-image-22793\" src=\"https:\/\/hificlub.com.br\/loja\/wp-content\/uploads\/2025\/06\/stereophile-recommended-selo.jpg\" alt=\"\" width=\"211\" height=\"115\" srcset=\"https:\/\/hificlub.com.br\/loja\/wp-content\/uploads\/2025\/06\/stereophile-recommended-selo.jpg 304w, https:\/\/hificlub.com.br\/loja\/wp-content\/uploads\/2025\/06\/stereophile-recommended-selo-300x164.jpg 300w\" sizes=\"auto, (max-width: 211px) 100vw, 211px\" \/><\/td>\n<\/tr>\n<\/tbody>\n<\/table>\n","protected":false},"excerpt":{"rendered":"<p>Amplifica\u00e7\u00e3o de pot\u00eancia em uma nova chave. Os amplificadores mono VT150 \u200b\u200bSpecial Edition e o amplificador est\u00e9reo VT130 Special Edition representam os mais recentes avan\u00e7os em amplifica\u00e7\u00e3o de pot\u00eancia valvulada do lend\u00e1rio projetista William Z. Johnson. Ambos os modelos aproveitam inova\u00e7\u00f5es na lamina\u00e7\u00e3o de transformadores e no acoplamento de placas para proporcionar maior largura de [&hellip;]<\/p>\n","protected":false},"featured_media":88,"template":"","meta":{"_acf_changed":false},"product_brand":[],"product_cat":[27,29,31,30,26],"product_tag":[],"class_list":{"0":"post-96","1":"product","2":"type-product","3":"status-publish","4":"has-post-thumbnail","6":"product_cat-amplificador","7":"product_cat-audio-research","8":"product_cat-mono","9":"product_cat-valvulado","10":"product_cat-vintage","12":"first","13":"instock","14":"sold-individually","15":"shipping-taxable","16":"purchasable","17":"product-type-simple"},"acf":[],"aioseo_notices":[],"_links":{"self":[{"href":"https:\/\/hificlub.com.br\/loja\/wp-json\/wp\/v2\/product\/96","targetHints":{"allow":["GET"]}}],"collection":[{"href":"https:\/\/hificlub.com.br\/loja\/wp-json\/wp\/v2\/product"}],"about":[{"href":"https:\/\/hificlub.com.br\/loja\/wp-json\/wp\/v2\/types\/product"}],"wp:featuredmedia":[{"embeddable":true,"href":"https:\/\/hificlub.com.br\/loja\/wp-json\/wp\/v2\/media\/88"}],"wp:attachment":[{"href":"https:\/\/hificlub.com.br\/loja\/wp-json\/wp\/v2\/media?parent=96"}],"wp:term":[{"taxonomy":"product_brand","embeddable":true,"href":"https:\/\/hificlub.com.br\/loja\/wp-json\/wp\/v2\/product_brand?post=96"},{"taxonomy":"product_cat","embeddable":true,"href":"https:\/\/hificlub.com.br\/loja\/wp-json\/wp\/v2\/product_cat?post=96"},{"taxonomy":"product_tag","embeddable":true,"href":"https:\/\/hificlub.com.br\/loja\/wp-json\/wp\/v2\/product_tag?post=96"}],"curies":[{"name":"wp","href":"https:\/\/api.w.org\/{rel}","templated":true}]}}