{"id":920,"date":"2023-10-17T19:53:27","date_gmt":"2023-10-17T22:53:27","guid":{"rendered":"https:\/\/hificlub.com.br\/loja2\/produto\/norstone-stabbl-hifi-bamboo\/"},"modified":"2026-04-22T04:40:50","modified_gmt":"2026-04-22T07:40:50","slug":"norstone-stabbl-hifi-bamboo","status":"publish","type":"product","link":"https:\/\/hificlub.com.br\/loja\/produto\/norstone-stabbl-hifi-bamboo\/","title":{"rendered":"NORSTONE STABBL HIFI \/ BAMBOO Rack HiEnd"},"content":{"rendered":"<p>NorStone \u00e9 um fabricante franc\u00eas\/dinamarqu\u00eas de m\u00f3veis, racks, suportes e cabos para TV e Hi-Fi.<\/p>\n<p>O mobili\u00e1rio AV tem design atemporal escandinavo, alta qualidade e pre\u00e7os atraentes.\u00a0<span class=\"goog-text-highlight\">Temos uma vasta sele\u00e7\u00e3o de produtos de mobili\u00e1rio da NorStone<\/span><\/p>\n<p><span class=\"goog-text-highlight\">Com a gama Stabbl, a Norstone decidiu simplificar ao oferecer 2 unidades de TV e Hifi para audi\u00f3filos, robustas e funcionais. Quer seja a vers\u00e3o Hifi ou AV, o mobili\u00e1rio Stabbl est\u00e1 equipado com uma tecnicidade \u00fanica com um sistema de absor\u00e7\u00e3o de ondas que suporta as diferentes bandejas, tirando partido de uma espessura not\u00e1vel de 15mm. Estas prateleiras em vidro preto conferem a esta gama uma sobriedade que se adapta a todos os estilos. Os m\u00f3dulos de armazenamento de tamanho generoso podem acomodar todos os elementos do seu sistema de home theater ou de alta fidelidade, incluindo os links mais pesados e volumosos. Com uma qualidade de fabrico impec\u00e1vel e de alt\u00edssima qualidade, os m\u00f3veis Stabbl v\u00e3o ao encontro dos mais exigentes requisitos.<\/span><\/p>\n<p>Este\u00a0<strong>gabinete Hi-Fi de bambu Norstone St\u00e4bbl<\/strong>\u00a0\u00e9 uma alternativa ao\u00a0<a title=\"Mais informa\u00e7\u00f5es sobre o gabinete St\u00e4bbl Hi-Fi de vidro Norstone\" href=\"https:\/\/www-maplatine-com.translate.goog\/en\/hi-fi-furniture-speaker-stand-etc\/857-norstone-stabbl-hifi-stand.html?_x_tr_sl=en&amp;_x_tr_tl=pt&amp;_x_tr_hl=pt-BR&amp;_x_tr_pto=sc\" target=\"_blank\" rel=\"noopener\">vidro St\u00e4bbl<\/a>\u00a0mais vendido .<\/p>\n<p>Destina-se aos amantes da m\u00fasica mais exigentes.\u00a0Ele foi projetado especificamente para eliminar e absorver as vibra\u00e7\u00f5es produzidas por equipamentos de \u00e1udio ou\u00a0<a title=\"Encontre todos os nossos alto-falantes Hi-Fi\" href=\"https:\/\/www-maplatine-com.translate.goog\/en\/351-hi-fi-speakers?_x_tr_sl=en&amp;_x_tr_tl=pt&amp;_x_tr_hl=pt-BR&amp;_x_tr_pto=sc\" target=\"_blank\" rel=\"noopener\">alto-falantes Hi-Fi<\/a>\u00a0.<\/p>\n<p>NORSTONE ST\u00c4BBL BAMBU: PRATELEIRAS<\/p>\n<p>Todas as prateleiras deste arm\u00e1rio\u00a0<a title=\"Descubra todos os produtos Norstone\" href=\"https:\/\/www-maplatine-com.translate.goog\/en\/16_norstone?_x_tr_sl=en&amp;_x_tr_tl=pt&amp;_x_tr_hl=pt-BR&amp;_x_tr_pto=sc\" target=\"_blank\" rel=\"noopener\">Norstone<\/a>\u00a0\u00a0s\u00e3o separadas umas das outras por cones de alum\u00ednio e inser\u00e7\u00f5es de amortecimento.<\/p>\n<p>O bambu das prateleiras tem 25 mm de espessura e contribui significativamente para a in\u00e9rcia e estabilidade de toda a unidade.\u00a0Cada prateleira pode carregar at\u00e9 50kg de peso!<\/p>\n<p>NORSTONE ST\u00c4BBL BAMBU: USE<\/p>\n<p>Este\u00a0<a title=\"Encontre todos os nossos m\u00f3veis Hi-Fi\" href=\"https:\/\/www-maplatine-com.translate.goog\/en\/355-hi-fi-furniture-speaker-stand-etc?_x_tr_sl=en&amp;_x_tr_tl=pt&amp;_x_tr_hl=pt-BR&amp;_x_tr_pto=sc\" target=\"_blank\" rel=\"noopener\">gabinete Hi-Fi<\/a>\u00a0\u00a0pode ser usado em comprimento e largura, permitindo colocar equipamentos de 60 cm de profundidade!<\/p>\n<p>A qualidade de fabrica\u00e7\u00e3o deste\u00a0<strong>gabinete Hi-Fi Norstone St\u00e4bbl<\/strong>\u00a0\u00e9 not\u00e1vel e tem um valor muito bom.<\/p>\n<p>Altamente recomendado!<\/p>\n<p>DESIGN<\/p>\n<p>Acabamentos: Lacado preto<\/p>\n<p>Estrutura: p\u00f3 ep\u00f3xi lacado preto, alum\u00ednio escovado<\/p>\n<p>Prateleiras: Vidro temperado serigrafado preto ou Bamboo<\/p>\n<p>CARGA M\u00c1XIMA<\/p>\n<p>Prateleira superior: 50 kg<\/p>\n<p>Prateleiras internas: 50kg<\/p>\n<p>DIMENS\u00d5ES \u00daTEIS<\/p>\n<p>Dimens\u00f5es externas (L x A x P): 600 x 787 x 550mm<\/p>\n<p>Prateleira superior (L x P): 600 x 550 mm<\/p>\n<p>EMBALAGEM<\/p>\n<p>Entregue desmontado com parafusos, desenho e ferramentas necess\u00e1rias para a montagem<\/p>\n<p>Quantidade\/caixa: 1Tipo: Papel\u00e3o marrom<\/p>\n<p>Dimens\u00f5es (L x A x P): 675 x 220 x 620 mm<\/p>\n<p>Peso l\u00edquido: 52kg<\/p>\n<p>Peso bruto: 56kg<\/p>\n<p>&nbsp;<\/p>\n","protected":false},"excerpt":{"rendered":"<p>NorStone \u00e9 um fabricante franc\u00eas\/dinamarqu\u00eas de m\u00f3veis, racks, suportes e cabos para TV e Hi-Fi. O mobili\u00e1rio AV tem design atemporal escandinavo, alta qualidade e pre\u00e7os atraentes.\u00a0Temos uma vasta sele\u00e7\u00e3o de produtos de mobili\u00e1rio da NorStone Com a gama Stabbl, a Norstone decidiu simplificar ao oferecer 2 unidades de TV e Hifi para audi\u00f3filos, robustas [&hellip;]<\/p>\n","protected":false},"featured_media":912,"template":"","meta":{"_acf_changed":false},"product_brand":[],"product_cat":[89,321,104],"product_tag":[],"class_list":{"0":"post-920","1":"product","2":"type-product","3":"status-publish","4":"has-post-thumbnail","6":"product_cat-acessorios","7":"product_cat-norstone","8":"product_cat-racks-e-pedestais","10":"first","11":"instock","12":"sold-individually","13":"shipping-taxable","14":"purchasable","15":"product-type-simple"},"acf":[],"aioseo_notices":[],"_links":{"self":[{"href":"https:\/\/hificlub.com.br\/loja\/wp-json\/wp\/v2\/product\/920","targetHints":{"allow":["GET"]}}],"collection":[{"href":"https:\/\/hificlub.com.br\/loja\/wp-json\/wp\/v2\/product"}],"about":[{"href":"https:\/\/hificlub.com.br\/loja\/wp-json\/wp\/v2\/types\/product"}],"wp:featuredmedia":[{"embeddable":true,"href":"https:\/\/hificlub.com.br\/loja\/wp-json\/wp\/v2\/media\/912"}],"wp:attachment":[{"href":"https:\/\/hificlub.com.br\/loja\/wp-json\/wp\/v2\/media?parent=920"}],"wp:term":[{"taxonomy":"product_brand","embeddable":true,"href":"https:\/\/hificlub.com.br\/loja\/wp-json\/wp\/v2\/product_brand?post=920"},{"taxonomy":"product_cat","embeddable":true,"href":"https:\/\/hificlub.com.br\/loja\/wp-json\/wp\/v2\/product_cat?post=920"},{"taxonomy":"product_tag","embeddable":true,"href":"https:\/\/hificlub.com.br\/loja\/wp-json\/wp\/v2\/product_tag?post=920"}],"curies":[{"name":"wp","href":"https:\/\/api.w.org\/{rel}","templated":true}]}}