{"id":8797,"date":"2024-01-02T18:02:57","date_gmt":"2024-01-02T21:02:57","guid":{"rendered":"https:\/\/hificlub.com.br\/loja\/?post_type=product&#038;p=8797"},"modified":"2026-03-03T22:18:40","modified_gmt":"2026-03-04T01:18:40","slug":"jbl-4346-studio-monitor","status":"publish","type":"product","link":"https:\/\/hificlub.com.br\/loja\/produto\/jbl-4346-studio-monitor\/","title":{"rendered":"JBL 4346 STUDIO MONITOR"},"content":{"rendered":"<p><span><span class=\"\">JBL 4346 \u00e9 um modelo refinado do 4344 mais vendido da JBL que \u00e9 mais f\u00e1cil de manusear. O 4344, que tem um \u00f3timo design e foi feito pensando no uso dom\u00e9stico, tem boa rigidez e \u00e9 uma alegria de segurar. Muitas pessoas preferem a sa\u00edda de som balanceada em compara\u00e7\u00e3o com o alnico tipo 4343, um pouco mais \u00e1spero. No entanto, devido ao seu tamanho, muitas pessoas hesitam em introduzi-lo. Al\u00e9m disso, quando se trata de 4344 que j\u00e1 existem h\u00e1 mais de 30 anos, a maioria dos que est\u00e3o em circula\u00e7\u00e3o deterioraram-se em funcionalidade e apar\u00eancia.<\/span><\/span><\/p>\n<p><span><span class=\"\">As JBL 4346 possui a mesma configura\u00e7\u00e3o de unidade\/rede do JBL 4344 e, mantendo o mesmo volume interno, possui um gabinete estendido verticalmente para lhe proporcionar diversas vantagens. Em primeiro lugar, \u00e9 um modelo que ocupa apenas 50cm x 38cm de \u00e1rea \u00fatil, mas est\u00e1 equipado com um woofer de 38cm e permite desfrutar do espl\u00eandido som JBL de antigamente. Al\u00e9m disso, como os JBL 4345, 4350 e 4355 est\u00e3o equipados com um hakama na parte inferior do gabinete, a posi\u00e7\u00e3o do tweeter tem a vantagem de ser perfeitamente equilibrada para a posi\u00e7\u00e3o de audi\u00e7\u00e3o, mesmo quando instalado no ch\u00e3o. Al\u00e9m da reprodu\u00e7\u00e3o realista do JBL 4344, o som que ele produz apresenta excelente desempenho, com pot\u00eancia expressiva que cria uma imagem est\u00e9reo mais n\u00edtida.<\/span><\/span><\/p>\n<p><span><span class=\"\">Este \u00e9 um alto-falante especial com unidade vintage de alta qualidade da JBL instalada em um novo gabinete feito com os mesmos materiais e m\u00e9todos de constru\u00e7\u00e3o do gabinete original JBL 4344. O tecido saran net tamb\u00e9m usa a genu\u00edna cor azul marinho de malha dupla da JBL.<\/span><\/span><\/p>\n<p><span><span class=\"\">[Especifica\u00e7\u00f5es do produto]<\/span><\/span><\/p>\n<table border=\"0\" width=\"532\" cellspacing=\"1\" bgcolor=\"#000000\">\n<tbody>\n<tr bgcolor=\"#FFFFFF\">\n<td height=\"17\"><span style=\"color: #000000\"><span>Modelo<\/span><\/span><\/td>\n<td height=\"17\"><span style=\"color: #000000\"><span>Monitor de est\u00fadio de 4 vias<\/span><\/span><\/td>\n<\/tr>\n<tr bgcolor=\"#FFFFFF\">\n<td height=\"17\"><span style=\"color: #000000\"><span>unidade<\/span><\/span><\/td>\n<td height=\"17\"><span style=\"color: #000000\"><span>Para graves: 2235H<\/span><br \/>\n<span>Para m\u00e9dios-graves: 2122H<\/span><br \/>\n<span>Para m\u00e9dios-agudos: Tipo de trompa (2425J+2307)<\/span><br \/>\n<span>Para agudos: Tipo de trompa (2405)<\/span><\/span><\/td>\n<\/tr>\n<tr bgcolor=\"#FFFFFF\">\n<td width=\"180\" height=\"17\"><span style=\"color: #000000\"><span>Entrada permitida (IEC)<\/span><\/span><\/td>\n<td width=\"345\" height=\"17\"><span style=\"color: #000000\"><span>120 W (IEC)<\/span><\/span><\/td>\n<\/tr>\n<tr bgcolor=\"#FFFFFF\">\n<td width=\"180\"><span style=\"color: #000000\"><span>Caracter\u00edsticas de frequ\u00eancia (-6dB)<\/span><\/span><\/td>\n<td width=\"345\"><span style=\"color: #000000\"><span>35Hz~20kHz<\/span><\/span><\/td>\n<\/tr>\n<tr bgcolor=\"#FFFFFF\">\n<td width=\"180\"><span style=\"color: #000000\"><span>N\u00edvel de press\u00e3o sonora de sa\u00edda<\/span><br \/>\n<span>(2,83V\/1m)<\/span><\/span><\/td>\n<td width=\"345\"><span style=\"color: #000000\"><span>93dB<\/span><\/span><\/td>\n<\/tr>\n<tr bgcolor=\"#FFFFFF\">\n<td width=\"180\"><span style=\"color: #000000\"><span>frequencia cruzada<\/span><\/span><\/td>\n<td width=\"345\"><span style=\"color: #000000\"><span>320Hz, 1,3kHz, 10kHz<\/span><\/span><\/td>\n<\/tr>\n<tr bgcolor=\"#FFFFFF\">\n<td><span style=\"color: #000000\"><span>terminal<\/span><\/span><\/td>\n<td><span style=\"color: #000000\"><span>Com comuta\u00e7\u00e3o de drive multiamplificador<\/span><br \/>\n<span>(requer rede externa)<\/span><\/span><\/td>\n<\/tr>\n<tr bgcolor=\"#FFFFFF\">\n<td width=\"180\"><span style=\"color: #000000\"><span>imped\u00e2ncia<\/span><\/span><\/td>\n<td width=\"345\"><span style=\"color: #000000\"><span>8\u03a9<\/span><\/span><\/td>\n<\/tr>\n<tr bgcolor=\"#FFFFFF\">\n<td width=\"180\" height=\"15\"><span style=\"color: #000000\"><span>Dimens\u00f5es (L x A x P, mm)<\/span><\/span><\/td>\n<td width=\"345\" height=\"15\"><span style=\"color: #000000\"><span>Largura 508 mm x altura 1.372 mm (hakama 50 mm) x profundidade 381 mm<\/span><\/span><\/td>\n<\/tr>\n<tr bgcolor=\"#FFFFFF\">\n<td width=\"180\"><span style=\"color: #000000\"><span>Peso (1 unidade)<\/span><\/span><\/td>\n<td width=\"345\"><span style=\"color: #000000\"><span>99kg<\/span><\/span><\/td>\n<\/tr>\n<\/tbody>\n<\/table>\n","protected":false},"excerpt":{"rendered":"<p>JBL 4346 \u00e9 um modelo refinado do 4344 mais vendido da JBL que \u00e9 mais f\u00e1cil de manusear. O 4344, que tem um \u00f3timo design e foi feito pensando no uso dom\u00e9stico, tem boa rigidez e \u00e9 uma alegria de segurar. Muitas pessoas preferem a sa\u00edda de som balanceada em compara\u00e7\u00e3o com o alnico tipo [&hellip;]<\/p>\n","protected":false},"featured_media":13939,"template":"","meta":{"_acf_changed":false},"product_brand":[],"product_cat":[17,46,47,18],"product_tag":[],"class_list":{"0":"post-8797","1":"product","2":"type-product","3":"status-publish","4":"has-post-thumbnail","6":"product_cat-caixas","7":"product_cat-jbl","8":"product_cat-linha-profissional","9":"product_cat-torres","11":"first","12":"instock","13":"sold-individually","14":"shipping-taxable","15":"purchasable","16":"product-type-simple"},"acf":[],"aioseo_notices":[],"_links":{"self":[{"href":"https:\/\/hificlub.com.br\/loja\/wp-json\/wp\/v2\/product\/8797","targetHints":{"allow":["GET"]}}],"collection":[{"href":"https:\/\/hificlub.com.br\/loja\/wp-json\/wp\/v2\/product"}],"about":[{"href":"https:\/\/hificlub.com.br\/loja\/wp-json\/wp\/v2\/types\/product"}],"wp:featuredmedia":[{"embeddable":true,"href":"https:\/\/hificlub.com.br\/loja\/wp-json\/wp\/v2\/media\/13939"}],"wp:attachment":[{"href":"https:\/\/hificlub.com.br\/loja\/wp-json\/wp\/v2\/media?parent=8797"}],"wp:term":[{"taxonomy":"product_brand","embeddable":true,"href":"https:\/\/hificlub.com.br\/loja\/wp-json\/wp\/v2\/product_brand?post=8797"},{"taxonomy":"product_cat","embeddable":true,"href":"https:\/\/hificlub.com.br\/loja\/wp-json\/wp\/v2\/product_cat?post=8797"},{"taxonomy":"product_tag","embeddable":true,"href":"https:\/\/hificlub.com.br\/loja\/wp-json\/wp\/v2\/product_tag?post=8797"}],"curies":[{"name":"wp","href":"https:\/\/api.w.org\/{rel}","templated":true}]}}