{"id":8790,"date":"2024-01-02T18:02:55","date_gmt":"2024-01-02T21:02:55","guid":{"rendered":"https:\/\/hificlub.com.br\/loja\/?post_type=product&#038;p=8790"},"modified":"2026-04-03T09:06:43","modified_gmt":"2026-04-03T12:06:43","slug":"svs-pb4000-subwoofer-bass-reflex-13-5-1200-watts","status":"publish","type":"product","link":"https:\/\/hificlub.com.br\/loja\/produto\/svs-pb4000-subwoofer-bass-reflex-13-5-1200-watts\/","title":{"rendered":"SVS PB4000 Subwoofer Bass Reflex 13.5&#8243; 1200 watts"},"content":{"rendered":"<h2><span dir=\"auto\">Subwoofer PB-4000<\/span><\/h2>\n<p><span dir=\"auto\">Com uma sa\u00edda de baixa frequ\u00eancia estrondosa e extens\u00e3o de graves extremamente profunda, com precis\u00e3o e controle, o PB-4000 \u00e9 um subwoofer de refer\u00eancia em todos os n\u00edveis, com desempenho e recursos in\u00e9ditos por at\u00e9 o dobro do pre\u00e7o. O sofisticado amplificador DSP cria tr\u00eas modos de sintonia de porta, cada um com curvas de resposta individuais para alcan\u00e7ar a resposta de frequ\u00eancia mais precisa poss\u00edvel no ambiente. Com o PB-4000, \u00e9 como ter tr\u00eas subwoofers em um. Potente sem esfor\u00e7o, com graves que se estendem muito abaixo do limiar da audi\u00e7\u00e3o humana, o PB-4000 cria uma experi\u00eancia reveladora em cada sess\u00e3o de audi\u00e7\u00e3o de filmes e m\u00fasicas.<\/span><\/p>\n<div class=\"youtube-player\">\n<p class=\"short-description\"><span dir=\"auto\">O subwoofer PB-4000 emociona f\u00e3s de filmes de a\u00e7\u00e3o e audi\u00f3filos com uma pot\u00eancia impressionante e extens\u00e3o de graves profundos e subterr\u00e2neos de at\u00e9 13 Hz, com um incr\u00edvel grau de sutileza e finesse. Um driver de 13,5 polegadas de alta amplitude e um amplificador de pot\u00eancia de pico de 1.200 watts RMS com mais de 4.000 watts, com o DSP de \u00e1udio mais avan\u00e7ado da Analogue Devices, permitem ajuste de porta vari\u00e1vel e desbloqueiam um aplicativo de smartphone com DSP avan\u00e7ado e predefini\u00e7\u00f5es personalizadas para um ajuste preciso e conveniente.<\/span><\/p>\n<p class=\"short-description\">\n<\/div>\n","protected":false},"excerpt":{"rendered":"<p>Subwoofer PB-4000 Com uma sa\u00edda de baixa frequ\u00eancia estrondosa e extens\u00e3o de graves extremamente profunda, com precis\u00e3o e controle, o PB-4000 \u00e9 um subwoofer de refer\u00eancia em todos os n\u00edveis, com desempenho e recursos in\u00e9ditos por at\u00e9 o dobro do pre\u00e7o. O sofisticado amplificador DSP cria tr\u00eas modos de sintonia de porta, cada um com [&hellip;]<\/p>\n","protected":false},"featured_media":25677,"template":"","meta":{"_acf_changed":false},"product_brand":[],"product_cat":[17,36,140],"product_tag":[],"class_list":{"0":"post-8790","1":"product","2":"type-product","3":"status-publish","4":"has-post-thumbnail","6":"product_cat-caixas","7":"product_cat-subwoofer","8":"product_cat-svs","10":"first","11":"instock","12":"sold-individually","13":"shipping-taxable","14":"purchasable","15":"product-type-simple"},"acf":[],"aioseo_notices":[],"_links":{"self":[{"href":"https:\/\/hificlub.com.br\/loja\/wp-json\/wp\/v2\/product\/8790","targetHints":{"allow":["GET"]}}],"collection":[{"href":"https:\/\/hificlub.com.br\/loja\/wp-json\/wp\/v2\/product"}],"about":[{"href":"https:\/\/hificlub.com.br\/loja\/wp-json\/wp\/v2\/types\/product"}],"wp:featuredmedia":[{"embeddable":true,"href":"https:\/\/hificlub.com.br\/loja\/wp-json\/wp\/v2\/media\/25677"}],"wp:attachment":[{"href":"https:\/\/hificlub.com.br\/loja\/wp-json\/wp\/v2\/media?parent=8790"}],"wp:term":[{"taxonomy":"product_brand","embeddable":true,"href":"https:\/\/hificlub.com.br\/loja\/wp-json\/wp\/v2\/product_brand?post=8790"},{"taxonomy":"product_cat","embeddable":true,"href":"https:\/\/hificlub.com.br\/loja\/wp-json\/wp\/v2\/product_cat?post=8790"},{"taxonomy":"product_tag","embeddable":true,"href":"https:\/\/hificlub.com.br\/loja\/wp-json\/wp\/v2\/product_tag?post=8790"}],"curies":[{"name":"wp","href":"https:\/\/api.w.org\/{rel}","templated":true}]}}