{"id":8191,"date":"2024-01-02T18:00:25","date_gmt":"2024-01-02T21:00:25","guid":{"rendered":"https:\/\/hificlub.com.br\/loja\/?post_type=product&#038;p=8191"},"modified":"2024-12-18T06:08:23","modified_gmt":"2024-12-18T09:08:23","slug":"mcintosh-mc7106-thx-6x-100-watts-ou-3x-300-watts","status":"publish","type":"product","link":"https:\/\/hificlub.com.br\/loja\/produto\/mcintosh-mc7106-thx-6x-100-watts-ou-3x-300-watts\/","title":{"rendered":"McINTOSH MC7106 THX  6x 100 watts ou 3x 300 watts"},"content":{"rendered":"<p>ESTADO 9\/10<\/p>\n<p>O Mclntosh Laboratory ganhou uma reputa\u00e7\u00e3o mundial por suas contribui\u00e7\u00f5es t\u00e9cnicas para<br \/>\nmelhorar a reprodu\u00e7\u00e3o de som. As inova\u00e7\u00f5es t\u00e9cnicas nos produtos Mclntosh t\u00eam integridade<br \/>\ncomprovada pelo tempo. O design &#8220;Classic&#8221; da Mclntosh \u00e9 reconhecido como o mais not\u00e1vel<br \/>\nna ind\u00fastria.<br \/>\nOs produtos Mclntosh s\u00e3o projetados para serem o mais f\u00e1ceis de usar, para que qualquer pessoa possa<br \/>\naproveit\u00e1-los. Eles tamb\u00e9m s\u00e3o projetados para f\u00e1cil manuten\u00e7\u00e3o. A lend\u00e1ria confiabilidade dos produtos Mclntosh<br \/>\n\u00e9 uma quest\u00e3o de registro desde 1949.<br \/>\nO MC7106, amplificador de pot\u00eancia de seis canais, \u00e9 ideal para um sistema de home theater<br \/>\n&#8220;Mclntosh Quality&#8221;. Ele tamb\u00e9m pode ser usado em sistemas onde s\u00e3o necess\u00e1rios multiamplificadores para zonas remotas.<br \/>\nTodos os tr\u00eas pares de canais est\u00e9reo podem ser alternados para a configura\u00e7\u00e3o Bridged para 320 watts<br \/>\ncada. Voc\u00ea tem uma escolha de seis canais de 100 watts (160 watts em 4 ohms), quatro canais de 100\/160 watts<br \/>\ne um canal de 320 watts, dois canais de 100\/160 watts e dois canais de 320 watts<br \/>\nou tr\u00eas canais de 320 watts. A configura\u00e7\u00e3o MC7106 \u00e9 perfeita para um sistema de home theater<br \/>\nque reproduzir\u00e1 trilhas sonoras Dolby SurroundTM. O MC7106 foi licenciado Home<br \/>\nTHX\u00ae Audio pela Lucasfilm Ltd. para atender a todos os requisitos THX especializados para<br \/>\nreproduzir trilhas sonoras de filmes Dolby Surround. O MC7106 inclui um conector de 25 pinos no painel traseiro<br \/>\npara um cabo do tipo computador para aceitar todos os seis canais de \u00e1udio e informa\u00e7\u00f5es de controle de energia CA<br \/>\nde um Mclntosh C39 ou MX 130 Audio\/Video Control Center. O C39 e o MX 130<br \/>\nincluem circuitos de decodifica\u00e7\u00e3o Dolby Pro Logic\u2122 integrados e podem ser convertidos para Home<br \/>\nTHX\u00ae Audio com o m\u00f3dulo Mclntosh THX-M adicional. O Home THX\u00ae Audio System \u00e9 um<br \/>\nprograma de licenciamento da Lucasfilm Ltd. que define novas tecnologias e padr\u00f5es de qualidade<br \/>\npara precis\u00e3o em home theaters.<br \/>\nCada um dos seis canais acoplados diretamente do MC7106 pode fornecer uma corrente de sa\u00edda de pico de 25<br \/>\namperes, tornando-o compat\u00edvel com uma ampla variedade de alto-falantes. Todos os seis canais incorporam o circuito Mclntosh POWER GUARD que previne o corte de sa\u00edda com sua distor\u00e7\u00e3o \u00e1spera<br \/>\ne prejudicial.<br \/>\nExistem indicadores eletr\u00f4nicos de n\u00edvel de pot\u00eancia de LED no painel frontal para todos os seis canais que leem com precis\u00e3o a porcentagem da sa\u00edda de pot\u00eancia m\u00e1xima. O LED superior para cada canal exibe<br \/>\nluzes sempre que o circuito Power Guard \u00e9 ativado. Isso indica que o amplificador est\u00e1 sendo protegido contra overdrive e corte. O n\u00edvel de sa\u00edda onde o Power Guard atua estar\u00e1<br \/>\nbem acima da pot\u00eancia nominal devido \u00e0 filosofia conservadora de design Mclntosh.<br \/>\nOs displays de n\u00edvel de pot\u00eancia de LED escurecer\u00e3o automaticamente conforme as luzes da sala diminuem. Um controle do painel traseiro<br \/>\npermite que voc\u00ea ajuste as intensidades de ilumina\u00e7\u00e3o de LED quando elas s\u00e3o diminu\u00eddas ou desligue-as<br \/>\ncompletamente. O painel frontal \u00e9 &#8220;Classic Mclntosh&#8221;, todo de vidro, com nomenclatura iluminada.<\/p>\n<p>Voc\u00ea pode configurar esta fera nas seguintes configura\u00e7\u00f5es:<br \/>\n\u2022 3 x 300W para 3 canais no total<br \/>\n\u2022 4 x 100W e 1 x 300W para 3 canais no total<br \/>\n\u2022 6 x 100W para 6 canais no total<br \/>\n\u2022 2 x 100 *E* 2 x 300 para 4 canais no total)<\/p>\n<p>Especifica\u00e7\u00f5es<br \/>\nPot\u00eancia de sa\u00edda: 100 watts por canal em 8\u03a9 (6 canais), 300 watts em 8\u03a9 (mono)<br \/>\nResposta de frequ\u00eancia: 20Hz a 20kHz<br \/>\nDistor\u00e7\u00e3o harm\u00f4nica total: 0,005%<br \/>\nFator de amortecimento: 200<br \/>\nSensibilidade de entrada: 1V<br \/>\nRela\u00e7\u00e3o sinal-ru\u00eddo: 95dB<br \/>\nImped\u00e2ncia de carga do alto-falante: 4\u03a9 a 8\u03a9<br \/>\nDimens\u00f5es: 445 x 181 x 445 mm<br \/>\nPeso: 21,8 kg<\/p>\n","protected":false},"excerpt":{"rendered":"<p>ESTADO 9\/10 O Mclntosh Laboratory ganhou uma reputa\u00e7\u00e3o mundial por suas contribui\u00e7\u00f5es t\u00e9cnicas para melhorar a reprodu\u00e7\u00e3o de som. As inova\u00e7\u00f5es t\u00e9cnicas nos produtos Mclntosh t\u00eam integridade comprovada pelo tempo. O design &#8220;Classic&#8221; da Mclntosh \u00e9 reconhecido como o mais not\u00e1vel na ind\u00fastria. Os produtos Mclntosh s\u00e3o projetados para serem o mais f\u00e1ceis de usar, [&hellip;]<\/p>\n","protected":false},"featured_media":19163,"template":"","meta":{"_acf_changed":false},"product_brand":[],"product_cat":[27,39,48],"product_tag":[],"class_list":{"0":"post-8191","1":"product","2":"type-product","3":"status-publish","4":"has-post-thumbnail","6":"product_cat-amplificador","7":"product_cat-mcintosh","8":"product_cat-multicanal","10":"first","11":"instock","12":"sold-individually","13":"shipping-taxable","14":"purchasable","15":"product-type-simple"},"acf":[],"aioseo_notices":[],"_links":{"self":[{"href":"https:\/\/hificlub.com.br\/loja\/wp-json\/wp\/v2\/product\/8191","targetHints":{"allow":["GET"]}}],"collection":[{"href":"https:\/\/hificlub.com.br\/loja\/wp-json\/wp\/v2\/product"}],"about":[{"href":"https:\/\/hificlub.com.br\/loja\/wp-json\/wp\/v2\/types\/product"}],"wp:featuredmedia":[{"embeddable":true,"href":"https:\/\/hificlub.com.br\/loja\/wp-json\/wp\/v2\/media\/19163"}],"wp:attachment":[{"href":"https:\/\/hificlub.com.br\/loja\/wp-json\/wp\/v2\/media?parent=8191"}],"wp:term":[{"taxonomy":"product_brand","embeddable":true,"href":"https:\/\/hificlub.com.br\/loja\/wp-json\/wp\/v2\/product_brand?post=8191"},{"taxonomy":"product_cat","embeddable":true,"href":"https:\/\/hificlub.com.br\/loja\/wp-json\/wp\/v2\/product_cat?post=8191"},{"taxonomy":"product_tag","embeddable":true,"href":"https:\/\/hificlub.com.br\/loja\/wp-json\/wp\/v2\/product_tag?post=8191"}],"curies":[{"name":"wp","href":"https:\/\/api.w.org\/{rel}","templated":true}]}}