{"id":7803,"date":"2024-01-02T17:58:31","date_gmt":"2024-01-02T20:58:31","guid":{"rendered":"https:\/\/hificlub.com.br\/loja\/?post_type=product&#038;p=7803"},"modified":"2026-01-05T09:52:16","modified_gmt":"2026-01-05T12:52:16","slug":"bw-htm71-s3-black-gloss","status":"publish","type":"product","link":"https:\/\/hificlub.com.br\/loja\/produto\/bw-htm71-s3-black-gloss\/","title":{"rendered":"B&#038;W HTM71 S3 Black Gloss"},"content":{"rendered":"<p>Desfrute de \u00e1udio din\u00e2mico e di\u00e1logos n\u00edtidos e facilmente compreendidos adicionando o alto-falante de canal central de 3 vias mocha HTM71 S3 da Bowers &amp; Wilkins \u00e0 sua TV. Esteja voc\u00ea atualizando o \u00e1udio da sua TV ou construindo um novo sistema de som surround da s\u00e9rie 700, voc\u00ea desfrutar\u00e1 de \u00e1udio de alta fidelidade do tweeter de c\u00fapula de carbono desacoplado de 1\u2033 do HTM71 S3, driver de m\u00e9dio alcance FST de cone cont\u00ednuo de 5\u2033 e aerof\u00f3lio duplo de 5\u2033 Woofers de perfil.<\/p>\n<p>Tweeter na parte superior<br \/>\nO tweeter de c\u00fapula de carbono desacoplado de 1\u2033 \u00e9 apresentado em um design de tweeter no topo, alojado em uma estrutura que foi fresada a partir de um \u00fanico bloco de alum\u00ednio para melhor resist\u00eancia \u00e0 resson\u00e2ncia. Com o HTM71 S3, o tweeter agora utiliza uma c\u00fapula de carbono, que aumenta o limite de interrup\u00e7\u00e3o para 47 kHz, melhorando ainda mais a precis\u00e3o de frequ\u00eancias mais altas.<br \/>\nM\u00e9dio Cone Cont\u00ednuo<br \/>\nO driver midrange de 6\u2033 incorpora uma constru\u00e7\u00e3o composta que n\u00e3o prejudica o desempenho do alto-falante. Quatro tecnologias Bowers &amp; Wilkins s\u00e3o empregadas para garantir vocais limpos e neutros e representa\u00e7\u00e3o de instrumentos, sem interfer\u00eancia dos woofers. As quatro tecnologias usadas s\u00e3o um cone Continuum, FST , suspens\u00e3o biomim\u00e9tica e desacoplamento de m\u00e9dio alcance.<br \/>\nCaracter\u00edsticas adicionais<br \/>\nSuporta at\u00e9 200W de pot\u00eancia amplificada<br \/>\nConex\u00f5es duplas suportam configura\u00e7\u00e3o com dois fios<br \/>\nWoofers de espessura vari\u00e1vel para maior rigidez<\/p>\n<p>Configura\u00e7\u00e3o do alto-falante 3 vias<br \/>\nPot\u00eancia recomendada do amplificador 30 a 200W<br \/>\nCapacidade Bi-Amp Sim<br \/>\nmotoristas 1 x tweeter de c\u00fapula de carbono de 1\u2033\/25 mm<br \/>\n1 x 5,1\u2033\/130 mm continuum cone midrange<br \/>\n2 x 5,1\u2033\/woofer de 130 mm<br \/>\nRadiadores passivos Nenhum<br \/>\nTipo de gabinete Bass Reflex<br \/>\nResposta de frequ\u00eancia 50 Hz a 28 kHz (\u00b13 dB)<br \/>\nAlcance de frequ\u00eancia 45 Hz a 33 kHz<br \/>\nImped\u00e2ncia 8 ohms<br \/>\nE\/S com fio 2 x Entrada de p\u00f3s-par de encaderna\u00e7\u00e3o de 3 vias (\u00e1udio)<br \/>\nSensibilidade 89 dB<br \/>\nF\u00edsico<br \/>\nOp\u00e7\u00f5es de posicionamento e montagem Mesa\/Estante<br \/>\nGrade Pano<br \/>\nDimens\u00f5es 24,7 x 9,2 x 14\u2033 \/ 628 x 233 x 356 mm<br \/>\nPeso 38,6 lb \/ 17,5 kg<\/p>\n","protected":false},"excerpt":{"rendered":"<p>Desfrute de \u00e1udio din\u00e2mico e di\u00e1logos n\u00edtidos e facilmente compreendidos adicionando o alto-falante de canal central de 3 vias mocha HTM71 S3 da Bowers &amp; Wilkins \u00e0 sua TV. Esteja voc\u00ea atualizando o \u00e1udio da sua TV ou construindo um novo sistema de som surround da s\u00e9rie 700, voc\u00ea desfrutar\u00e1 de \u00e1udio de alta fidelidade [&hellip;]<\/p>\n","protected":false},"featured_media":20143,"template":"","meta":{"_acf_changed":false},"product_brand":[],"product_cat":[19,35,17],"product_tag":[],"class_list":{"0":"post-7803","1":"product","2":"type-product","3":"status-publish","4":"has-post-thumbnail","6":"product_cat-bw","7":"product_cat-caixas-centrais","8":"product_cat-caixas","10":"first","11":"instock","12":"sold-individually","13":"shipping-taxable","14":"purchasable","15":"product-type-simple"},"acf":[],"aioseo_notices":[],"_links":{"self":[{"href":"https:\/\/hificlub.com.br\/loja\/wp-json\/wp\/v2\/product\/7803","targetHints":{"allow":["GET"]}}],"collection":[{"href":"https:\/\/hificlub.com.br\/loja\/wp-json\/wp\/v2\/product"}],"about":[{"href":"https:\/\/hificlub.com.br\/loja\/wp-json\/wp\/v2\/types\/product"}],"wp:featuredmedia":[{"embeddable":true,"href":"https:\/\/hificlub.com.br\/loja\/wp-json\/wp\/v2\/media\/20143"}],"wp:attachment":[{"href":"https:\/\/hificlub.com.br\/loja\/wp-json\/wp\/v2\/media?parent=7803"}],"wp:term":[{"taxonomy":"product_brand","embeddable":true,"href":"https:\/\/hificlub.com.br\/loja\/wp-json\/wp\/v2\/product_brand?post=7803"},{"taxonomy":"product_cat","embeddable":true,"href":"https:\/\/hificlub.com.br\/loja\/wp-json\/wp\/v2\/product_cat?post=7803"},{"taxonomy":"product_tag","embeddable":true,"href":"https:\/\/hificlub.com.br\/loja\/wp-json\/wp\/v2\/product_tag?post=7803"}],"curies":[{"name":"wp","href":"https:\/\/api.w.org\/{rel}","templated":true}]}}