{"id":744,"date":"2023-10-17T19:52:50","date_gmt":"2023-10-17T22:52:50","guid":{"rendered":"https:\/\/hificlub.com.br\/loja2\/produto\/audio-research-ph6-mc-phono-valvulado\/"},"modified":"2026-04-22T03:14:38","modified_gmt":"2026-04-22T06:14:38","slug":"audio-research-ph6-mc-phono-valvulado","status":"publish","type":"product","link":"https:\/\/hificlub.com.br\/loja\/produto\/audio-research-ph6-mc-phono-valvulado\/","title":{"rendered":"AUDIO RESEARCH PH6 MC Phono Preamp Valvulado"},"content":{"rendered":"<p>Como o renascimento anal\u00f3gico n\u00e3o mostra sinais de diminui\u00e7\u00e3o, o PH6 abre as portas para reprodu\u00e7\u00e3o de m\u00fasica anal\u00f3gica de alto desempenho em uma faixa de pre\u00e7o que est\u00e1 ao alcance de muitos amantes da m\u00fasica.<\/p>\n<p>O PH6 \u00e9 um est\u00e1gio phono h\u00edbrido com um est\u00e1gio de entrada JFET de baixo ru\u00eddo e alto ganho com estabiliza\u00e7\u00e3o de corrente constante e sem feedback geral.\u00a0Ao contr\u00e1rio de seus predecessores, o PH6 incorpora dois triodos g\u00eameos 6H30 de alta corrente nos est\u00e1gios de ganho e sa\u00edda;\u00a0voc\u00ea pode esperar mais de 4.000 horas do conjunto de tubos do PH6.\u00a0O ganho total \u00e9 de 58dB, mais do que suficiente para cartuchos de bobina m\u00f3vel de baixa sa\u00edda quando \u00e9 associado a um est\u00e1gio de linha apropriado.\u00a0A largura de banda \u00e9 incr\u00edvel de &lt;0,5Hz a 400kHz (-3dB).<\/p>\n<p>O PH6 incorpora as mesmas mudan\u00e7as cosm\u00e9ticas vistas em nossos outros produtos recentes, com al\u00e7as prateadas e pequenos bot\u00f5es de alum\u00ednio sob o display de LED;\u00a0pain\u00e9is frontais pretos e al\u00e7as pretas tamb\u00e9m est\u00e3o dispon\u00edveis.\u00a0A opera\u00e7\u00e3o do PH6 n\u00e3o poderia ser mais simples, com bot\u00f5es no painel frontal que controlam Power, Mute, Mono e Loading.\u00a0As op\u00e7\u00f5es de carregamento s\u00e3o 47K, 1000, 500, 200 ou 100 ohms.\u00a0Todas as fun\u00e7\u00f5es s\u00e3o duplicadas no controle remoto fornecido, para que voc\u00ea possa fazer qualquer ajuste no conforto da sua posi\u00e7\u00e3o de audi\u00e7\u00e3o.\u00a0O painel traseiro inclui um par de entradas de termina\u00e7\u00e3o \u00fanica, um poste de aterramento e um conector IEC de 15A.<\/p>\n<p>Sonoramente, o PH6 est\u00e1 em outra liga de seus antecessores e da concorr\u00eancia.\u00a0Suas melhorias s\u00e3o imediatamente aparentes &#8211; resolu\u00e7\u00e3o mais alta, din\u00e2mica micro e macro aprimorada, foco de imagem mais preciso com um palco sonoro mais expansivo e simplesmente mais ar.\u00a0A apresenta\u00e7\u00e3o \u00e9 v\u00edvida, permitindo que voc\u00ea ou\u00e7a a m\u00fasica.\u00a0A verdadeira surpresa \u00e9 o qu\u00e3o puro e relaxado o PH6 soa, permitindo que voc\u00ea se perca na performance.\u00a0Assim que voc\u00ea ouvir o PH6, entender\u00e1 o que torna a reprodu\u00e7\u00e3o de vinil t\u00e3o m\u00e1gica.<\/p>\n<p>Como todos os produtos da Audio Research, o PH6 \u00e9 feito \u00e0 m\u00e3o em nossas instala\u00e7\u00f5es em Plymouth, Minnesota.\u00a0As conex\u00f5es s\u00e3o soldadas \u00e0 m\u00e3o, n\u00e3o ajustadas por press\u00e3o nem soldadas por onda.\u00a0Todos os trabalhos em metal, placas, transformadores e pe\u00e7as principais s\u00e3o fabricados nos Estados Unidos e adquiridos localmente.\u00a0Temos muito orgulho de nosso trabalho, e voc\u00ea tamb\u00e9m.<\/p>\n<p><strong>ESPECIFICA\u00c7\u00d5ES<\/strong><\/p>\n<div class=\"model-specifications-section__specification\">\n<div class=\"sub-label\">RESPOSTA DE FREQU\u00caNCIA<\/div>\n<div class=\"model-specifications-section__specification-value\">\u00b10,2dB de RIAA, 10Hz a 60kHz;\u00a0Pontos 3dB abaixo de 0,5Hz e acima de 400kHz<\/div>\n<\/div>\n<div class=\"model-specifications-section__specification\">\n<div class=\"sub-label\">DISTOR\u00c7\u00c3O (THD)<\/div>\n<div class=\"model-specifications-section__specification-value\">Menos de 0,005% na sa\u00edda de 0,50 V RMS 1 kHz.<\/div>\n<\/div>\n<div class=\"model-specifications-section__specification\">\n<div class=\"sub-label\">RU\u00cdDO E ZUMBIDO<\/div>\n<div class=\"model-specifications-section__specification-value\">Ru\u00eddo de entrada equivalente a 0,15\u00b5V, ponderado por IHF, entrada em curto (76 dB abaixo de 1mV 1kHz de entrada)<\/div>\n<\/div>\n<div class=\"model-specifications-section__specification\">\n<div class=\"sub-label\">GANHO<\/div>\n<div class=\"model-specifications-section__specification-value\">58dB a 1kHz (compat\u00edvel com MC e MM)<\/div>\n<\/div>\n<div class=\"model-specifications-section__specification\">\n<div class=\"sub-label\">IMPED\u00c2NCIA DE ENTRADA<\/div>\n<div class=\"model-specifications-section__specification-value\">47K, 1000, 500, 200 ou 100 ohms selecion\u00e1veis \u200b\u200bcom 200pF desbalanceado<\/div>\n<\/div>\n<div class=\"model-specifications-section__specification\">\n<div class=\"sub-label\">IMPED\u00c2NCIA DE SA\u00cdDA<\/div>\n<div class=\"model-specifications-section__specification-value\">200 ohms Desbalanceado.\u00a0Carga recomendada 50K-100K ohms e 100pF.\u00a0(m\u00ednimo de 10K ohms e m\u00e1ximo de 2000pF).<\/div>\n<\/div>\n<div class=\"model-specifications-section__specification\">\n<div class=\"sub-label\">POLARIDADE DE SA\u00cdDA<\/div>\n<div class=\"model-specifications-section__specification-value\">N\u00e3o inversora<\/div>\n<\/div>\n<div class=\"model-specifications-section__specification\">\n<div class=\"sub-label\">ENTRADAS M\u00c1XIMAS<\/div>\n<div class=\"model-specifications-section__specification-value\">70mV RMS a 1kHz (180mV RMS a 10kHz)<\/div>\n<\/div>\n<div class=\"model-specifications-section__specification\">\n<div class=\"sub-label\">SA\u00cdDAS CLASSIFICADAS<\/div>\n<div class=\"model-specifications-section__specification-value\">0,50 V RMS 10Hz a 60kHz, carga de 100K ohm (a capacidade de sa\u00edda \u00e9 de 50V RMS a 0,5% THD a 1kHz)<\/div>\n<\/div>\n<div class=\"model-specifications-section__specification\">\n<div class=\"sub-label\">SUPRIMENTOS DE ENERGIA<\/div>\n<div class=\"model-specifications-section__specification-value\">Fontes de baixa e alta tens\u00e3o reguladas eletronicamente.\u00a0Regulagem de linha melhor que 0,01%.<\/div>\n<\/div>\n<div class=\"model-specifications-section__specification\">\n<div class=\"sub-label\">COMPLEMENTO DE TUBO<\/div>\n<div class=\"model-specifications-section__specification-value\">(2) Triodos duplos 6H30 com entrada JFET.\u00a0Fonte de alimenta\u00e7\u00e3o de estado s\u00f3lido.<\/div>\n<\/div>\n<div class=\"model-specifications-section__specification\">\n<div class=\"sub-label\">REQUERIMENTOS PODEROSOS<\/div>\n<div class=\"model-specifications-section__specification-value\">100-135VAC 60Hz (200 &#8211; 270VAC 50\/60Hz) 50 watts no m\u00e1ximo.\u00a0Fus\u00edvel de linha 2A SLO BLO (1A SLO BLO 230V).\u00a00,3 watts em espera.<\/div>\n<\/div>\n<div class=\"model-specifications-section__specification\">\n<div class=\"sub-label\">DIMENS\u00d5ES<\/div>\n<div class=\"model-specifications-section__specification-value\">19&#8243; (47 cm) L x 5,22&#8243; (13,2 cm) A x 10,0&#8243; (25,4 cm) D. Os encaixes do chassi traseiro estendem-se por 0,6&#8243; (1,5 cm).<\/div>\n<\/div>\n<div class=\"model-specifications-section__specification\">\n<div class=\"sub-label\">PESO<\/div>\n<div class=\"model-specifications-section__specification-value\">11,3 libras.\u00a0(5,1 kg) L\u00edquido;\u00a019 libras.\u00a0(8,6 kg) Frete.<\/div>\n<\/div>\n<p>&nbsp;<\/p>\n<p>&nbsp;<\/p>\n","protected":false},"excerpt":{"rendered":"<p>Como o renascimento anal\u00f3gico n\u00e3o mostra sinais de diminui\u00e7\u00e3o, o PH6 abre as portas para reprodu\u00e7\u00e3o de m\u00fasica anal\u00f3gica de alto desempenho em uma faixa de pre\u00e7o que est\u00e1 ao alcance de muitos amantes da m\u00fasica. O PH6 \u00e9 um est\u00e1gio phono h\u00edbrido com um est\u00e1gio de entrada JFET de baixo ru\u00eddo e alto ganho [&hellip;]<\/p>\n","protected":false},"featured_media":737,"template":"","meta":{"_acf_changed":false},"product_brand":[],"product_cat":[78,29,79],"product_tag":[],"class_list":{"0":"post-744","1":"product","2":"type-product","3":"status-publish","4":"has-post-thumbnail","6":"product_cat-analogico-audio","7":"product_cat-audio-research","8":"product_cat-pre-de-phono","10":"first","11":"instock","12":"sold-individually","13":"shipping-taxable","14":"purchasable","15":"product-type-simple"},"acf":[],"aioseo_notices":[],"_links":{"self":[{"href":"https:\/\/hificlub.com.br\/loja\/wp-json\/wp\/v2\/product\/744","targetHints":{"allow":["GET"]}}],"collection":[{"href":"https:\/\/hificlub.com.br\/loja\/wp-json\/wp\/v2\/product"}],"about":[{"href":"https:\/\/hificlub.com.br\/loja\/wp-json\/wp\/v2\/types\/product"}],"wp:featuredmedia":[{"embeddable":true,"href":"https:\/\/hificlub.com.br\/loja\/wp-json\/wp\/v2\/media\/737"}],"wp:attachment":[{"href":"https:\/\/hificlub.com.br\/loja\/wp-json\/wp\/v2\/media?parent=744"}],"wp:term":[{"taxonomy":"product_brand","embeddable":true,"href":"https:\/\/hificlub.com.br\/loja\/wp-json\/wp\/v2\/product_brand?post=744"},{"taxonomy":"product_cat","embeddable":true,"href":"https:\/\/hificlub.com.br\/loja\/wp-json\/wp\/v2\/product_cat?post=744"},{"taxonomy":"product_tag","embeddable":true,"href":"https:\/\/hificlub.com.br\/loja\/wp-json\/wp\/v2\/product_tag?post=744"}],"curies":[{"name":"wp","href":"https:\/\/api.w.org\/{rel}","templated":true}]}}