{"id":719,"date":"2023-10-17T19:52:43","date_gmt":"2023-10-17T22:52:43","guid":{"rendered":"https:\/\/hificlub.com.br\/loja2\/produto\/lumin-u1-dsd512-mqa-music-streamer\/"},"modified":"2025-03-13T05:36:06","modified_gmt":"2025-03-13T08:36:06","slug":"lumin-u1-dsd512-mqa-music-streamer","status":"publish","type":"product","link":"https:\/\/hificlub.com.br\/loja\/produto\/lumin-u1-dsd512-mqa-music-streamer\/","title":{"rendered":"LUMIN U1  DSD MQA Streamer"},"content":{"rendered":"<p>ESTADO 9\/10<\/p>\n<p>A Lumin anuncia o U1 como um \u201cNetwork Transport\u201d para aqueles audi\u00f3filos que j\u00e1 t\u00eam um DAC com o qual est\u00e3o satisfeitos. Ele \u00e9 compat\u00edvel com todos os principais servi\u00e7os e formatos, incluindo PCM de taxa de amostragem de 44,1 KHz at\u00e9 768 KHz e profundidades de bits de 16 a 32 bits e DSD 512 a 22,5.<\/p>\n<p>O U1 se junta a uma crescente linha de produtos de ponta desta empresa chinesa que inclui uma linha de \u201cNetwork Players\u201d completos que cont\u00eam um Network Transport, bem como um DAC integrado. A Lumin tamb\u00e9m tem um par de amplificadores de pot\u00eancia em seu \u201cstable\u201d, bem como uma solu\u00e7\u00e3o Music Library Storage e um Smart Application que permite ao usu\u00e1rio dos transportes e players control\u00e1-los completamente a partir de um tablet ou smartphone executando o Apple iOS ou o Android OS do Google. <\/p>\n<p>Caracter\u00edsticas f\u00edsicas<br \/>\nO U1 vem em duas unidades: O principal \u201cTransport\u201d e uma PSU (Power Supply Unit) separada. Ambas as unidades est\u00e3o dispon\u00edveis em acabamento em alum\u00ednio prateado escovado ou em acabamento em alum\u00ednio preto escovado. Nossa amostra de an\u00e1lise \u00e9 preta. <\/p>\n<p>A fonte de alimenta\u00e7\u00e3o<br \/>\nUma unidade de fonte de alimenta\u00e7\u00e3o separada \u00e9 incomum hoje em dia e requer um cord\u00e3o umbilical para conectar \u00e0 unidade de transporte principal. A PSU cont\u00e9m dois transformadores de energia toroidais. A Lumin acredita que separar a energia do circuito de sinal resulta em melhor desempenho de \u00e1udio. <\/p>\n<p>A PSU mede 100 mm (4 polegadas) L x 315 mm (12,4 polegadas) P x 55 mm (2 polegadas) A e pesa 2 kg (4,4 libras). H\u00e1 apenas um \u00fanico bot\u00e3o na parte frontal que \u00e9 iluminado para mostrar que a unidade est\u00e1 ligada. A parte traseira cont\u00e9m apenas um conector redondo multipinos para o umbilical para a unidade principal.<\/p>\n<p>O Transporte Principal<br \/>\nA unidade principal ou \u201ctransporte\u201d, como a Lumin a chama, \u00e9 caracterizada como um gabinete \u201ctipo mon\u00f3lito\u201d com uma frente elegantemente curva e um recorte recuado no centro para um display fluorescente a v\u00e1cuo. N\u00e3o h\u00e1 controles no painel frontal do U1. O gabinete mede 350 mm (13,7 polegadas) L x 345 mm (3,16 polegadas) P x 60 mm (2,37 polegadas) A e pesa 8 kg (17,64 libras).  <\/p>\n<p>O painel traseiro do Lumin \u00e9 inexplicavelmente recuado uns bons 2 polegadas (55 mm), tornando-o desnecessariamente dif\u00edcil de alcan\u00e7ar ao instalar o U1 no sistema. Al\u00e9m disso, a unidade \u00e9 muito bem disposta na parte traseira. Come\u00e7ando pela esquerda, temos um pequeno bot\u00e3o de reset, depois para a entrada da unidade, um conector RJ45 para cabo Ethernet CAT 5 ou CAT 6, depois um poste de \u201cterra\u201d banhado a ouro. As sa\u00eddas, aparentemente para um DAC, consistem em dois conectores USB Tipo \u201cA\u201d, um Toslink SPDIF, um SPDIF coaxial RCA banhado a ouro e um SPDIF coaxial BNC. Estes s\u00e3o seguidos por uma sa\u00edda Cannon\/XLR AES\/EBU. Finalmente, h\u00e1 um conector circular de 7 pinos para o cabo umbilical DC da PSU. <\/p>\n<p>Protocolos de streaming<br \/>\nComo o Lumin U1 \u00e9 um transporte de m\u00fasica, ele naturalmente deve estar em conformidade e suportar os principais protocolos dispon\u00edveis para os \u201caudi\u00f3filos digitais\u201d de hoje. Isso inclui o protocolo UPnP A\/V com a extens\u00e3o de streaming. A unidade \u00e9 Roon Ready e suporta TIDAL, pode se conectar diretamente ao Spotify, suporta Apple AirPlay, reprodu\u00e7\u00e3o sem intervalos, bem como a lista de reprodu\u00e7\u00e3o no dispositivo. <\/p>\n<p>O U1 tem suporte total para MQA do TIDAL, Qobuz e Tune-in Radio. No aplicativo inteligente baixado separadamente (mas gratuito), a unidade suporta \u00edcones TIDAL e Qobuz para indicar programa\u00e7\u00e3o de alta resolu\u00e7\u00e3o. Ele tamb\u00e9m permite o controle do volume no dom\u00ednio digital, ostenta uma fun\u00e7\u00e3o de pesquisa sofisticada, permite arte de alta resolu\u00e7\u00e3o de suas fontes e cache de arte. O aplicativo manipular\u00e1 v\u00e1rias tags de arquivo e permite v\u00e1rias tags e tags de compositor. O aplicativo tamb\u00e9m permite que os \u00e1lbuns sejam agrupados em resposta a v\u00e1rias op\u00e7\u00f5es de agrupamento na lista de reprodu\u00e7\u00e3o e fornece links autom\u00e1ticos de internet para artistas, \u00e1lbuns ou obras\/m\u00fasicas individuais. As listas de reprodu\u00e7\u00e3o podem ser salvas e restauradas em caso de exclus\u00e3o acidental.<\/p>\n<p>N\u00e3o posso enfatizar o suficiente que o aplicativo, que est\u00e1 dispon\u00edvel para dispositivos iOS e Android e baixado do site da Lumin,  \u00e9 de rigueur, em vez de opcional, como \u00e9 em muitos desses dispositivos. Seria imposs\u00edvel operar este dispositivo sem ele. <\/p>\n<p>Descri&ccedil;&atilde;o<\/p>\n<p>&nbsp;Following the huge success of LUMIN D2, we decided to investigate the possibility of making the LUMIN transport technology similarly accessible. The result is a huge specification in a compact package. Capable of upsampling and downsampling all the way from 44.1kHz to DSD128 and supporting playback of DSD256, LUMIN U1 MINI matches the U1 in almost every area &#8211; except price.<\/p>\n<p>&nbsp;<\/p>\n<p>Especifica&ccedil;&otilde;es Gerais<\/p>\n<table border=\"1\">\n<tbody>\n<tr>\n<td>\n<p>U1 MINI Specification<\/p>\n<\/td>\n<\/tr>\n<tr>\n<td>\n<p>DSD Support:<\/p>\n<\/td>\n<\/tr>\n<tr>\n<td>\n<p>Up to DSD256 11.2MHz, 1-bit<\/p>\n<\/td>\n<\/tr>\n<tr>\n<td>\n<p>PCM Support:<\/p>\n<\/td>\n<\/tr>\n<tr>\n<td>\n<p>Up to 384kHz, 16&ndash;32-bit, Stereo<\/p>\n<\/td>\n<\/tr>\n<tr>\n<td>\n<p>Digital Output Stage:<\/p>\n<\/td>\n<\/tr>\n<tr>\n<td>\n<p>USB:<\/p>\n<\/td>\n<\/tr>\n<tr>\n<td>\n<p>DSD256, 11.2MHz, 1-bit, Stereo<\/p>\n<\/td>\n<\/tr>\n<tr>\n<td>\n<p>PCM 44.1&ndash;384kHz, 16&ndash;24-bit, Stereo<\/p>\n<\/td>\n<\/tr>\n<tr>\n<td>\n<p>Optical, Coaxial RCA, Coaxial BNC &amp; AES\/EBU:<\/p>\n<\/td>\n<\/tr>\n<tr>\n<td>\n<p>DSD (DoP, DSD over PCM) 2.8MHz, 1-bit<\/p>\n<\/td>\n<\/tr>\n<tr>\n<td>\n<p>PCM 44.1kHz&ndash;192kHz, 16&ndash;24-bit<\/p>\n<\/td>\n<\/tr>\n<tr>\n<td>\n<p>Power Supply:<\/p>\n<\/td>\n<\/tr>\n<tr>\n<td>\n<p>Internal shielded 100&ndash;240V AC auto-ranging<\/p>\n<\/td>\n<\/tr>\n<tr>\n<td>\n<p>Physical:<\/p>\n<\/td>\n<\/tr>\n<tr>\n<td>\n<p>Finish:<\/p>\n<\/td>\n<\/tr>\n<tr>\n<td>\n<p>Raw brushed aluminium or black anodised brushed aluminium<\/p>\n<\/td>\n<\/tr>\n<tr>\n<td>\n<p>D2 unit:<\/p>\n<\/td>\n<\/tr>\n<tr>\n<td>\n<p>300mm (W), 244mm (D), 60mm (H), 2.5kg<\/p>\n<\/td>\n<\/tr>\n<tr>\n<td>\n<p>Packaging:<\/p>\n<\/td>\n<\/tr>\n<tr>\n<td>\n<p>470mm (W), 340mm (D), 170mm (H), 4.5kg<\/p>\n<\/td>\n<\/tr>\n<tr>\n<td>\n<p>Specification for all LUMIN music streamers<\/p>\n<\/td>\n<\/tr>\n<tr>\n<td>\n<p>Streaming Protocol:<\/p>\n<\/td>\n<\/tr>\n<tr>\n<td>\n<p>UPnP AV protocol with audio streaming extension (OpenHome)<\/p>\n<\/td>\n<\/tr>\n<tr>\n<td>\n<p>Roon Ready<\/p>\n<\/td>\n<\/tr>\n<tr>\n<td>\n<p>Spotify Connect<\/p>\n<\/td>\n<\/tr>\n<tr>\n<td>\n<p>Apple AirPlay<\/p>\n<\/td>\n<\/tr>\n<tr>\n<td>\n<p>Gapless Playback<\/p>\n<\/td>\n<\/tr>\n<tr>\n<td>\n<p>On-Device Playlist<\/p>\n<\/td>\n<\/tr>\n<tr>\n<td>\n<p>App Features:<\/p>\n<\/td>\n<\/tr>\n<tr>\n<td>\n<p>Native support for TIDAL, MQA, Qobuz and TuneIn Radio.<\/p>\n<\/td>\n<\/tr>\n<tr>\n<td>\n<p>Tidal MQA icons to identify high-res music<\/p>\n<\/td>\n<\/tr>\n<tr>\n<td>\n<p>Qobuz high-res icons to identify high-res music<\/p>\n<\/td>\n<\/tr>\n<tr>\n<td>\n<p>Volume control<\/p>\n<\/td>\n<\/tr>\n<tr>\n<td>\n<p>High-resolution artwork<\/p>\n<\/td>\n<\/tr>\n<tr>\n<td>\n<p>Artwork caching<\/p>\n<\/td>\n<\/tr>\n<tr>\n<td>\n<p>Search<\/p>\n<\/td>\n<\/tr>\n<tr>\n<td>\n<p>Multiple tag handling<\/p>\n<\/td>\n<\/tr>\n<tr>\n<td>\n<p>Composer tag support<\/p>\n<\/td>\n<\/tr>\n<tr>\n<td>\n<p>Album-grouping in playlist<\/p>\n<\/td>\n<\/tr>\n<tr>\n<td>\n<p>Automatic internet links to artists\/album\/songs<\/p>\n<\/td>\n<\/tr>\n<tr>\n<td>\n<p>Saving and restoring of playlists (including Tidal and Quobuz)<\/p>\n<\/td>\n<\/tr>\n<tr>\n<td>\n<p>Supported Audio File Formats:<\/p>\n<\/td>\n<\/tr>\n<tr>\n<td>\n<p>DSD Lossless: DSF (DSD), DIFF (DSD), DoP (DSD)<\/p>\n<\/td>\n<\/tr>\n<tr>\n<td>\n<p>PCM Lossless: FLAC, Apple Lossless (ALAC), WAV, AIFF<\/p>\n<\/td>\n<\/tr>\n<tr>\n<td>\n<p>Compressed (lossy) Audio: MP3, AAC (in M4A container)<\/p>\n<\/td>\n<\/tr>\n<tr>\n<td>\n<p>MQA<\/p>\n<\/td>\n<\/tr>\n<tr>\n<td>\n<p>Input:<\/p>\n<\/td>\n<\/tr>\n<tr>\n<td>\n<p>Ethernet RJ45 network 100Base-T (1000Base-T Gigabit on X1 \/ U1 \/ U1 MINI \/ D2 \/ M1)<\/p>\n<\/td>\n<\/tr>\n<tr>\n<td>\n<p>USB storage, flash drive, USB hard disk (Single-partition FAT32, NTFS and EXT2\/3 only)<\/p>\n<\/td>\n<\/tr>\n<tr>\n<td>\n<p>Supported Control Devices:<\/p>\n<\/td>\n<\/tr>\n<tr>\n<td>\n<p>All models of Apple iPad (v2 or later). iOS 8.0 or later required. Full Retina Display support.<\/p>\n<\/td>\n<\/tr>\n<tr>\n<td>\n<p>Android devices. Android 4.0 (Ice Cream Sandwich) or later required<\/p>\n<\/td>\n<\/tr>\n<tr>\n<td>\n<p>Other:<\/p>\n<\/td>\n<\/tr>\n<tr>\n<td>\n<p>Programme of Continuous Development &ndash; Firmware-upgradable for further features and enhancements<\/p>\n<\/td>\n<\/tr>\n<\/tbody>\n<\/table>\n<h1>WHY LUMIN U1<\/h1>\n<div class=\"intro row justify-content-center\">\n<div class=\"col-sm-6 text-center\">\n<p>After years of requests from existing high-end DAC owners, the LUMIN team have taken the finest components from the flagship S1 model and developed them specifically for digital processing and output.<\/p>\n<p>Using a new dedicated LUMIN U1 processor adds upsampling and downsampling for every supported format &ndash; all the way from 44.1kHz to DSD128 &ndash; providing&nbsp;<span>maximum DAC compatibility<\/span>&nbsp;and optimization.<\/p>\n<h2>Transport-only unit based on the award-winning LUMIN S1<\/h2>\n<ul>\n<li>5 types of digital audio output including new USB<\/li>\n<li>Includes DSD512 22.5Mhz 1-bit playback<\/li>\n<li>PCM 44.1&ndash;768kHz 16&ndash;32-bit<\/li>\n<li>4 exceptionally low-phase-noise crystal clock oscillators<\/li>\n<li>External dual-toroidal power supply<\/li>\n<li>Resampling to every supported format up to DSD128 and PCM384kHz<\/li>\n<li>Supports DoP (DSD over PCM) for Optical, Coaxial RCA, Coaxial BNC &amp; AES\/EUB SPDIF<\/li>\n<li>\n<h2>All the usual LUMIN refinements<\/h2>\n<ul>\n<li>From MQA to DSD, FLAC to WAV, LUMIN can play all the high-resolution formats you could ever want<\/li>\n<li>Native support for TIDAL, Qobuz, Spotify and AirPlay-compatible, giving you access to tens of millions of songs<\/li>\n<li>The unique and intuitive LUMIN App described as &#8220;<span>the most convenient interface in existence<\/span>&#8221; by TINMAN<\/li>\n<li>LUMIN programme of continuous development that has seen Roon, MQA, and Spotify support added in 2017 alone.<\/li>\n<li>\n<h2>Stream everything<\/h2>\n<p>From MQA to DSD, FLAC to WAV, LUMIN can play all the high-resolution formats you could ever want.<\/p>\n<p>Have a thirst for new music? No problem &ndash; LUMIN comes with native support for TIDAL, Qobuz, Spotify and is AirPlay-compatible, giving you access to tens of millions of songs.<\/p>\n<\/li>\n<li>\n<h2>Take control<\/h2>\n<p>The LUMIN App is created in harmony with the LUMIN hardware to deliver the most intuitive and visually rich way to browse, select and play your music collection.<\/p>\n<p>It represents our vision of how to make music browsing and playback easy, visual, and tactile.<\/p>\n<\/li>\n<li>\n<h2>Always one step ahead<\/h2>\n<p>LUMIN is always evolving. The full LUMIN range benefits from our&nbsp;<span>programme of continuous development<\/span>, allowing you to relax in the knowledge that wherever possible we&#8217;ll bring you the latest streaming technologies.<\/p>\n<p>In 2017 every LUMIN model gained compatibility with Roon, MQA and Spotify Connect &mdash; all absolutely free of charge.<\/p>\n<\/li>\n<li>\n<h2>Musical performance<\/h2>\n<p>We put a huge amount of effort into sourcing the highest-grade matching components, creating truly balanced circuits, designing cases that shield from interference, etc, etc, but it&#8217;s only important if the end result effectively communicates the intentions of the artist.<\/p>\n<p>Notably, the common thread in every published and consumer review of all LUMIN products is&nbsp;<span>musicality<\/span>.<\/p>\n<\/li>\n<\/ul>\n<\/li>\n<\/ul>\n<\/div>\n<\/div>\n<p><span>&nbsp;<\/span><\/p>\n","protected":false},"excerpt":{"rendered":"<p>ESTADO 9\/10 A Lumin anuncia o U1 como um \u201cNetwork Transport\u201d para aqueles audi\u00f3filos que j\u00e1 t\u00eam um DAC com o qual est\u00e3o satisfeitos. Ele \u00e9 compat\u00edvel com todos os principais servi\u00e7os e formatos, incluindo PCM de taxa de amostragem de 44,1 KHz at\u00e9 768 KHz e profundidades de bits de 16 a 32 bits [&hellip;]<\/p>\n","protected":false},"featured_media":14937,"template":"","meta":{"_acf_changed":false},"product_brand":[],"product_cat":[41,142,96],"product_tag":[],"class_list":{"0":"post-719","1":"product","2":"type-product","3":"status-publish","4":"has-post-thumbnail","6":"product_cat-digital","7":"product_cat-streamers","8":"product_cat-vincent","10":"first","11":"instock","12":"sold-individually","13":"shipping-taxable","14":"purchasable","15":"product-type-simple"},"acf":[],"aioseo_notices":[],"_links":{"self":[{"href":"https:\/\/hificlub.com.br\/loja\/wp-json\/wp\/v2\/product\/719","targetHints":{"allow":["GET"]}}],"collection":[{"href":"https:\/\/hificlub.com.br\/loja\/wp-json\/wp\/v2\/product"}],"about":[{"href":"https:\/\/hificlub.com.br\/loja\/wp-json\/wp\/v2\/types\/product"}],"wp:featuredmedia":[{"embeddable":true,"href":"https:\/\/hificlub.com.br\/loja\/wp-json\/wp\/v2\/media\/14937"}],"wp:attachment":[{"href":"https:\/\/hificlub.com.br\/loja\/wp-json\/wp\/v2\/media?parent=719"}],"wp:term":[{"taxonomy":"product_brand","embeddable":true,"href":"https:\/\/hificlub.com.br\/loja\/wp-json\/wp\/v2\/product_brand?post=719"},{"taxonomy":"product_cat","embeddable":true,"href":"https:\/\/hificlub.com.br\/loja\/wp-json\/wp\/v2\/product_cat?post=719"},{"taxonomy":"product_tag","embeddable":true,"href":"https:\/\/hificlub.com.br\/loja\/wp-json\/wp\/v2\/product_tag?post=719"}],"curies":[{"name":"wp","href":"https:\/\/api.w.org\/{rel}","templated":true}]}}