{"id":6726,"date":"2024-01-02T17:53:54","date_gmt":"2024-01-02T20:53:54","guid":{"rendered":"https:\/\/hificlub.com.br\/loja\/?post_type=product&#038;p=6726"},"modified":"2024-10-07T17:00:06","modified_gmt":"2024-10-07T20:00:06","slug":"unison-research-unico-pre-hibrido","status":"publish","type":"product","link":"https:\/\/hificlub.com.br\/loja\/produto\/unison-research-unico-pre-hibrido\/","title":{"rendered":"UNISON RESEARCH UNICO PRE Hibrido"},"content":{"rendered":"<p>ESTADO 9\/10<\/p>\n<p>Um pr\u00e9-amplificador vers\u00e1til e de excelente som baseado em v\u00e1lvula h\u00edbrida e tecnologia mosfet. Embora projetado como o parceiro natural do amplificador de pot\u00eancia mono duplo Unison Research Unico DM, ele fornecer\u00e1 excelentes resultados com praticamente qualquer amplificador de pot\u00eancia de boa qualidade. Design do circuito O est\u00e1gio de entrada totalmente em estado s\u00f3lido usa tecnologia J-Fet, enquanto a amplifica\u00e7\u00e3o de n\u00edvel de linha \u00e9 confiada a tr\u00eas v\u00e1lvulas triodo duplo. Um est\u00e1gio phono est\u00e1 integrado, que tamb\u00e9m \u00e9 totalmente de estado s\u00f3lido usando amplificadores operacionais de baixo ru\u00eddo projetados especialmente para uso em \u00e1udio para oferecer excelente desempenho em reprodu\u00e7\u00e3o de vinil. A equaliza\u00e7\u00e3o RIAA \u00e9 ativa para a banda de baixa frequ\u00eancia e passiva para a banda de alta frequ\u00eancia. O est\u00e1gio phono atender\u00e1 a cartuchos MM e MC, incluindo aqueles com sa\u00edda baixa (ou seja, menos de 0,5mV). Opera\u00e7\u00e3o Balanceada\/N\u00e3o Balanceada Para m\u00e1xima flexibilidade de uso, cinco entradas n\u00e3o balanceadas s\u00e3o fornecidas, e tr\u00eas (linhas 2, 3 e 4) tamb\u00e9m s\u00e3o balanceadas. Tamb\u00e9m \u00e9 fornecido um par de sa\u00eddas balanceadas, bem como dois pares de sa\u00eddas normais (desbalanceadas). Todos os conectores s\u00e3o banhados a ouro para garantir excelentes superf\u00edcies de contato durante toda a vida \u00fatil do produto. Controles Unico Pre \u00e9 fornecido completo com controle remoto de volume por ondas de r\u00e1dio, acionado por um elegante monofone de madeira. O controle por r\u00e1dio \u00e9 um recurso conveniente, permitindo opera\u00e7\u00e3o distante mesmo fora da vista do pr\u00e9-amplificador, se necess\u00e1rio. O seletor de entrada \u00e9 uma unidade de alta qualidade, hermeticamente selada com superf\u00edcies de contato douradas deslizantes para opera\u00e7\u00e3o silenciosa e longa vida \u00fatil. O grande bot\u00e3o liga\/desliga incorpora um display multi-led retroiluminado para fornecer indica\u00e7\u00e3o visual do status. O Unico Pre tamb\u00e9m est\u00e1 equipado com os mesmos recursos Link e Loop do Unico DM Power Amp, para permitir ligar e desligar remotamente, ativado por sinal musical ou pela liga\u00e7\u00e3o de outra unidade da cadeia (ver caracter\u00edsticas do Unico DM para obter detalhes sobre esse recurso). Design de Apar\u00eancia Nenhum produto da Unison Research estaria completo sem um design de apar\u00eancia atraente. Unico Pre n\u00e3o \u00e9 exce\u00e7\u00e3o, sua eleg\u00e2ncia discreta \u00e9 aprimorada por controles de a\u00e7o inoxid\u00e1vel usinados que s\u00e3o suaves como seda na opera\u00e7\u00e3o. Seu formato de meia caixa significa que o Unico Pre pode ser colocado lado a lado com um ou mais amplificadores de pot\u00eancia Unico DM para fornecer um conjunto est\u00e9reo ou multicanal de alta pot\u00eancia, por\u00e9m compacto, com excelente desempenho sonoro.<\/p>\n<p>Especifica\u00e7\u00f5es t\u00e9cnicas<br \/>\nEst\u00e1gio de sa\u00edda: Est\u00e1gio S\u00f3lido, BJT<br \/>\nPolariza\u00e7\u00e3o: Classe A<br \/>\nEst\u00e1gio de entrada: Triodi A-Class A<br \/>\nV\u00e1lvula: 2 x ECC82 (12AU7)<br \/>\nSensibilidade: 250mV<br \/>\nImped\u00e2ncia de entrada: 10 k\u03a9<br \/>\nResposta de frequ\u00eancia: plana a 10 Hz \/ -0,3 dB a 100 kHz<br \/>\nSNR: 95dB<br \/>\nTHD: 0,01% a 3,14 V, 1 kHz<br \/>\nFeedback negativo: 0db<br \/>\nEntradas: 4 linhas RCA e XLR, 1 fita RCA<br \/>\nSa\u00eddas: 1 fita RCA, 1 subwoofer RCA<br \/>\nConectores de sa\u00edda: 2 RCA, 1 XLR<br \/>\nControle remoto: IR, Volume e Ingressi<br \/>\nConsumo de energia: 50W m\u00e1ximo<br \/>\nDimens\u00f5es (lxlxh): 43,5 x 43 x 13 cm<br \/>\nPeso l\u00edquido: 12kg<\/p>\n","protected":false},"excerpt":{"rendered":"<p>ESTADO 9\/10 Um pr\u00e9-amplificador vers\u00e1til e de excelente som baseado em v\u00e1lvula h\u00edbrida e tecnologia mosfet. Embora projetado como o parceiro natural do amplificador de pot\u00eancia mono duplo Unison Research Unico DM, ele fornecer\u00e1 excelentes resultados com praticamente qualquer amplificador de pot\u00eancia de boa qualidade. Design do circuito O est\u00e1gio de entrada totalmente em estado [&hellip;]<\/p>\n","protected":false},"featured_media":6724,"template":"","meta":{"_acf_changed":false},"product_brand":[],"product_cat":[38,227],"product_tag":[],"class_list":{"0":"post-6726","1":"product","2":"type-product","3":"status-publish","4":"has-post-thumbnail","6":"product_cat-pre-amplificador","7":"product_cat-unison-research","9":"first","10":"instock","11":"sold-individually","12":"shipping-taxable","13":"purchasable","14":"product-type-simple"},"acf":[],"aioseo_notices":[],"_links":{"self":[{"href":"https:\/\/hificlub.com.br\/loja\/wp-json\/wp\/v2\/product\/6726","targetHints":{"allow":["GET"]}}],"collection":[{"href":"https:\/\/hificlub.com.br\/loja\/wp-json\/wp\/v2\/product"}],"about":[{"href":"https:\/\/hificlub.com.br\/loja\/wp-json\/wp\/v2\/types\/product"}],"wp:featuredmedia":[{"embeddable":true,"href":"https:\/\/hificlub.com.br\/loja\/wp-json\/wp\/v2\/media\/6724"}],"wp:attachment":[{"href":"https:\/\/hificlub.com.br\/loja\/wp-json\/wp\/v2\/media?parent=6726"}],"wp:term":[{"taxonomy":"product_brand","embeddable":true,"href":"https:\/\/hificlub.com.br\/loja\/wp-json\/wp\/v2\/product_brand?post=6726"},{"taxonomy":"product_cat","embeddable":true,"href":"https:\/\/hificlub.com.br\/loja\/wp-json\/wp\/v2\/product_cat?post=6726"},{"taxonomy":"product_tag","embeddable":true,"href":"https:\/\/hificlub.com.br\/loja\/wp-json\/wp\/v2\/product_tag?post=6726"}],"curies":[{"name":"wp","href":"https:\/\/api.w.org\/{rel}","templated":true}]}}