{"id":6639,"date":"2024-01-02T17:53:36","date_gmt":"2024-01-02T20:53:36","guid":{"rendered":"https:\/\/hificlub.com.br\/loja\/?post_type=product&#038;p=6639"},"modified":"2026-03-03T22:18:42","modified_gmt":"2026-03-04T01:18:42","slug":"arylic-b50-amplificador-stereo-bluetooth-50-watts","status":"publish","type":"product","link":"https:\/\/hificlub.com.br\/loja\/produto\/arylic-b50-amplificador-stereo-bluetooth-50-watts\/","title":{"rendered":"ARYLIC B50 Mini Amplificador Stereo com Bluetooth, DAC e Phono MM 50 watts"},"content":{"rendered":"<div class=\"title\">DESCRI\u00c7\u00c3O GERAL<\/div>\n<div class=\"board_htm\">\n<p>Suporta aptx HD, aptX AD, aptX, aptX LL\u00a0 e \u00e9 capaz de transmitir e receber\u00a0 m\u00fasica em HD .<br \/>\nTransmita todas as fontes e curta em seu fone de ouvido.<br \/>\nARCO HDMI,Entrada telef\u00f4nica, entrada RCA, entrada \u00f3ptica, sa\u00edda secund\u00e1ria e mais conectores cabem no seu sistema est\u00e9reo dom\u00e9stico.<br \/>\nTransmissor e receptor Bluetooth atendem a todas as suas necessidades: AV dom\u00e9stico, alto-falante de estante, PC, jogos e m\u00fasica de fundo em hotel\/casa.<br \/>\nAmplificador Bluetooth potente de 50 W x 2 para alto-falantes passivos, alto-falantes de estante e dispositivos m\u00f3veis.<br \/>\nAplicativo gratuito de controle GO para iOS e Android e controle remoto<\/p>\n<p>&nbsp;<\/p>\n<p>Padr\u00e3o Bluetooth<br \/>\n4.6.45.2, 15m<\/p>\n<p>Transmiss\u00e3o Bluetooth<br \/>\n2x Bluetooth TX, capaz de conectar at\u00e9 2 alto-falantes ou fones de ouvido Bluetooth.<\/p>\n<p>Receptor Bluetooth<br \/>\n2x Bluetooth RX, capaz de conectar at\u00e9 2 dispositivos transmissores Bluetooth<\/p>\n<p>Codec Bluetooth<br \/>\nTX: aptX HD, aptX, aptX AD, aptX LL, AAC, SBC<\/p>\n<p>RX: aptX HD, aptX, aptX AD, AAC, SBC<\/p>\n<p>Pot\u00eancia da sa\u00edda<br \/>\n24V 4ohm 50W *2<br \/>\n24V 8ohm 30w *2<\/p>\n<p>Imped\u00e2ncia do alto-falante<br \/>\n4 &#8211; 8 ohms<\/p>\n<p>Resposta de frequ\u00eancia<br \/>\n20Hz a 20Khz<\/p>\n<p>THD+N<br \/>\nSa\u00edda de linha x 1\/1 Vrms (mini jack de 3,5 mm) &lt;0,1% @ 1W 1kHz<\/p>\n<p>SNR<br \/>\n&gt;93db<\/p>\n<p>Alinhar<br \/>\nRCA anal\u00f3gico, entrada m\u00e1xima de 2V RMS<\/p>\n<p>Entrada telef\u00f4nica<br \/>\nRCA anal\u00f3gico, suporte MM\/MC<\/p>\n<p>Entrada \u00f3ptica<br \/>\nDecodifica\u00e7\u00e3o de taxa de amostragem m\u00e1xima de 192kHz\/24 bits<br \/>\nCodifica\u00e7\u00e3o PCM<\/p>\n<p>ARCO HDMI<br \/>\nSomente PCM<\/p>\n<p>Anfitri\u00e3o USB<br \/>\nReprodu\u00e7\u00e3o de unidade de disco USB, suporte para retomada de reprodu\u00e7\u00e3o<br \/>\nTaxa de amostragem: 48kHz<br \/>\nFormato de armazenamento: Fat16, Fat32, exFAT, at\u00e9 128GB<br \/>\nCodec de suporte: mp3 (taxa de dados de at\u00e9 384kbps), mp4, wma, mov, m4a, aac, flac(96kHz\/ 24 bits), macaco<\/p>\n<p>USB tipo C<br \/>\nDAC USB para conex\u00e3o com PC, taxa de amostragem: 48kHz<\/p>\n<p>Subwoofer fora<br \/>\nSa\u00edda m\u00e1xima de 3 V RMS, resposta de frequ\u00eancia: 250 Hz<\/p>\n<p>Alto-falante desligado<br \/>\n50W por canal @ 4ohms<\/p>\n<p>Entrada de energia<br \/>\n24V\/4,16A<\/p>\n<p>Tamanho<br \/>\n185x155x50mm<\/p>\n<p>Peso<br \/>\n900g<\/p>\n<\/div>\n","protected":false},"excerpt":{"rendered":"<p>DESCRI\u00c7\u00c3O GERAL Suporta aptx HD, aptX AD, aptX, aptX LL\u00a0 e \u00e9 capaz de transmitir e receber\u00a0 m\u00fasica em HD . Transmita todas as fontes e curta em seu fone de ouvido. ARCO HDMI,Entrada telef\u00f4nica, entrada RCA, entrada \u00f3ptica, sa\u00edda secund\u00e1ria e mais conectores cabem no seu sistema est\u00e9reo dom\u00e9stico. Transmissor e receptor Bluetooth atendem [&hellip;]<\/p>\n","protected":false},"featured_media":13665,"template":"","meta":{"_acf_changed":false},"product_brand":[],"product_cat":[27,289,51],"product_tag":[],"class_list":{"0":"post-6639","1":"product","2":"type-product","3":"status-publish","4":"has-post-thumbnail","6":"product_cat-amplificador","7":"product_cat-arylic","8":"product_cat-integrado","10":"first","11":"instock","12":"sold-individually","13":"shipping-taxable","14":"purchasable","15":"product-type-simple"},"acf":[],"aioseo_notices":[],"_links":{"self":[{"href":"https:\/\/hificlub.com.br\/loja\/wp-json\/wp\/v2\/product\/6639","targetHints":{"allow":["GET"]}}],"collection":[{"href":"https:\/\/hificlub.com.br\/loja\/wp-json\/wp\/v2\/product"}],"about":[{"href":"https:\/\/hificlub.com.br\/loja\/wp-json\/wp\/v2\/types\/product"}],"wp:featuredmedia":[{"embeddable":true,"href":"https:\/\/hificlub.com.br\/loja\/wp-json\/wp\/v2\/media\/13665"}],"wp:attachment":[{"href":"https:\/\/hificlub.com.br\/loja\/wp-json\/wp\/v2\/media?parent=6639"}],"wp:term":[{"taxonomy":"product_brand","embeddable":true,"href":"https:\/\/hificlub.com.br\/loja\/wp-json\/wp\/v2\/product_brand?post=6639"},{"taxonomy":"product_cat","embeddable":true,"href":"https:\/\/hificlub.com.br\/loja\/wp-json\/wp\/v2\/product_cat?post=6639"},{"taxonomy":"product_tag","embeddable":true,"href":"https:\/\/hificlub.com.br\/loja\/wp-json\/wp\/v2\/product_tag?post=6639"}],"curies":[{"name":"wp","href":"https:\/\/api.w.org\/{rel}","templated":true}]}}