{"id":6275,"date":"2024-01-02T17:52:09","date_gmt":"2024-01-02T20:52:09","guid":{"rendered":"https:\/\/hificlub.com.br\/loja\/?post_type=product&#038;p=6275"},"modified":"2026-03-03T22:18:43","modified_gmt":"2026-03-04T01:18:43","slug":"vincent-sv700-hibrido-dual-mono-classe-a-100-watts","status":"publish","type":"product","link":"https:\/\/hificlub.com.br\/loja\/produto\/vincent-sv700-hibrido-dual-mono-classe-a-100-watts\/","title":{"rendered":"VINCENT SV700 Amplificador Integrado Hibrido Dual Mono Classe A \/ AB com DAC 100 watts"},"content":{"rendered":"<p>Vincent SV700<\/p>\n<p>Estrutura interna \u2013 crucial para um som excelente. A fim de minimizar crossfeeds e alcan\u00e7ar um fator de distor\u00e7\u00e3o melhor decidimos em cima de um design sim\u00e9trico consistente. Em pr\u00e9-amp 3 tubos (1x12AX7, 2x12AU7) por obra lado para o conceito CPSR (Shunt Regulado Push-Pull) que processar os sinais sonoros que fornecem um baixo mais precisa e um melhor desempenho em meados e som de alta n\u00edvel. Fonte de alimenta\u00e7\u00e3o \u00e9, como de costume por um transformador toroidal de 500 Watts. Os capacitores de Panasonic s\u00e3o fornecidos com o poder, a qualquer momento com este.Amplificadora final \u00e9 opcionalmente fornecido na classe A ou AB opera\u00e7\u00e3o por transistores Toshiba poderosos. Eles trabalham sem qualquer feedbacks negativos, a fim de preservar as caracter\u00edsticas do som tubo. O projeto SV-700 mant\u00e9m o design t\u00edpico Tubeline tamb\u00e9m. Um chassi de alum\u00ednio cheio elegante com enormes barbatanas de arrefecimento d\u00e1 a impress\u00e3o de gerenciar facilmente qualquer amplifica\u00e7\u00e3o de som provenientes desta unidade.<\/p>\n<p>O design exclusivo tamb\u00e9m \u00e9 ainda mais aperfei\u00e7oada por um controle remoto feito de alum\u00ednio inclu\u00eddo no fornecimento. O SV-700 \u00e9 fornecido com muitos insumos para diversas fontes de som. Existem 4 entradas anal\u00f3gicas (3 RCA e uma XLR), bem como 2 entradas digitais (\u00f3ptica e coaxial). Para a conex\u00e3o de dispositivos de grava\u00e7\u00e3o e amplificadores externos e uma sa\u00edda Rec sa\u00edda Pre s\u00e3o fornecidos.<\/p>\n<p>O melhor dos dois mundos \u00e9 fornecida no som. Som tubo quente e suave combinado com a din\u00e2mica e poder transistor. O SV-700 oferece um desempenho poderoso no grande palco, bem como experi\u00eancias sonoras delicadas. 2 m\u00e1ximas absolutamente decidiu em nosso projeto desse talento allround: Som e entusiasmo. Olhe e veja por si mesmo e ter uma escuta!<\/p>\n<p>Resposta de freq\u00fc\u00eancia: 20 Hz \u2013 20 kHz +\/- 0.5 dB<br \/>\nRMS de pot\u00eancia de sa\u00edda nominal \/ 8 Ohm: 2 x 100 Watt, RMS \/ 4 Ohm: 2 x 160 Watt<br \/>\nPot\u00eancia nominal de sa\u00edda RMS Classe A \/ 8 Ohm: 2 x 50 Watt<br \/>\nDistor\u00e7\u00e3o harm\u00f4nica: 90 dB<br \/>\nImped\u00e2ncia de entrada: 47 kOhm<br \/>\nConsumo de energia: 350 Watt (Classe modo A), 150 Watt (Classe modo AB)<br \/>\nEntradas: 3 x RCA est\u00e9reo, est\u00e9reo 1 x XLR, 1 x \u00f3ptica, 1 x coaxial<br \/>\nSa\u00eddas: 1 x Stereo Rec Out, 1 x Stereo Pre Out, 2 x 2 terminais de alto-falante, 2 x 3,5 mil\u00edmetros tomada Jack (Power Control)<br \/>\nTubes: 1 x 6Z4, 2 x 12AX7, 4 x 12AU7<br \/>\nCor: preto \/ prata, Peso: 24,2 kg<br \/>\nDimens\u00f5es (LxAxP): 430 x 192 x 430 mm<\/p>\n","protected":false},"excerpt":{"rendered":"<p>Vincent SV700 Estrutura interna \u2013 crucial para um som excelente. A fim de minimizar crossfeeds e alcan\u00e7ar um fator de distor\u00e7\u00e3o melhor decidimos em cima de um design sim\u00e9trico consistente. Em pr\u00e9-amp 3 tubos (1x12AX7, 2x12AU7) por obra lado para o conceito CPSR (Shunt Regulado Push-Pull) que processar os sinais sonoros que fornecem um baixo [&hellip;]<\/p>\n","protected":false},"featured_media":13565,"template":"","meta":{"_acf_changed":false},"product_brand":[],"product_cat":[27,51,96],"product_tag":[],"class_list":{"0":"post-6275","1":"product","2":"type-product","3":"status-publish","4":"has-post-thumbnail","6":"product_cat-amplificador","7":"product_cat-integrado","8":"product_cat-vincent","10":"first","11":"instock","12":"sold-individually","13":"shipping-taxable","14":"purchasable","15":"product-type-simple"},"acf":[],"aioseo_notices":[],"_links":{"self":[{"href":"https:\/\/hificlub.com.br\/loja\/wp-json\/wp\/v2\/product\/6275","targetHints":{"allow":["GET"]}}],"collection":[{"href":"https:\/\/hificlub.com.br\/loja\/wp-json\/wp\/v2\/product"}],"about":[{"href":"https:\/\/hificlub.com.br\/loja\/wp-json\/wp\/v2\/types\/product"}],"wp:featuredmedia":[{"embeddable":true,"href":"https:\/\/hificlub.com.br\/loja\/wp-json\/wp\/v2\/media\/13565"}],"wp:attachment":[{"href":"https:\/\/hificlub.com.br\/loja\/wp-json\/wp\/v2\/media?parent=6275"}],"wp:term":[{"taxonomy":"product_brand","embeddable":true,"href":"https:\/\/hificlub.com.br\/loja\/wp-json\/wp\/v2\/product_brand?post=6275"},{"taxonomy":"product_cat","embeddable":true,"href":"https:\/\/hificlub.com.br\/loja\/wp-json\/wp\/v2\/product_cat?post=6275"},{"taxonomy":"product_tag","embeddable":true,"href":"https:\/\/hificlub.com.br\/loja\/wp-json\/wp\/v2\/product_tag?post=6275"}],"curies":[{"name":"wp","href":"https:\/\/api.w.org\/{rel}","templated":true}]}}