{"id":6229,"date":"2024-01-02T17:52:02","date_gmt":"2024-01-02T20:52:02","guid":{"rendered":"https:\/\/hificlub.com.br\/loja\/?post_type=product&#038;p=6229"},"modified":"2025-07-04T11:49:02","modified_gmt":"2025-07-04T14:49:02","slug":"manley-stingray-ii-amplificador-integrado-ultra-linear-32-watts-e-triodo-18-watts","status":"publish","type":"product","link":"https:\/\/hificlub.com.br\/loja\/produto\/manley-stingray-ii-amplificador-integrado-ultra-linear-32-watts-e-triodo-18-watts\/","title":{"rendered":"MANLEY STINGRAY II &#8211; Amplificador Integrado Ultra Linear &#8211; 32 watts e Triodo 18 watts"},"content":{"rendered":"<p>Da nossa evolu\u00e7\u00e3o mais avan\u00e7ada do Stingray, espere uma defini\u00e7\u00e3o de graves ainda mais coerente e for\u00e7a s\u00f3lida do maior armazenamento de energia de alta voltagem. O est\u00e1gio de sa\u00edda EL84 pode ser alternado entre 20 Watts de pot\u00eancia TRIODE ou 40 Watts de opera\u00e7\u00e3o push-pull no modo Ultra-Linear. A sa\u00edda de fone de ouvido aproveita todo o amplificador e cada grama de aten\u00e7\u00e3o aos detalhes que colocamos neste design fant\u00e1stico. Controle remoto RF inclu\u00eddo.<\/p>\n<p>O famoso amplificador integrado est\u00e9reo Manley Stingray foi renovado e atualizado. Permita-nos apresentar a voc\u00ea o amplificador valvulado integrado Stingray II com controle remoto RF e IR completo. Tamb\u00e9m fazemos outro modelo com um dock para iPod integrado chamado Stingray iTube , sobre o qual voc\u00ea pode aprender aqui .<\/p>\n<p>O STINGRAY II \u00e9 a pr\u00f3xima evolu\u00e7\u00e3o do nosso aclamado Amplificador Integrado Stingray, lend\u00e1rio no mundo hifi desde que saiu pela primeira vez de nossos laborat\u00f3rios em 1997. Originalmente concebido com aten\u00e7\u00e3o especial ao posicionamento ideal dos componentes para a pureza e simetria do layout do caminho do sinal, o Stingray rapidamente se tornou um dos nossos produtos mais vendidos. O Stingray II ret\u00e9m o mesmo circuito b\u00e1sico de v\u00e1lvulas e transformadores de sa\u00edda maravilhosos do original com algumas melhorias importantes:<\/p>\n<p>O armazenamento de energia do tubo de alta voltagem foi amplamente aumentado, resultando em controle e impacto de graves ainda mais s\u00f3lidos e coerentes.<\/p>\n<p>Um conector de fone de ouvido foi adicionado ao painel lateral direito. Este conector redireciona a sa\u00edda dos bornes de liga\u00e7\u00e3o do alto-falante e silencia o feed de sa\u00edda do subwoofer. Isso torna o Stingray II um amplificador de fone de ouvido fabuloso!<\/p>\n<p>A quarta fonte de entrada \u00e9 um mini conector TRS de 1\/8&#8243; (3,5 mm) para conex\u00e3o conveniente com dispositivos port\u00e1teis e computadores no painel frontal esquerdo.<\/p>\n<p>O controle remoto funciona com as tecnologias de radiofrequ\u00eancia e infravermelho. Usar o controle remoto no modo RF d\u00e1 liberdade de ter que &#8220;apontar e disparar&#8221;. O controle remoto RF \u00e9 omnidirecional e funciona atrav\u00e9s de paredes e arm\u00e1rios. A capacidade de infravermelho est\u00e1 inclu\u00edda para aqueles com controles remotos de aprendizagem universal para integra\u00e7\u00e3o consolidada em sistemas existentes. O controle de volume, ajuste de equil\u00edbrio, comuta\u00e7\u00e3o de entrada e op\u00e7\u00f5es de exibi\u00e7\u00e3o est\u00e3o todos no controle remoto RF\/IR. Al\u00e9m disso, o usu\u00e1rio pode executar os comandos MUTE, DIM, INSERT e STANDBY com o controle remoto.<\/p>\n<p>Cada ENTRADA pode ser ajustada individualmente para corresponder e otimizar o ganho do sistema de v\u00e1rios dispositivos de entrada.<\/p>\n<p>Os sofisticados displays de LED azuis ao redor dos bot\u00f5es codificadores INPUT e VOLUME podem ser escurecidos ou desligados completamente, ap\u00f3s um per\u00edodo de tempo definido pelo usu\u00e1rio, ou uma sequ\u00eancia de luzes aleat\u00f3rias &#8220;protetor de tela&#8221; pode ser selecionada. A velocidade e a intensidade do modo &#8220;Starlight&#8221; podem ser ajustadas a gosto.<\/p>\n<p>Todas as configura\u00e7\u00f5es personalizadas do usu\u00e1rio s\u00e3o gravadas na mem\u00f3ria quando a unidade \u00e9 colocada no modo STANDBY e, portanto, mantidas se a energia for interrompida posteriormente.<\/p>\n<p>H\u00e1 at\u00e9 mesmo um timer SLEEP que pode ser programado no controle remoto para permitir que voc\u00ea adorme\u00e7a despreocupadamente sonhando com seu Stingray musical por 15, 30, 45 ou 60 minutos enquanto ele graciosamente abaixa o volume e entra no modo STANDBY.<\/p>\n<p>Rel\u00e9s de contato de ouro selados individuais fornecem a entrada selecionada para o sistema de controle de volume antes de atingir os primeiros tubos de entrada 12AT7. Seguindo o poderoso driver\/divisor de fase 12BH7 (anteriormente 6414), o confi\u00e1vel est\u00e1gio de sa\u00edda EL84 pode ser alternado entre 20 watts de pot\u00eancia TRIODE ou 40 watts de opera\u00e7\u00e3o push-pull no modo Ultra Linear. A polariza\u00e7\u00e3o individual para cada tubo \u00e9 facilmente ajustada usando os trimpots e pontos de teste, convenientemente localizados na superf\u00edcie superior do amplificador. A fonte de alimenta\u00e7\u00e3o do Stingray \u00e9 extra-robusta e r\u00edgida, uma marca registrada da MANLEY. Ele nada com os tubar\u00f5es: r\u00e1pido, \u00e1gil, fluido e com autoridade consumada.<\/p>\n<p>A SA\u00cdDA SUBWOOFER p\u00f3s-volume permite a f\u00e1cil conex\u00e3o de subwoofers ativos de n\u00edvel de linha externos. Esta sa\u00edda fica depois do controle de volume para que o subwoofer rastreie as mudan\u00e7as de n\u00edvel de volume dos alto-falantes principais. A SA\u00cdDA SUB \u00e9 uma sa\u00edda de n\u00edvel de linha e frequ\u00eancia total que fica DEPOIS do controle de volume para que seu subwoofer alimentado siga o mesmo volume que seus alto-falantes principais. Estes s\u00e3o conectores RCA desbalanceados, n\u00edvel de linha. Eles alimentam as entradas de linha do seu subwoofer, N\u00c3O os conectores dos alto-falantes.<\/p>\n<p>Um TAPE LOOP comut\u00e1vel \u00e9 padr\u00e3o. O TAPE SEND \u00e9 a sa\u00edda da entrada selecionada antes do controle de volume. O TAPE RETURN tamb\u00e9m pode ser usado como uma entrada de 5\u00aa linha, se necess\u00e1rio.<\/p>\n<p>RECORD OUT (tamb\u00e9m conhecido como Tape OUT) \u00e9 ANTES do controle de volume, ent\u00e3o voc\u00ea pode gravar qualquer entrada que tenha selecionado sem que seu n\u00edvel de audi\u00e7\u00e3o afete o n\u00edvel que vai para seu gravador. Esses s\u00e3o RCAs desbalanceados. S\u00e3o RCAs desbalanceados e sem buffer, ent\u00e3o verifique a entrada Z do seu gravador para ter certeza de que ele n\u00e3o carregar\u00e1 a entrada principal do Stingray enquanto estiver conectado. Normalmente, com sa\u00eddas de grava\u00e7\u00e3o sem buffer, recomendamos que voc\u00ea conecte seu gravador somente quando estiver realmente gravando&#8230;<\/p>\n<p>Tape LOOP: Tamb\u00e9m conhecido como um ponto INSERT, o SEND ou Tape Out sai do seletor como a op\u00e7\u00e3o Record Out vai para o seu equalizador externo ou unidade Merlin BAM ou gravador de fita e ent\u00e3o o sinal retorna (RETURN) para o Stingray na frente do controle de volume para que voc\u00ea possa tocar m\u00fasicas. Um seletor seleciona se o Tape LOOP (e o que quer que esteja conectado ao Tape Loop) est\u00e1 ativo ou se o sinal vai direto pelo Stingray normalmente. Se voc\u00ea tem o sistema Merlin BAM , pe\u00e7a seu Stingray com a op\u00e7\u00e3o Tape LOOP.<\/p>\n<p>OBSERVA\u00c7\u00c3O: SUBWOOFER OUT, RECORD OUT e TAPE LOOP s\u00e3o todos passivos. O RECORD OUT sai direto do interruptor de sele\u00e7\u00e3o de entrada. Portanto, qualquer fonte selecionada aparecer\u00e1 passada no TAPE OUT. Com o Stingray, a equipe MANLEY atingiu um equil\u00edbrio notavelmente harmonioso no design que satisfaz os desejos sonoros do audi\u00f3filo e do roqueiro, do artista e do m\u00fasico, do estudante e do mestre, do yin e do yang. Convidamos voc\u00ea a experimentar pessoalmente a impressionante qualidade sonora e a beleza visual do Stingray.<\/p>\n<p>&nbsp;<\/p>\n<p><img loading=\"lazy\" decoding=\"async\" class=\"attachment-thumbnail size-thumbnail\" src=\"https:\/\/hificlub.com.br\/loja\/wp-content\/uploads\/2024\/01\/manley-stingray-ii-E-150x150.png\" alt=\"\" width=\"150\" height=\"150\" \/> <img loading=\"lazy\" decoding=\"async\" class=\"attachment-thumbnail size-thumbnail\" src=\"https:\/\/hificlub.com.br\/loja\/wp-content\/uploads\/2025\/02\/Awards-StereoNet-3-1-150x150.png\" alt=\"\" width=\"150\" height=\"150\" \/> <img loading=\"lazy\" decoding=\"async\" class=\"attachment-thumbnail size-thumbnail\" src=\"https:\/\/hificlub.com.br\/loja\/wp-content\/uploads\/2024\/01\/manley-stingray-ii-F-150x150.png\" alt=\"\" width=\"150\" height=\"150\" \/>\u00a0 \u00a0<img loading=\"lazy\" decoding=\"async\" class=\"attachment-thumbnail size-thumbnail\" src=\"https:\/\/hificlub.com.br\/loja\/wp-content\/uploads\/2023\/10\/awards-hifi-plus-7.png\" alt=\"\" width=\"141\" height=\"48\" \/>\u00a0 \u00a0 <img loading=\"lazy\" decoding=\"async\" class=\"attachment-thumbnail size-thumbnail\" src=\"https:\/\/hificlub.com.br\/loja\/wp-content\/uploads\/2024\/01\/stereophile-recommended-selo-11-150x150.jpg\" alt=\"\" width=\"150\" height=\"150\" \/><\/p>\n<p>&nbsp;<\/p>\n","protected":false},"excerpt":{"rendered":"<p>Da nossa evolu\u00e7\u00e3o mais avan\u00e7ada do Stingray, espere uma defini\u00e7\u00e3o de graves ainda mais coerente e for\u00e7a s\u00f3lida do maior armazenamento de energia de alta voltagem. O est\u00e1gio de sa\u00edda EL84 pode ser alternado entre 20 Watts de pot\u00eancia TRIODE ou 40 Watts de opera\u00e7\u00e3o push-pull no modo Ultra-Linear. A sa\u00edda de fone de ouvido [&hellip;]<\/p>\n","protected":false},"featured_media":20749,"template":"","meta":{"_acf_changed":false},"product_brand":[],"product_cat":[27,51,57],"product_tag":[],"class_list":{"0":"post-6229","1":"product","2":"type-product","3":"status-publish","4":"has-post-thumbnail","6":"product_cat-amplificador","7":"product_cat-integrado","8":"product_cat-manley","10":"first","11":"instock","12":"sold-individually","13":"shipping-taxable","14":"purchasable","15":"product-type-simple"},"acf":[],"aioseo_notices":[],"_links":{"self":[{"href":"https:\/\/hificlub.com.br\/loja\/wp-json\/wp\/v2\/product\/6229","targetHints":{"allow":["GET"]}}],"collection":[{"href":"https:\/\/hificlub.com.br\/loja\/wp-json\/wp\/v2\/product"}],"about":[{"href":"https:\/\/hificlub.com.br\/loja\/wp-json\/wp\/v2\/types\/product"}],"wp:featuredmedia":[{"embeddable":true,"href":"https:\/\/hificlub.com.br\/loja\/wp-json\/wp\/v2\/media\/20749"}],"wp:attachment":[{"href":"https:\/\/hificlub.com.br\/loja\/wp-json\/wp\/v2\/media?parent=6229"}],"wp:term":[{"taxonomy":"product_brand","embeddable":true,"href":"https:\/\/hificlub.com.br\/loja\/wp-json\/wp\/v2\/product_brand?post=6229"},{"taxonomy":"product_cat","embeddable":true,"href":"https:\/\/hificlub.com.br\/loja\/wp-json\/wp\/v2\/product_cat?post=6229"},{"taxonomy":"product_tag","embeddable":true,"href":"https:\/\/hificlub.com.br\/loja\/wp-json\/wp\/v2\/product_tag?post=6229"}],"curies":[{"name":"wp","href":"https:\/\/api.w.org\/{rel}","templated":true}]}}