{"id":595,"date":"2023-10-17T19:52:16","date_gmt":"2023-10-17T22:52:16","guid":{"rendered":"https:\/\/hificlub.com.br\/loja2\/produto\/verity-audio-sarastro-ii-is-ensemble\/"},"modified":"2025-09-21T17:49:03","modified_gmt":"2025-09-21T20:49:03","slug":"verity-audio-sarastro-ii-is-ensemble","status":"publish","type":"product","link":"https:\/\/hificlub.com.br\/loja\/produto\/verity-audio-sarastro-ii-is-ensemble\/","title":{"rendered":"VERITY AUDIO Sarastro II IS Ensemble &#8211; Caixa Torre"},"content":{"rendered":"<p><span style=\"color: #808080\">O Sarastro \u00e9 um alto-falante bass-reflex de tr\u00eas vias, de dois gabinetes, de ch\u00e3o, pertencente \u00e0 s\u00e9rie de alcance estendido da Verity.\u00a0O gabinete superior apresenta um midrange de amplo espectro e um tweeter de fita propriet\u00e1rio constru\u00eddo internamente.\u00a0O gabinete inferior abriga um impressionante woofer traseiro de reflexo de graves.\u00a0Ambos os gabinetes s\u00e3o isolados por uma plataforma s\u00f3lida de alum\u00ednio acoplada com elast\u00f4meros especiais e o gabinete inferior \u00e9 acoplado ao piso por meio do\u00a0Sistema de Isolamento de Som Mec\u00e2nico e Aerotransportado (MASIS) da Verity.\u00a0O Sarastro exibe uma alta sensibilidade de 93 dB SPL 1 watt\/1 metro e herda das melhores tecnologias Verity Audio.<\/span><\/p>\n<p><span style=\"color: #808080\">O Sarastro IIS \u00e9 o ingresso da Verity para um desempenho ultra-alto em salas de audi\u00e7\u00e3o de tamanho moderado. O complemento de driver exclusivo e de alt\u00edssima qualidade do Verity Audio garante ao Sarastro IIS alta efici\u00eancia, din\u00e2mica estendida e largura de banda ultra-ampla. O Sarastro tem uma capacidade \u00fanica de recapturar todo o drama, emo\u00e7\u00e3o e intimidade da performance original, trazendo dimens\u00f5es antes inimagin\u00e1veis \u200b\u200bpara suas grava\u00e7\u00f5es.<\/span><\/p>\n<div class=\"text-info\">\n<p><span style=\"color: #808080\">Ouvir m\u00fasica significa partilhar uma experi\u00eancia exclusivamente humana, seja numa sala de concertos ou no ambiente acolhedor da sua discoteca preferida.\u00a0Mas n\u00e3o importa onde estejamos, nosso objetivo \u00e9 sempre o mesmo \u2013 ir al\u00e9m da performance e redescobrir aquela fonte de emo\u00e7\u00e3o humana que inspirou o artista a revelar sua alma.<\/span><\/p>\n<p><span style=\"color: #808080\">O alto-falante Sarastro IIS o levar\u00e1 at\u00e9 l\u00e1.<\/span><\/p>\n<p><span style=\"color: #808080\">O Sarastro IIS, como o Lohengrin, pertence \u00e0 linha de alto-falantes de alcance estendido eXR da Verity.\u00a0Todos voc\u00eas que esperavam por um alto-falante capaz de oferecer o sabor do Parsifal com maior efici\u00eancia e din\u00e2mica superior ficar\u00e3o emocionados com o Sarastro IIS.<\/span><\/p>\n<p><span style=\"color: #808080\">Ele recupera todo o drama, emo\u00e7\u00e3o e intimidade da apresenta\u00e7\u00e3o original, trazendo novas dimens\u00f5es para suas grava\u00e7\u00f5es.\u00a0O Sarastro IIS tem uma facilidade maravilhosa para trazer a m\u00fasica do jeito que foi escrita, do jeito que foi executada, do jeito que deveria ser.<\/span><\/p>\n<p><span style=\"color: #808080\">O Sarastro IIS possui dois gabinetes separados: um m\u00f3dulo de alto-falante superior e um inferior.\u00a0O m\u00f3dulo superior abriga um tweeter de fita de alum\u00ednio puro Verity e um midrange de largura de banda larga.\u00a0O m\u00f3dulo inferior cont\u00e9m um woofer de 11 polegadas de \u00faltima gera\u00e7\u00e3o sintonizado em um gabinete Bessel de quarta ordem.\u00a0Os dois m\u00f3dulos se unem para formar um alto-falante de refer\u00eancia de alcance estendido.\u00a0Os gabinetes s\u00e3o constru\u00eddos de acordo com a tecnologia propriet\u00e1ria refor\u00e7ada assim\u00e9trica que aumenta a homogeneidade sonora e a estabilidade da imagem musical.\u00a0\u00c9 o culminar de anos de experi\u00eancia em engenharia ac\u00fastica e em habilidades auditivas.<\/span><\/p>\n<p><span style=\"color: #808080\">O sistema de isolamento consiste em uma espessa plataforma de alum\u00ednio que foi especialmente tratada e amortecida para garantir um alto grau de controle de energia e uma refer\u00eancia mec\u00e2nica s\u00f3lida como rocha.\u00a0Isso leva a uma imagem precisa e muito bem definida e coer\u00eancia de palco sonoro.<\/span><\/p>\n<p><span style=\"color: #808080\">Aqueles que amam os m\u00e9dios Parsifal reconhecer\u00e3o as mesmas qualidades, mas com din\u00e2mica mais forte e maior sensa\u00e7\u00e3o de desempenho sonoro sem esfor\u00e7o.\u00a0A integra\u00e7\u00e3o do tweeter de fita com o driver de m\u00e9dio alcance \u00e9 extremamente homog\u00eanea e d\u00e1 ao Sarastro IIS uma incr\u00edvel sensa\u00e7\u00e3o de largura de banda e coer\u00eancia ilimitadas.<\/span><\/p>\n<p><span style=\"color: #808080\">O m\u00f3dulo inferior foi projetado para funcionar como um gerador de graves de inclina\u00e7\u00e3o suave de quase terceira ordem na sala.\u00a0Ele permite uma excelente resposta de graves at\u00e9 os baixos 20 Hz.<\/span><\/p>\n<p><span style=\"color: #808080\">O Sarastro IIS vem em preto piano, prata met\u00e1lica e muitas op\u00e7\u00f5es de folheados de madeira ex\u00f3tica.\u00a0\u00c9 finalizado com uma laca de poli\u00e9ster de alto brilho de longa dura\u00e7\u00e3o especialmente importada da It\u00e1lia e formulada para ser associada aos melhores padr\u00f5es de m\u00f3veis de luxo.\u00a0Todo o processo \u00e9 voltado para que voc\u00ea obtenha alto-falantes que incorporam qualidade absoluta e os mais rigorosos padr\u00f5es de fabrica\u00e7\u00e3o.<\/span><\/p>\n<p><span style=\"color: #808080\">Sem d\u00favida, o Sarastro IIS \u00e9 um alto-falante requintado que oferece uma sensa\u00e7\u00e3o de realismo sem esfor\u00e7o em qualquer cole\u00e7\u00e3o de software de \u00e1udio dom\u00e9stico.\u00a0\u00c9 uma luxuosa pe\u00e7a de engenharia e mobili\u00e1rio que integra componentes de \u00faltima gera\u00e7\u00e3o e representa um investimento em anos de divers\u00e3o.<\/span><\/p>\n<p><span style=\"color: #808080\">Todos os designs da Verity s\u00e3o criados com um equil\u00edbrio entre ci\u00eancia e arte.\u00a0\u00c9 somente atrav\u00e9s dessa tradi\u00e7\u00e3o que o esp\u00edrito do conhecimento e do artesanato ganha vida.<\/span><\/p>\n<p><span style=\"color: #808080\">Descubra o Sarastro IIS e experimente como vive o esp\u00edrito da m\u00fasica.<\/span><\/p>\n<p>&nbsp;<\/p>\n<p><a href=\"https:\/\/www.stereophile.com\/content\/verity-audio-sarastro-ii-loudspeaker\" target=\"_blank\" rel=\"noopener\"><img loading=\"lazy\" decoding=\"async\" class=\"alignnone wp-image-22926 size-full\" src=\"https:\/\/hificlub.com.br\/loja\/wp-content\/uploads\/2025\/06\/Stereophile-award.jpg\" alt=\"\" width=\"439\" height=\"75\" \/>\u00a0\u00a0\u00a0\u00a0 <\/a><a href=\"https:\/\/www.audiohum.com\/gb\/blog\/last-hi-fi-news\/verity-audio-loudspeakers-hand-assembled-and-of-the-highest-quality\" target=\"_blank\" rel=\"noopener\"><img loading=\"lazy\" decoding=\"async\" class=\"alignnone wp-image-24294 \" src=\"https:\/\/hificlub.com.br\/loja\/wp-content\/uploads\/2023\/10\/AudioHum-award.jpg\" alt=\"\" width=\"284\" height=\"97\" \/>\u00a0\u00a0\u00a0\u00a0 <img decoding=\"async\" src=\"https:\/\/hificlub.com.br\/loja\/wp-content\/uploads\/2024\/01\/Awards-SoundStage-HiFi-2-2-150x150.webp\" \/><\/a><\/p>\n<\/div>\n","protected":false},"excerpt":{"rendered":"<p>O Sarastro \u00e9 um alto-falante bass-reflex de tr\u00eas vias, de dois gabinetes, de ch\u00e3o, pertencente \u00e0 s\u00e9rie de alcance estendido da Verity.\u00a0O gabinete superior apresenta um midrange de amplo espectro e um tweeter de fita propriet\u00e1rio constru\u00eddo internamente.\u00a0O gabinete inferior abriga um impressionante woofer traseiro de reflexo de graves.\u00a0Ambos os gabinetes s\u00e3o isolados por uma [&hellip;]<\/p>\n","protected":false},"featured_media":589,"template":"","meta":{"_acf_changed":false},"product_brand":[],"product_cat":[17,18,211],"product_tag":[],"class_list":{"0":"post-595","1":"product","2":"type-product","3":"status-publish","4":"has-post-thumbnail","6":"product_cat-caixas","7":"product_cat-torres","8":"product_cat-verity-audio","10":"first","11":"instock","12":"sold-individually","13":"shipping-taxable","14":"purchasable","15":"product-type-simple"},"acf":[],"aioseo_notices":[],"_links":{"self":[{"href":"https:\/\/hificlub.com.br\/loja\/wp-json\/wp\/v2\/product\/595","targetHints":{"allow":["GET"]}}],"collection":[{"href":"https:\/\/hificlub.com.br\/loja\/wp-json\/wp\/v2\/product"}],"about":[{"href":"https:\/\/hificlub.com.br\/loja\/wp-json\/wp\/v2\/types\/product"}],"wp:featuredmedia":[{"embeddable":true,"href":"https:\/\/hificlub.com.br\/loja\/wp-json\/wp\/v2\/media\/589"}],"wp:attachment":[{"href":"https:\/\/hificlub.com.br\/loja\/wp-json\/wp\/v2\/media?parent=595"}],"wp:term":[{"taxonomy":"product_brand","embeddable":true,"href":"https:\/\/hificlub.com.br\/loja\/wp-json\/wp\/v2\/product_brand?post=595"},{"taxonomy":"product_cat","embeddable":true,"href":"https:\/\/hificlub.com.br\/loja\/wp-json\/wp\/v2\/product_cat?post=595"},{"taxonomy":"product_tag","embeddable":true,"href":"https:\/\/hificlub.com.br\/loja\/wp-json\/wp\/v2\/product_tag?post=595"}],"curies":[{"name":"wp","href":"https:\/\/api.w.org\/{rel}","templated":true}]}}