{"id":5487,"date":"2023-11-24T21:01:16","date_gmt":"2023-11-25T00:01:16","guid":{"rendered":"https:\/\/hificlub.com.br\/loja2\/?post_type=product&#038;p=5487"},"modified":"2025-11-14T05:55:19","modified_gmt":"2025-11-14T08:55:19","slug":"mofi-sourcepoint-8-com-pedestal","status":"publish","type":"product","link":"https:\/\/hificlub.com.br\/loja\/produto\/mofi-sourcepoint-8-com-pedestal\/","title":{"rendered":"MOFI SOURCEPOINT 8 Satin Black com Pedestais"},"content":{"rendered":"<p>Detalhes do produto<br \/>\nO SourcePoint 8 \u00e9 a mais recente cria\u00e7\u00e3o do renomado designer Andrew Jones, que cuidadosamente criou o alto-falante para incorporar o mesmo DNA ac\u00fastico do amplamente aclamado SourcePoint 10. O novo SourcePoint 8 re\u00fane a mesma excel\u00eancia sonora de seu irm\u00e3o maior em um formato mais compacto e gerenci\u00e1vel. fator de forma.<\/p>\n<p>Andrew Jones e a equipe da MoFi Electronics reduziram o SourcePoint 10 para criar um novo alto-falante que cabe em uma variedade maior de espa\u00e7os, ao mesmo tempo em que oferece aquele som grande e satisfat\u00f3rio que conhecemos e amamos. N\u00e3o se deixe enganar pelo tamanho, ele ainda tem todo o poder que voc\u00ea precisa para curtir suas m\u00fasicas favoritas. Ent\u00e3o, se voc\u00ea est\u00e1 procurando um alto-falante de alta qualidade que n\u00e3o ocupe todo o espa\u00e7o da sua sala, esse carinha pode ser a escolha perfeita para voc\u00ea.<\/p>\n<p>O driver conc\u00eantrico de 8 polegadas<\/p>\n<p>Apresentando um driver conc\u00eantrico de oito polegadas com ferramentas personalizadas e um tweeter de c\u00fapula macia de 1,25 polegadas, este alto-falante oferece um sistema de fonte pontual que oferece controle impec\u00e1vel, equil\u00edbrio tonal e imagem precisa. O cone do woofer atua como um guia de ondas para o tweeter, maximizando a efici\u00eancia do tweeter e combinando diretividades.<\/p>\n<p>Quer voc\u00ea prefira m\u00fasicas ac\u00fasticas relaxantes ou m\u00fasicas mais agressivas e el\u00e9tricas, o SourcePoint 8 oferece um desempenho excepcional que tocar\u00e1 sua alma e inspirar\u00e1 suas emo\u00e7\u00f5es. Ele transmite grava\u00e7\u00f5es com detalhes, especificidade e limpeza excepcionais, ao mesmo tempo em que oferece a robustez, a vivacidade e o alcance de um alto-falante muito maior.<\/p>\n<p>Sistema magn\u00e9tico de alto fluxo Twin-Drive<\/p>\n<p>O SourcePoint 8 oferece desempenho excepcional gra\u00e7as ao seu inovador sistema magn\u00e9tico de neod\u00edmio de alto fluxo Twin-Drive. N\u00e3o apenas otimizamos a resposta de frequ\u00eancia do woofer e do tweeter, mas tamb\u00e9m priorizamos a redu\u00e7\u00e3o da distor\u00e7\u00e3o na estrutura do motor da unidade de acionamento. Ao projetar o motor para minimizar distor\u00e7\u00f5es, garantimos que o sistema gera frequ\u00eancias adicionais m\u00ednimas al\u00e9m do sinal original.<\/p>\n<p>O sistema Twin-Drive cria um campo magn\u00e9tico totalmente sim\u00e9trico, resultando em distor\u00e7\u00e3o de intermodula\u00e7\u00e3o (IMD) extremamente baixa e um som puro e preciso.<\/p>\n<p>A s\u00e9rie SourcePoint representa um tour-de-force em design e engenharia. Oferecendo o mesmo n\u00edvel de excel\u00eancia sonora de seu irm\u00e3o maior, o SourcePoint 8 \u00e9 um pacote vers\u00e1til e gerenci\u00e1vel que certamente encantar\u00e1 audi\u00f3filos de todos os matizes. Seu excelente desempenho, design elegante e engenharia excepcional fazem dele uma adi\u00e7\u00e3o valiosa \u00e0 sala de audi\u00e7\u00e3o de qualquer amante da m\u00fasica.<\/p>\n<p>CARACTER\u00cdSTICAS<\/p>\n<p>Driver conc\u00eantrico de 8 polegadas<br \/>\nTweeter de c\u00fapula macia de rolo largo de 1,25 polegadas<br \/>\nCaixa ventilada de 2 vias<br \/>\nFolheado de madeira verdadeira Satin Walnut, Satin Black Ash folheado de madeira real ou pintado de Satin White<br \/>\nPostes de liga\u00e7\u00e3o de 5 vias<br \/>\nGrades magn\u00e9ticas<\/p>\n","protected":false},"excerpt":{"rendered":"<p>Detalhes do produto O SourcePoint 8 \u00e9 a mais recente cria\u00e7\u00e3o do renomado designer Andrew Jones, que cuidadosamente criou o alto-falante para incorporar o mesmo DNA ac\u00fastico do amplamente aclamado SourcePoint 10. O novo SourcePoint 8 re\u00fane a mesma excel\u00eancia sonora de seu irm\u00e3o maior em um formato mais compacto e gerenci\u00e1vel. fator de forma. [&hellip;]<\/p>\n","protected":false},"featured_media":27488,"template":"","meta":{"_acf_changed":false},"product_brand":[],"product_cat":[25,17,213],"product_tag":[],"class_list":{"0":"post-5487","1":"product","2":"type-product","3":"status-publish","4":"has-post-thumbnail","6":"product_cat-bookshelf","7":"product_cat-caixas","8":"product_cat-mofi","10":"first","11":"instock","12":"sold-individually","13":"shipping-taxable","14":"purchasable","15":"product-type-simple"},"acf":[],"aioseo_notices":[],"_links":{"self":[{"href":"https:\/\/hificlub.com.br\/loja\/wp-json\/wp\/v2\/product\/5487","targetHints":{"allow":["GET"]}}],"collection":[{"href":"https:\/\/hificlub.com.br\/loja\/wp-json\/wp\/v2\/product"}],"about":[{"href":"https:\/\/hificlub.com.br\/loja\/wp-json\/wp\/v2\/types\/product"}],"wp:featuredmedia":[{"embeddable":true,"href":"https:\/\/hificlub.com.br\/loja\/wp-json\/wp\/v2\/media\/27488"}],"wp:attachment":[{"href":"https:\/\/hificlub.com.br\/loja\/wp-json\/wp\/v2\/media?parent=5487"}],"wp:term":[{"taxonomy":"product_brand","embeddable":true,"href":"https:\/\/hificlub.com.br\/loja\/wp-json\/wp\/v2\/product_brand?post=5487"},{"taxonomy":"product_cat","embeddable":true,"href":"https:\/\/hificlub.com.br\/loja\/wp-json\/wp\/v2\/product_cat?post=5487"},{"taxonomy":"product_tag","embeddable":true,"href":"https:\/\/hificlub.com.br\/loja\/wp-json\/wp\/v2\/product_tag?post=5487"}],"curies":[{"name":"wp","href":"https:\/\/api.w.org\/{rel}","templated":true}]}}