{"id":5377,"date":"2023-11-24T18:57:25","date_gmt":"2023-11-24T21:57:25","guid":{"rendered":"https:\/\/hificlub.com.br\/loja2\/?post_type=product&#038;p=5377"},"modified":"2026-03-03T22:20:27","modified_gmt":"2026-03-04T01:20:27","slug":"hegel-h30-1100-watts-2","status":"publish","type":"product","link":"https:\/\/hificlub.com.br\/loja\/produto\/hegel-h30-1100-watts-2\/","title":{"rendered":"HEGEL H30  Amplificador Stereo 1100 Watts"},"content":{"rendered":"<p>Com uma pot\u00eancia de mais de 1,1 kW em 8 ohms que est\u00e1 \u00e0 beira de ser mais f\u00e1cil de medir o H30 em cavalos de pot\u00eancia. Os enormes amplificadores de pot\u00eancia H30 mono de Hegel jogar qualquer alto-falante no mundo com facilidade e autoridade. O H30 \u00e9 a nossa melhor amplificador de pot\u00eancia nunca, e \u00e9 definitivamente um combatente por ser o melhor amplificador de pot\u00eancia no mundo. O H30 \u00e9 desenvolvido como um bloco mono, mas h\u00e1 tamb\u00e9m a possibilidade de us\u00e1-lo como um amplificador de pot\u00eancia est\u00e9reo para come\u00e7ar com se voc\u00ea estiver em um or\u00e7amento. O progresso \u00e9 uma rua de sentido e assim para os nossos amplificadores de pot\u00eancia. O H30 est\u00e1 usando uma vers\u00e3o nova e melhorada da tecnologia patenteada amplificador de Hegel SoundEngine. Esta reduzir ainda mais todos os tipos de distor\u00e7\u00f5es. Al\u00e9m da melhoria SoundEngine tamb\u00e9m estamos usando o n\u00edvel mais alto poss\u00edvel do FET-tecnologia de Hegel na fase de entrada eo est\u00e1gio de ganho de tens\u00e3o. Esta tecnologia reduzir um tipo muito espec\u00edfico de distor\u00e7\u00e3o chamada distor\u00e7\u00e3o harm\u00f4nica. Este tipo particular de distor\u00e7\u00e3o faz com que muitas pessoas chamam de \u201csom transistor\u201d, e este \u00e9, portanto, dramaticamente reduzido no H30. Ele vai simplesmente deixar a m\u00fasica chegar at\u00e9 voc\u00ea de uma maneira diferente do que o que voc\u00ea j\u00e1 experimentou antes.<\/p>\n<p>Normalmente, quando voc\u00ea compara um amplificador menos potente com um amplificador mais potente, o mais poderoso ter\u00e1 um baixo mais potente, mais ataque e mais \u201cSLAM\u201d do que o menos poderoso. \u00c9 assim que funciona at\u00e9 um certo ponto. O Hegel H30 est\u00e1 al\u00e9m deste ponto, e, de repente, as diferen\u00e7as tornam-se diferentes. O H30 vai simplesmente jogar com um controle totalmente indiscut\u00edvel, independentemente dos alto-falantes. O baixo \u00e9 muito profunda, mas n\u00e3o dominando. O n\u00edvel de detalhe nas altas frequ\u00eancias s\u00e3o desconhecidos, mas nunca excesso. Normalmente, uma demonstra\u00e7\u00e3o da combina\u00e7\u00e3o H30 e P30 termina com aplaudem as m\u00e3os e uma wooooow sussurrando \u2026<\/p>\n<p>Ent\u00e3o, o que define o H30 al\u00e9m do H4SE? Existem v\u00e1rias diferen\u00e7as t\u00e9cnicas. Como um amplificador de pot\u00eancia mono, o H30 tem um est\u00e1gio de sa\u00edda totalmente equilibrado que reduz a distor\u00e7\u00e3o e anular a distor\u00e7\u00e3o. Ainda mais, o H30 tem um est\u00e1gio de entrada e ganho de tens\u00e3o est\u00e1gio muito mais avan\u00e7ado. Tanto o H4SE e o H30 utiliza transistores combinados m\u00e3o, mas apenas o H30 utiliza a combina\u00e7\u00e3o especial de JFET e os transistores MOS-FET. Isso reduz ainda mais alta ordem distor\u00e7\u00e3o harm\u00f4nica no H30. A terceira grande diferen\u00e7a entre os dois \u00e9 transistores de sa\u00edda do H30. Estes s\u00e3o de maior qualidade, com menos distor\u00e7\u00f5es do que os do H4SE. Em adi\u00e7\u00e3o a isto, o uso de transformadores duplas no H30, reduz o ru\u00eddo mec\u00e2nico. O or\u00e7amento superior tamb\u00e9m permitem o uso de pe\u00e7as melhores em todo o H30.<\/p>\n<p><strong>\u00a0<\/strong><\/p>\n<p><strong>Output power:<\/strong>\u00a0More than 1100 W in 8 ohms<br \/>\n<strong>Miniumum load impedance:<\/strong>\u00a01 ohm load<br \/>\n<strong>Inputs:<\/strong>\u00a0RCA unbalanced and XLR balanced<br \/>\n<strong>Speaker outputs:<\/strong>\u00a0Two pairs of heavy duty gold plated terminals<br \/>\n<strong>Input impedance:<\/strong>\u00a0Balanced 20kohm, unbalanced 10kohm<br \/>\n<strong>Signal to noise ratio:<\/strong>\u00a0More than 100dB<br \/>\n<strong>Crosstalk:<\/strong>\u00a0Less than -100dB<br \/>\n<strong>Distortion:<\/strong>\u00a0Less than 0.003 % at 100W i 8 ohm<br \/>\n<strong>Intermodulation:<\/strong>\u00a0Less than 0.01 % (19kHz + 20kHz)<br \/>\n<strong>Damping factor:<\/strong>\u00a0More than 500<br \/>\n<strong>Power supply:<\/strong>\u00a02000VA dual mono, 270 000uF capacitors<br \/>\n<strong>Output stage:<\/strong>\u00a056 pcs 15A 200W high speed, Ultra low distortion bipolar transistors<br \/>\n<strong>Power consumption:<\/strong>\u00a0120W in idle mode, 30 watt in ECO mode<br \/>\n<strong>Finish\u00a0<\/strong>Black and Silver<br \/>\n<strong>Dimensions\/weight:<\/strong>\u00a021cm x 43cm x 55cm (HxWxD), weight 45kg<\/p>\n","protected":false},"excerpt":{"rendered":"<p>Com uma pot\u00eancia de mais de 1,1 kW em 8 ohms que est\u00e1 \u00e0 beira de ser mais f\u00e1cil de medir o H30 em cavalos de pot\u00eancia. Os enormes amplificadores de pot\u00eancia H30 mono de Hegel jogar qualquer alto-falante no mundo com facilidade e autoridade. O H30 \u00e9 a nossa melhor amplificador de pot\u00eancia nunca, [&hellip;]<\/p>\n","protected":false},"featured_media":5378,"template":"","meta":{"_acf_changed":false},"product_brand":[],"product_cat":[27,28,93],"product_tag":[],"class_list":{"0":"post-5377","1":"product","2":"type-product","3":"status-publish","4":"has-post-thumbnail","6":"product_cat-amplificador","7":"product_cat-estereo","8":"product_cat-hegel","10":"first","11":"instock","12":"sold-individually","13":"shipping-taxable","14":"purchasable","15":"product-type-simple"},"acf":[],"aioseo_notices":[],"_links":{"self":[{"href":"https:\/\/hificlub.com.br\/loja\/wp-json\/wp\/v2\/product\/5377","targetHints":{"allow":["GET"]}}],"collection":[{"href":"https:\/\/hificlub.com.br\/loja\/wp-json\/wp\/v2\/product"}],"about":[{"href":"https:\/\/hificlub.com.br\/loja\/wp-json\/wp\/v2\/types\/product"}],"wp:featuredmedia":[{"embeddable":true,"href":"https:\/\/hificlub.com.br\/loja\/wp-json\/wp\/v2\/media\/5378"}],"wp:attachment":[{"href":"https:\/\/hificlub.com.br\/loja\/wp-json\/wp\/v2\/media?parent=5377"}],"wp:term":[{"taxonomy":"product_brand","embeddable":true,"href":"https:\/\/hificlub.com.br\/loja\/wp-json\/wp\/v2\/product_brand?post=5377"},{"taxonomy":"product_cat","embeddable":true,"href":"https:\/\/hificlub.com.br\/loja\/wp-json\/wp\/v2\/product_cat?post=5377"},{"taxonomy":"product_tag","embeddable":true,"href":"https:\/\/hificlub.com.br\/loja\/wp-json\/wp\/v2\/product_tag?post=5377"}],"curies":[{"name":"wp","href":"https:\/\/api.w.org\/{rel}","templated":true}]}}