{"id":5219,"date":"2023-10-25T16:28:53","date_gmt":"2023-10-25T19:28:53","guid":{"rendered":"https:\/\/hificlub.com.br\/loja2\/?post_type=product&#038;p=5219"},"modified":"2026-04-08T04:28:54","modified_gmt":"2026-04-08T07:28:54","slug":"accuphase-e-4000-mosfet-180-watts","status":"publish","type":"product","link":"https:\/\/hificlub.com.br\/loja\/produto\/accuphase-e-4000-mosfet-180-watts\/","title":{"rendered":"ACCUPHASE E-4000 MOSFET 180 watts"},"content":{"rendered":"<p>O amplificador integrado E-4000 surgiu de tecnologias de amplificadores separados.\u00a0A se\u00e7\u00e3o do pr\u00e9-amplificador apresenta AAVA usando ANCC para permitir ajustes de volume que mant\u00eam altos n\u00edveis de vibra\u00e7\u00e3o.\u00a0A se\u00e7\u00e3o do amplificador de pot\u00eancia emprega transmiss\u00e3o balanceada utilizando o princ\u00edpio do amplificador de instrumenta\u00e7\u00e3o para levar a supress\u00e3o de ru\u00eddo ao seu limite.\u00a0O E-4000 est\u00e1 equipado com uma configura\u00e7\u00e3o push-pull paralela qu\u00e1drupla de transistores de pot\u00eancia acionados em Classe AB no est\u00e1gio de sa\u00edda para extrair at\u00e9 a \u00faltima gota de potencial dos alto-falantes e criar ambientes sonoros cheios de sutileza.<\/p>\n<ul>\n<li>Revolucion\u00e1rio controle de volume AAVA<\/li>\n<li>Configura\u00e7\u00e3o push-pull paralela qu\u00e1drupla de transistores de pot\u00eancia acionados na Classe AB<\/li>\n<li>Sa\u00edda de alta pot\u00eancia de 180 watts em 8 ohms \/ 260 watts em 4 ohms<\/li>\n<li>Est\u00e1gio de amplifica\u00e7\u00e3o de pot\u00eancia configurado como amplificador de instrumenta\u00e7\u00e3o<\/li>\n<li>Alto fator de amortecimento de 800<\/li>\n<li>Forte fonte de alimenta\u00e7\u00e3o com transformador toroidal maci\u00e7o de alta efici\u00eancia<\/li>\n<li>Capacitores de filtragem grandes e de alta tens\u00e3o<\/li>\n<li>Circuitos de prote\u00e7\u00e3o usando switches MOS-FET<\/li>\n<\/ul>\n<div class=\"product-container\" data-product-container=\"\">\n<div class=\"product-details-wrapper\" data-product-details=\"\" data-product-title=\"Accuphase NEW E-4000 180W Integrated Amplifier. The Finest.\">\n<section class=\"product-tabs\" data-tabs=\"\">\n<div class=\"product-tabs-content product-tabs-content-mobile\">\n<div id=\"tab-0\" class=\"product-tabs-section user-content Specs-Features\" data-tab-content=\"\">\n<div class=\"test tabdata\" title=\"Especifica\u00e7\u00f5es\/recursos\" data-order=\"1\">\n<div class=\"page\" title=\"P\u00e1gina 4\">\n<div class=\"layoutArea\">\n<div class=\"column\">\n<p>Pot\u00eancia de sa\u00edda m\u00e9dia cont\u00ednua nominal (ambos os canais operando simultaneamente, 20 &#8211; 20.000 Hz)<br \/>\nCarga de 4 ohms de 260 W\/ch<br \/>\nCarga de 8 ohms de 180 W\/ch<\/p>\n<p>Distor\u00e7\u00e3o Harm\u00f4nica Total (ambos os canais operando simultaneamente, 20 &#8211; 20.000 Hz)<br \/>\n0,05% carga de 4 a 16 ohms<\/p>\n<p>Distor\u00e7\u00e3o de Intermodula\u00e7\u00e3o 0,01%<\/p>\n<p>Resposta de frequ\u00eancia<br \/>\nENTRADA DE ALTO N\u00cdVEL<br \/>\nNa sa\u00edda m\u00e9dia cont\u00ednua nominal: 20 &#8211; 20.000 Hz +0, \u20130,5 dB<br \/>\nPRINCIPAL EM<br \/>\nNa sa\u00edda m\u00e9dia cont\u00ednua nominal: 20 &#8211; 20.000 Hz +0, \u20130,2 dB<br \/>\nNa sa\u00edda de 1 watt: 3 &#8211; 150.000 Hz +0, \u20133,0 dB<\/p>\n<p>Fator de Amortecimento 800<\/p>\n<p>Ganho<br \/>\nENTRADA DE ALTO N\u00cdVEL &#8211; PR\u00c9 SA\u00cdDA: 18 dB<br \/>\nPRINCIPAL ENTRADA &#8211; SA\u00cdDA: 28 dB<\/p>\n<p>Controles de tom Frequ\u00eancia de rota\u00e7\u00e3o e faixa de ajuste<br \/>\nBAIXO: 300 Hz \u00b110 dB<br \/>\nAGUDOS: 3 kHz \u00b110 dB<\/p>\n<p>Compensador de volume +6 dB (100 Hz)<\/p>\n<p>Atenuador -20 dB<\/p>\n<p>Medidores de pot\u00eancia &#8211; Exibi\u00e7\u00e3o logar\u00edtmica do n\u00edvel de pico da sa\u00edda em dB ou porcentagem<br \/>\nCom fun\u00e7\u00e3o de ligar\/desligar medidor<\/p>\n<p>Imped\u00e2ncia de carga de sa\u00edda 4 a 16 ohms<\/p>\n<p>Fones de ouvido est\u00e9reo Imped\u00e2ncia adequada: 8 ohms ou superior<\/p>\n<p>Requisitos de alimenta\u00e7\u00e3o 120 V\/220 V\/230 V CA, 50\/60 Hz<br \/>\n(Tens\u00e3o indicada no painel traseiro)<\/p>\n<p>Consumo de energia 54W ocioso<br \/>\n248 W de acordo com IEC 62368-1<br \/>\nEm espera 0,3 W<\/p>\n<p>Dimens\u00f5es m\u00e1ximas Largura 465 mm (18,3&#8243;)<br \/>\nAltura 181 mm (7,1&#8243;)<br \/>\nProfundidade 428 mm (16,9&#8243;)<br \/>\nMassa 24,4 kg (53,8 lbs) l\u00edquida<br \/>\n31,0 kg (69 lbs) na caixa de transporte<\/p>\n<\/div>\n<\/div>\n<\/div>\n<\/div>\n<\/div>\n<\/div>\n<\/section>\n<\/div>\n<\/div>\n","protected":false},"excerpt":{"rendered":"<p>O amplificador integrado E-4000 surgiu de tecnologias de amplificadores separados.\u00a0A se\u00e7\u00e3o do pr\u00e9-amplificador apresenta AAVA usando ANCC para permitir ajustes de volume que mant\u00eam altos n\u00edveis de vibra\u00e7\u00e3o.\u00a0A se\u00e7\u00e3o do amplificador de pot\u00eancia emprega transmiss\u00e3o balanceada utilizando o princ\u00edpio do amplificador de instrumenta\u00e7\u00e3o para levar a supress\u00e3o de ru\u00eddo ao seu limite.\u00a0O E-4000 est\u00e1 equipado [&hellip;]<\/p>\n","protected":false},"featured_media":5220,"template":"","meta":{"_acf_changed":false},"product_brand":[],"product_cat":[229,27,51],"product_tag":[],"class_list":{"0":"post-5219","1":"product","2":"type-product","3":"status-publish","4":"has-post-thumbnail","6":"product_cat-accuphase","7":"product_cat-amplificador","8":"product_cat-integrado","10":"first","11":"instock","12":"sold-individually","13":"shipping-taxable","14":"purchasable","15":"product-type-simple"},"acf":[],"aioseo_notices":[],"_links":{"self":[{"href":"https:\/\/hificlub.com.br\/loja\/wp-json\/wp\/v2\/product\/5219","targetHints":{"allow":["GET"]}}],"collection":[{"href":"https:\/\/hificlub.com.br\/loja\/wp-json\/wp\/v2\/product"}],"about":[{"href":"https:\/\/hificlub.com.br\/loja\/wp-json\/wp\/v2\/types\/product"}],"wp:featuredmedia":[{"embeddable":true,"href":"https:\/\/hificlub.com.br\/loja\/wp-json\/wp\/v2\/media\/5220"}],"wp:attachment":[{"href":"https:\/\/hificlub.com.br\/loja\/wp-json\/wp\/v2\/media?parent=5219"}],"wp:term":[{"taxonomy":"product_brand","embeddable":true,"href":"https:\/\/hificlub.com.br\/loja\/wp-json\/wp\/v2\/product_brand?post=5219"},{"taxonomy":"product_cat","embeddable":true,"href":"https:\/\/hificlub.com.br\/loja\/wp-json\/wp\/v2\/product_cat?post=5219"},{"taxonomy":"product_tag","embeddable":true,"href":"https:\/\/hificlub.com.br\/loja\/wp-json\/wp\/v2\/product_tag?post=5219"}],"curies":[{"name":"wp","href":"https:\/\/api.w.org\/{rel}","templated":true}]}}