{"id":5214,"date":"2023-10-25T14:40:07","date_gmt":"2023-10-25T17:40:07","guid":{"rendered":"https:\/\/hificlub.com.br\/loja2\/?post_type=product&#038;p=5214"},"modified":"2026-04-08T04:34:13","modified_gmt":"2026-04-08T07:34:13","slug":"accuphase-dp-450-com-dac","status":"publish","type":"product","link":"https:\/\/hificlub.com.br\/loja\/produto\/accuphase-dp-450-com-dac\/","title":{"rendered":"ACCUPHASE DP-450 com DAC"},"content":{"rendered":"<p>A Accuphase passou 35 anos desenvolvendo CD players em busca do melhor em reprodu\u00e7\u00e3o de discos.\u00a0O CD player DP-450 combina v\u00e1rias tecnologias inovadoras, incluindo um mecanismo de unidade de CD com uma forte estrutura integrada, amortecedores el\u00e1sticos de alta qualidade que protegem o atuador da lente contra vibra\u00e7\u00e3o e conversores D\/A do tipo MDS+ com quatro circuitos paralelos.\u00a0O DP-450 extrai todo o potencial de qualquer CD para oferecer uma experi\u00eancia de audi\u00e7\u00e3o que permanece com voc\u00ea.<\/p>\n<ul>\n<li>Unidade de CD de alta qualidade.<\/li>\n<li>Conversor D\/A tipo MDS+ com quatro circuitos paralelos.<\/li>\n<li>Filtro balanceado direto com linha separada e caminhos de sinal balanceados.<\/li>\n<li>Listas de reprodu\u00e7\u00e3o program\u00e1veis \u200b\u200bque podem alterar a ordem das faixas.<\/li>\n<li>Frequ\u00eancia de amostragem e exibi\u00e7\u00e3o de bits de quantiza\u00e7\u00e3o.<\/li>\n<li>Sa\u00eddas de transporte e entradas digitais.<\/li>\n<li>Interface digital com entrada USB.<\/li>\n<li>Conex\u00e3o digital com um equalizador de voz Accuphase.<\/li>\n<li>Sele\u00e7\u00e3o de fase de sa\u00edda balanceada.<\/li>\n<\/ul>\n<p>O Accuphase DP 450 \u00e9 o CD player dedicado que oferece desempenho sofisticado e excelente qualidade de som com todas as tecnologias desenvolvidas no DP-570 SACD\/CD player.\u00a0O controle de vibra\u00e7\u00e3o em CD players que leem dados de \u00e1udio de discos girat\u00f3rios impactam muito na qualidade do som.\u00a0Ao instalar o mecanismo de acionamento rec\u00e9m-desenvolvido e reformar a estrutura do chassi, o DP450 melhora significativamente o desempenho antivibra\u00e7\u00e3o e de amortecimento de vibra\u00e7\u00e3o.\u00a0O chip DAC de alto desempenho e o circuito de filtro aprimorado produzem desempenho eletr\u00f4nico e qualidade de som ideais, incluindo a caracter\u00edstica de baixo ru\u00eddo.\u00a0Fazendo pleno uso de tecnologias de ponta, o DP-450 extrai as cores verdadeiras de qualquer CD para oferecer uma experi\u00eancia de audi\u00e7\u00e3o que permanece com voc\u00ea.<\/p>\n<p>A forte estrutura integrada do chassi que suporta o mecanismo da unidade de CD adota a estrutura de 2 pe\u00e7as, das 7 pe\u00e7as do antigo DP-430.\u00a0Essa rigidez aprimorada do chassi ajuda a melhorar o desempenho antivibra\u00e7\u00e3o e amortecimento de vibra\u00e7\u00e3o.<\/p>\n<p>O mecanismo de unidade de CD rec\u00e9m-desenvolvido torna a tampa da ponte maior do que o modelo anterior e aplicou uma estrutura de tr\u00eas camadas com o material de estrutura de c\u00e9lula aberta que absorve as vibra\u00e7\u00f5es e ru\u00eddos operacionais.\u00a0O \u00edm\u00e3 de fixa\u00e7\u00e3o \u00e9 um \u00edm\u00e3 de neod\u00edmio de 8 p\u00f3los para alta densidade de fluxo magn\u00e9tico e precis\u00e3o dimensional, e permite a rota\u00e7\u00e3o uniforme do disco sem oscila\u00e7\u00e3o.<\/p>\n<p>A unidade transversal que \u00e9 carregada com o captador de laser e os amortecedores viscoel\u00e1sticos que isolam as vibra\u00e7\u00f5es entre o chassi principal s\u00e3o pe\u00e7as muito importantes para as caracter\u00edsticas de vibra\u00e7\u00e3o.\u00a0No DP-450, os amortecedores viscoel\u00e1sticos de alto desempenho, projetados com novos materiais e formas, s\u00e3o incorporados.<\/p>\n<p>Para a se\u00e7\u00e3o do conversor D\/A, o Accuphase atualiza o chip DAC para o Hyper Stream de 32 bits da ESS Technology \u2161 DAC ES9026PRO para DP-450.\u00a0** DP-430 usa Asahi Kasei Micro Electronics AK4490EQ.\u00a0O ES9026PRO possui 8 DACs internos e o DP-450 usa 4 DACs conectados em paralelo por canal com a tecnologia exclusiva da Accuphase, sistema de convers\u00e3o Multiple Delta Sigma +.\u00a0Estrutura totalmente balanceada \u00e9 empregada no DP-450.\u00a0Al\u00e9m disso, o filtro passa-baixo independente \u00e9 instalado para cada sa\u00edda de \u00e1udio (filtro balanceado direto), gra\u00e7as a isso, os sinais de som de todas as sa\u00eddas tornam-se de alta qualidade.<\/p>\n<p>O DP-450 possui 3 entradas digitais, Coaxial, \u00d3ptica e USB.\u00a0A entrada USB aceita 384kHz\/32bit-PCM ou 11.2896MHzDSD.\u00a0Sa\u00eddas coaxiais e de transporte \u00f3ptico tamb\u00e9m est\u00e3o dispon\u00edveis.\u00a0A parte de transporte e a parte DAC podem funcionar separadamente.\u00a0O DG-68 pode ser conectado facilmente entre a sa\u00edda de transporte e a entrada digital do DP-450.<\/p>\n<p class=\"h6\">Ficha de dados<\/p>\n<dl class=\"data-sheet\">\n<dt class=\"name\">Altura<\/dt>\n<dd class=\"value\">151 mm<\/dd>\n<dt class=\"name\">Largura<\/dt>\n<dd class=\"value\">465 mm<\/dd>\n<dt class=\"name\">Profundidade<\/dt>\n<dd class=\"value\">393 mm<\/dd>\n<dt class=\"name\">Peso<\/dt>\n<dd class=\"value\">13,7 kg<\/dd>\n<\/dl>\n","protected":false},"excerpt":{"rendered":"<p>A Accuphase passou 35 anos desenvolvendo CD players em busca do melhor em reprodu\u00e7\u00e3o de discos.\u00a0O CD player DP-450 combina v\u00e1rias tecnologias inovadoras, incluindo um mecanismo de unidade de CD com uma forte estrutura integrada, amortecedores el\u00e1sticos de alta qualidade que protegem o atuador da lente contra vibra\u00e7\u00e3o e conversores D\/A do tipo MDS+ com [&hellip;]<\/p>\n","protected":false},"featured_media":5218,"template":"","meta":{"_acf_changed":false},"product_brand":[],"product_cat":[229,42,41],"product_tag":[],"class_list":{"0":"post-5214","1":"product","2":"type-product","3":"status-publish","4":"has-post-thumbnail","6":"product_cat-accuphase","7":"product_cat-cd-players","8":"product_cat-digital","10":"first","11":"instock","12":"sold-individually","13":"shipping-taxable","14":"purchasable","15":"product-type-simple"},"acf":[],"aioseo_notices":[],"_links":{"self":[{"href":"https:\/\/hificlub.com.br\/loja\/wp-json\/wp\/v2\/product\/5214","targetHints":{"allow":["GET"]}}],"collection":[{"href":"https:\/\/hificlub.com.br\/loja\/wp-json\/wp\/v2\/product"}],"about":[{"href":"https:\/\/hificlub.com.br\/loja\/wp-json\/wp\/v2\/types\/product"}],"wp:featuredmedia":[{"embeddable":true,"href":"https:\/\/hificlub.com.br\/loja\/wp-json\/wp\/v2\/media\/5218"}],"wp:attachment":[{"href":"https:\/\/hificlub.com.br\/loja\/wp-json\/wp\/v2\/media?parent=5214"}],"wp:term":[{"taxonomy":"product_brand","embeddable":true,"href":"https:\/\/hificlub.com.br\/loja\/wp-json\/wp\/v2\/product_brand?post=5214"},{"taxonomy":"product_cat","embeddable":true,"href":"https:\/\/hificlub.com.br\/loja\/wp-json\/wp\/v2\/product_cat?post=5214"},{"taxonomy":"product_tag","embeddable":true,"href":"https:\/\/hificlub.com.br\/loja\/wp-json\/wp\/v2\/product_tag?post=5214"}],"curies":[{"name":"wp","href":"https:\/\/api.w.org\/{rel}","templated":true}]}}