{"id":5068,"date":"2023-10-17T20:14:47","date_gmt":"2023-10-17T23:14:47","guid":{"rendered":"https:\/\/hificlub.com.br\/loja2\/produto\/panamax-m5100-pm\/"},"modified":"2026-04-22T05:22:33","modified_gmt":"2026-04-22T08:22:33","slug":"panamax-m5100-pm","status":"publish","type":"product","link":"https:\/\/hificlub.com.br\/loja\/produto\/panamax-m5100-pm\/","title":{"rendered":"PANAMAX M5100-PM"},"content":{"rendered":"<p>O Condicionador de energia de home theater Panamax M5100-PM \u00e9 um dispositivo de prote\u00e7\u00e3o de gerenciamento de home theater premium que proteger\u00e1 seu sistema contra picos de energia e irregularidades de tens\u00e3o CA.<\/p>\n<h4 class=\"h5 mb-tight\"><span dir=\"auto\">Informa\u00e7\u00f5es sobre o produto:<\/span><\/h4>\n<ul>\n<li><span dir=\"auto\">11 tomadas CA com 3 bancos isolados:<\/span>\n<ul>\n<li><span dir=\"auto\">um conjunto isolado de quatro tomadas com interruptor<\/span><\/li>\n<li><span dir=\"auto\">um conjunto isolado de quatro tomadas sempre ligadas<\/span><\/li>\n<li><span dir=\"auto\">um conjunto isolado de duas tomadas de alta corrente com interruptor e retardo no acionamento\/desligamento<\/span><\/li>\n<li><span dir=\"auto\">uma tomada de conveni\u00eancia no painel frontal<\/span><\/li>\n<\/ul>\n<\/li>\n<li><span dir=\"auto\">carregador USB no painel frontal<\/span><\/li>\n<li><span dir=\"auto\">Prote\u00e7\u00e3o contra surtos, sobretens\u00e3o e subtens\u00e3o<\/span><\/li>\n<li><span dir=\"auto\">O circuito de filtragem praticamente elimina o ru\u00eddo da linha.<\/span><\/li>\n<li><span dir=\"auto\">Tr\u00eas conjuntos de conex\u00f5es coaxiais de RF para antena de cabo\/sat\u00e9lite\/TV.<\/span><\/li>\n<li><span dir=\"auto\">duas entradas e sa\u00eddas de linha LAN RJ-45, incluindo uma conex\u00e3o no painel frontal<\/span><\/li>\n<li><span dir=\"auto\">Entrada e sa\u00edda de linha telef\u00f4nica RJ-11<\/span><\/li>\n<li><span dir=\"auto\">Entrada de disparo de 12 volts para tomadas com retardo.<\/span><\/li>\n<li><span dir=\"auto\">volt\u00edmetro digital do painel frontal<\/span><\/li>\n<li><span dir=\"auto\">Prote\u00e7\u00e3o contra surtos de 1815 joules<\/span><\/li>\n<li><span dir=\"auto\">Corrente m\u00e1xima nominal: 15 amperes<\/span><\/li>\n<li><span dir=\"auto\">17&#8243;L x 4-1\/8&#8243;A x 14-1\/4&#8243;P<\/span><\/li>\n<\/ul>\n<div class=\"DetailRow\">\n<div class=\"Label\"><\/div>\n<\/div>\n","protected":false},"excerpt":{"rendered":"<p>O Condicionador de energia de home theater Panamax M5100-PM \u00e9 um dispositivo de prote\u00e7\u00e3o de gerenciamento de home theater premium que proteger\u00e1 seu sistema contra picos de energia e irregularidades de tens\u00e3o CA. Informa\u00e7\u00f5es sobre o produto: 11 tomadas CA com 3 bancos isolados: um conjunto isolado de quatro tomadas com interruptor um conjunto isolado [&hellip;]<\/p>\n","protected":false},"featured_media":5067,"template":"","meta":{"_acf_changed":false},"product_brand":[],"product_cat":[89,106,250],"product_tag":[],"class_list":{"0":"post-5068","1":"product","2":"type-product","3":"status-publish","4":"has-post-thumbnail","6":"product_cat-acessorios","7":"product_cat-energia","8":"product_cat-panamax","10":"first","11":"instock","12":"sold-individually","13":"shipping-taxable","14":"purchasable","15":"product-type-simple"},"acf":[],"aioseo_notices":[],"_links":{"self":[{"href":"https:\/\/hificlub.com.br\/loja\/wp-json\/wp\/v2\/product\/5068","targetHints":{"allow":["GET"]}}],"collection":[{"href":"https:\/\/hificlub.com.br\/loja\/wp-json\/wp\/v2\/product"}],"about":[{"href":"https:\/\/hificlub.com.br\/loja\/wp-json\/wp\/v2\/types\/product"}],"wp:featuredmedia":[{"embeddable":true,"href":"https:\/\/hificlub.com.br\/loja\/wp-json\/wp\/v2\/media\/5067"}],"wp:attachment":[{"href":"https:\/\/hificlub.com.br\/loja\/wp-json\/wp\/v2\/media?parent=5068"}],"wp:term":[{"taxonomy":"product_brand","embeddable":true,"href":"https:\/\/hificlub.com.br\/loja\/wp-json\/wp\/v2\/product_brand?post=5068"},{"taxonomy":"product_cat","embeddable":true,"href":"https:\/\/hificlub.com.br\/loja\/wp-json\/wp\/v2\/product_cat?post=5068"},{"taxonomy":"product_tag","embeddable":true,"href":"https:\/\/hificlub.com.br\/loja\/wp-json\/wp\/v2\/product_tag?post=5068"}],"curies":[{"name":"wp","href":"https:\/\/api.w.org\/{rel}","templated":true}]}}