{"id":5055,"date":"2023-10-17T20:14:42","date_gmt":"2023-10-17T23:14:42","guid":{"rendered":"https:\/\/hificlub.com.br\/loja2\/produto\/psb-synchrony-one-b\/"},"modified":"2026-02-19T17:33:56","modified_gmt":"2026-02-19T20:33:56","slug":"psb-synchrony-one-b","status":"publish","type":"product","link":"https:\/\/hificlub.com.br\/loja\/produto\/psb-synchrony-one-b\/","title":{"rendered":"PSB SYNCHRONY ONE B"},"content":{"rendered":"<p>ESTADO 9\/10<\/p>\n<div class=\"block_maintext\">\n<p><span class=\"\">Entre os concorrentes, o PSB Synchrony One B destaca-se n\u00e3o apenas pelo acabamento chique e pela mais alta qualidade de constru\u00e7\u00e3o, mas tamb\u00e9m pela disposi\u00e7\u00e3o pouco convencional dos drivers entre si. Normalmente o tweeter \u00e9 colocado na parte superior do corpo, aqui tudo \u00e9 o oposto &#8211; um mid-woofer de 165 mm com uma membrana de fibra de vidro est\u00e1 na parte superior. Mas pensando bem, esta solu\u00e7\u00e3o \u00e9 justificada &#8211; os graves ficam mais n\u00edtidos devido aos reflexos menores do ch\u00e3o e o tweeter est\u00e1 quase no n\u00edvel da cabe\u00e7a do ouvinte sentado. Quatro crossovers encomendados s\u00e3o montados com componentes de alta qualidade. A frequ\u00eancia de sintonia \u00e9 de 2200 Hz, todos os links s\u00e3o coordenados para obter radia\u00e7\u00e3o em fase dos drivers.<\/span><\/p>\n<p>Como conv\u00e9m aos alto-falantes desta classe, existe a possibilidade de conex\u00e3o de dois fios com um amplificador. Num corpo pesado, tanto pain\u00e9is met\u00e1licos (painel frontal e traseiro, que formam uma moldura \u00fanica) como pain\u00e9is maci\u00e7os de MDF s\u00e3o combinados com sucesso. A constru\u00e7\u00e3o ao mesmo tempo revela-se extremamente amortecida e comporta-se como um verdadeiro mon\u00f3lito ao bater.<\/p>\n<p><span class=\"\">PSB Synchrony One B oferece um som n\u00edtido e bem equilibrado em qualquer volume. Auditivamente, voc\u00ea n\u00e3o notar\u00e1 uma colora\u00e7\u00e3o \u00f3bvia, no entanto, \u00e0s vezes, algum volume de graves \u00e9 captado, causado, provavelmente, por tons laterais na porta bass-reflex. As letras min\u00fasculas s\u00e3o excepcionalmente poderosas, absolutamente at\u00edpicas para sistemas de alto-falantes de prateleira. Uma entrada t\u00e3o confiante na profundidade \u00e9 bastante t\u00edpica para sistemas de alto-falantes de ch\u00e3o de tamanho m\u00e9dio. O potencial din\u00e2mico do One B tamb\u00e9m \u00e9 bastante impressionante, devido ao qual qualquer material musical \u00e9 transferido com contrastes corretos.<\/span><\/p>\n<\/div>\n<ul>\n<li>Three-way, reflex-loaded, magnetically shielded, floorstanding loudspeaker.<\/li>\n<li>Drive-units: 1&#8243; (25mm) ferrofluid-cooled, titanium-dome tweeter; 4&#8243; (102mm) fiberglass\/natural-fiber\u2013cone midrange unit; three 6.5&#8243; (165mm) fiberglass\/natural-fiber\u2013cone woofers.<\/li>\n<li>Crossover frequencies: 500Hz, 2.2kHz (Linkwitz-Reilly topology).<\/li>\n<li>Frequency response: 47Hz &#8211; 20KHz<\/li>\n<li>Sensitivity: 88dB\/2.83V\/m.<\/li>\n<li>Nominal impedance: 4 ohms. Minimum impedance: 4 ohms.<\/li>\n<li>Recommended power: 15 &#8211; 150Wpc.<\/li>\n<li>Dimensions: 222 cm(8 3\/4\u201d) W x 368 cm (14 1\/2\u201d) H x 324 cm (12 3\/4\u201d) D<\/li>\n<li>Peso 22lbs (10kg\/each)<\/li>\n<\/ul>\n<p>&nbsp;<\/p>\n","protected":false},"excerpt":{"rendered":"<p>ESTADO 9\/10 Entre os concorrentes, o PSB Synchrony One B destaca-se n\u00e3o apenas pelo acabamento chique e pela mais alta qualidade de constru\u00e7\u00e3o, mas tamb\u00e9m pela disposi\u00e7\u00e3o pouco convencional dos drivers entre si. Normalmente o tweeter \u00e9 colocado na parte superior do corpo, aqui tudo \u00e9 o oposto &#8211; um mid-woofer de 165 mm com [&hellip;]<\/p>\n","protected":false},"featured_media":13904,"template":"","meta":{"_acf_changed":false},"product_brand":[],"product_cat":[25,17,70],"product_tag":[],"class_list":{"0":"post-5055","1":"product","2":"type-product","3":"status-publish","4":"has-post-thumbnail","6":"product_cat-bookshelf","7":"product_cat-caixas","8":"product_cat-psb","10":"first","11":"instock","12":"sold-individually","13":"shipping-taxable","14":"purchasable","15":"product-type-simple"},"acf":[],"aioseo_notices":[],"_links":{"self":[{"href":"https:\/\/hificlub.com.br\/loja\/wp-json\/wp\/v2\/product\/5055","targetHints":{"allow":["GET"]}}],"collection":[{"href":"https:\/\/hificlub.com.br\/loja\/wp-json\/wp\/v2\/product"}],"about":[{"href":"https:\/\/hificlub.com.br\/loja\/wp-json\/wp\/v2\/types\/product"}],"wp:featuredmedia":[{"embeddable":true,"href":"https:\/\/hificlub.com.br\/loja\/wp-json\/wp\/v2\/media\/13904"}],"wp:attachment":[{"href":"https:\/\/hificlub.com.br\/loja\/wp-json\/wp\/v2\/media?parent=5055"}],"wp:term":[{"taxonomy":"product_brand","embeddable":true,"href":"https:\/\/hificlub.com.br\/loja\/wp-json\/wp\/v2\/product_brand?post=5055"},{"taxonomy":"product_cat","embeddable":true,"href":"https:\/\/hificlub.com.br\/loja\/wp-json\/wp\/v2\/product_cat?post=5055"},{"taxonomy":"product_tag","embeddable":true,"href":"https:\/\/hificlub.com.br\/loja\/wp-json\/wp\/v2\/product_tag?post=5055"}],"curies":[{"name":"wp","href":"https:\/\/api.w.org\/{rel}","templated":true}]}}