{"id":5002,"date":"2023-10-17T20:14:22","date_gmt":"2023-10-17T23:14:22","guid":{"rendered":"https:\/\/hificlub.com.br\/loja2\/produto\/klipsch-rp-160m\/"},"modified":"2026-03-03T22:20:30","modified_gmt":"2026-03-04T01:20:30","slug":"klipsch-rp-160m","status":"publish","type":"product","link":"https:\/\/hificlub.com.br\/loja\/produto\/klipsch-rp-160m\/","title":{"rendered":"KLIPSCH RP-600M II Ebony"},"content":{"rendered":"<p>Eleve a configura\u00e7\u00e3o do seu est\u00e9reo dom\u00e9stico ou expanda o seu sistema de cinema em casa com esses alto -falantes bidirecionais Reference Premiere RP-600M II da Klipsch em um atraente acabamento em \u00e9bano. Este par de alto-falantes de segunda gera\u00e7\u00e3o \u00e9 feito para preencher seu espa\u00e7o com um palco sonoro maior, gra\u00e7as ao maior manuseio de energia e uma diretividade de som mais precisa. Isso \u00e9 obtido por meio da corneta Tractrix maior do tweeter ventilado LTS de tit\u00e2nio de 1\u2033 e da bobina de voz 70% maior no woofer de cone Cerametallic de 6,5\u2033. Quando comparado aos modelos de estantes inferiores da s\u00e9rie, o RP-600M II tamb\u00e9m permite bi-fia\u00e7\u00e3o e bi-amplifica\u00e7\u00e3o, permitindo que voc\u00ea adicione mais pot\u00eancia e desfrute de um som mais claro por meio de distor\u00e7\u00e3o minimizada.<\/p>\n<p>Buzina Tractrix H\u00edbrida Composta de Sil\u00edcio 90 x 90\u00b0<br \/>\nA geometria Tractrix propriet\u00e1ria da Klipsch na buzina \u00e9 especificamente criada para transferir com efici\u00eancia as altas frequ\u00eancias do tweeter para o ouvinte. Esta buzina Tractrix de segunda gera\u00e7\u00e3o \u00e9 maior para melhor diretividade e um palco sonoro geral mais amplo. A buzina Tractrix pode atingir esse n\u00edvel de fidelidade de \u00e1udio e resposta de frequ\u00eancia suave ao ser combinada com um plugue de fase e uma face de silicone moldada comprimida.<br \/>\nTweeter de diafragma de tit\u00e2nio LTS<br \/>\nParte da linha de refer\u00eancia da Klipsch, o LTS (Linear Travel Suspension) trabalha para minimizar a distor\u00e7\u00e3o para uma reprodu\u00e7\u00e3o de \u00e1udio mais detalhada.<br \/>\nDesign de tweeter ventilado<br \/>\nA carca\u00e7a do tweeter neste par de alto-falantes de estante clarifica o sinal de alta frequ\u00eancia reduzindo as ondas estacion\u00e1rias que, de outra forma, criariam harm\u00f4nicos indesejados.<br \/>\nWoofer de cer\u00e2mica<br \/>\nOutro aspecto caracter\u00edstico dos alto-falantes Reference Premiere da Klipsch s\u00e3o os woofers Cerametallic. Este alto-falante de estante \u00e9 equipado com um \u00fanico woofer de 6,5 \u201ce a constru\u00e7\u00e3o Cerametallic o mant\u00e9m leve, mas r\u00edgido, para maximizar a efici\u00eancia ac\u00fastica e minimizar a distor\u00e7\u00e3o. A bobina de voz de segunda gera\u00e7\u00e3o \u00e9 70% maior em di\u00e2metro para garantir uma reprodu\u00e7\u00e3o impec\u00e1vel com melhor manuseio de pot\u00eancia, controle de cone e linearidade.A adi\u00e7\u00e3o de an\u00e9is de curto-circuito de alum\u00ednio aumenta o manuseio de pot\u00eancia aprimorado e reduz a distor\u00e7\u00e3o, enquanto a pr\u00f3pria estrutura do motor melhora a resposta de tr\u00e2nsito adiciona mais controle com maior velocidade e precis\u00e3o aprimorada.<br \/>\nPortas Tractrix<br \/>\nSe voc\u00ea preferir um baixo mais profundo de seus alto-falantes, as portas integradas do RP-600M II utilizam a geometria Tractrix da Klipsch para produzir frequ\u00eancias graves limpas e fortes. A geometria permite que o ar saia do alto-falante de forma r\u00e1pida e eficiente, o que tamb\u00e9m reduz o ru\u00eddo da porta. Os alargamentos internos personalizados reduzem ainda mais o ru\u00eddo, reduzindo a turbul\u00eancia do ar que entra na porta.<br \/>\nBi-Fia\u00e7\u00e3o e Bi-Amplifica\u00e7\u00e3o<br \/>\nOs terminais de entrada dupla na parte traseira de cada alto-falante permitem bi-fia\u00e7\u00e3o e bi-amp com cabeamento adicional (opcional). A fia\u00e7\u00e3o dupla permite separar as frequ\u00eancias altas e baixas de cada cabo. Ao separ\u00e1-los, as interfer\u00eancias e distor\u00e7\u00f5es s\u00e3o minimizadas, proporcionando um som mais claro e com mais precis\u00e3o em seu ambiente de audi\u00e7\u00e3o. A bi-amplifica\u00e7\u00e3o pode gerar mais pot\u00eancia para seus alto-falantes usando crossovers externos com amplificadores separados (opcionais).<br \/>\nPainel de entrada aprimorado<br \/>\nO RP-600M II possui fia\u00e7\u00e3o de n\u00edvel audi\u00f3filo e postes de liga\u00e7\u00e3o de alum\u00ednio facilmente acess\u00edveis para qualquer tipo de conex\u00e3o.<br \/>\nConstru\u00e7\u00e3o Premium<br \/>\nA Klipsch usa MDF de qualidade para m\u00f3veis com refor\u00e7o interno para uma apar\u00eancia dur\u00e1vel e atraente. O acabamento em vinil \u00e9bano inclui defletores pintados acetinados com revestimento resistente a arranh\u00f5es.<br \/>\nGrade Magn\u00e9tica<br \/>\nVoc\u00ea tem a op\u00e7\u00e3o de expor o woofer e o tweeter cor de cobre ou cobri-los com uma grade de alto-falante discreta. A grade se conecta magneticamente \u00e0 frente do RP-600M II.<br \/>\nalmofadas de corti\u00e7a<br \/>\nSubstituindo os p\u00e1ra-choques de borracha t\u00edpicos est\u00e3o as almofadas de corti\u00e7a, que funcionam para proteger as superf\u00edcies de um suporte ou mesa.<\/p>\n<p>Configura\u00e7\u00e3o do alto-falante Frontais 2 Vias<br \/>\nManipula\u00e7\u00e3o de potencia 100 W RMS \/ 400 W Pico<br \/>\nAlto Falantes 1 x woofer de cone de alum\u00ednio\/ceramet\u00e1lico de 6,5\u2033 (disparo frontal)<br \/>\n1 x tweeter de chifre de tit\u00e2nio de 1\u2033 (disparo frontal)<br \/>\nTipo de Gabinete Bass Reflex<br \/>\nResposta de frequ\u00eancia 44 Hz a 25 kHz (\u00b13 dB)<br \/>\nImped\u00e2ncia 8 ohms<br \/>\nConectividade com fio 2 x entrada de par de p\u00f3s-liga\u00e7\u00e3o<br \/>\nCruzamento 1500 Hz<br \/>\nSensibilidade 94,5 dB<br \/>\nF\u00edsico<br \/>\nOp\u00e7\u00f5es de posicionamento e montagem Mesa\/Estante<br \/>\nMaterial do Gabinete MDF, Vinil<br \/>\nGrade Pano (remov\u00edvel)<br \/>\nDimens\u00f5es 8 x 15,7 x 13\u2033 \/ 20,2 x 40 x 33 cm (cada)<br \/>\nPeso 18,1 lb \/ 8,2 kg (cada)<\/p>\n","protected":false},"excerpt":{"rendered":"<p>Eleve a configura\u00e7\u00e3o do seu est\u00e9reo dom\u00e9stico ou expanda o seu sistema de cinema em casa com esses alto -falantes bidirecionais Reference Premiere RP-600M II da Klipsch em um atraente acabamento em \u00e9bano. Este par de alto-falantes de segunda gera\u00e7\u00e3o \u00e9 feito para preencher seu espa\u00e7o com um palco sonoro maior, gra\u00e7as ao maior manuseio [&hellip;]<\/p>\n","protected":false},"featured_media":19403,"template":"","meta":{"_acf_changed":false},"product_brand":[],"product_cat":[25,17,114],"product_tag":[],"class_list":{"0":"post-5002","1":"product","2":"type-product","3":"status-publish","4":"has-post-thumbnail","6":"product_cat-bookshelf","7":"product_cat-caixas","8":"product_cat-klipsch","10":"first","11":"instock","12":"sold-individually","13":"shipping-taxable","14":"purchasable","15":"product-type-simple"},"acf":[],"aioseo_notices":[],"_links":{"self":[{"href":"https:\/\/hificlub.com.br\/loja\/wp-json\/wp\/v2\/product\/5002","targetHints":{"allow":["GET"]}}],"collection":[{"href":"https:\/\/hificlub.com.br\/loja\/wp-json\/wp\/v2\/product"}],"about":[{"href":"https:\/\/hificlub.com.br\/loja\/wp-json\/wp\/v2\/types\/product"}],"wp:featuredmedia":[{"embeddable":true,"href":"https:\/\/hificlub.com.br\/loja\/wp-json\/wp\/v2\/media\/19403"}],"wp:attachment":[{"href":"https:\/\/hificlub.com.br\/loja\/wp-json\/wp\/v2\/media?parent=5002"}],"wp:term":[{"taxonomy":"product_brand","embeddable":true,"href":"https:\/\/hificlub.com.br\/loja\/wp-json\/wp\/v2\/product_brand?post=5002"},{"taxonomy":"product_cat","embeddable":true,"href":"https:\/\/hificlub.com.br\/loja\/wp-json\/wp\/v2\/product_cat?post=5002"},{"taxonomy":"product_tag","embeddable":true,"href":"https:\/\/hificlub.com.br\/loja\/wp-json\/wp\/v2\/product_tag?post=5002"}],"curies":[{"name":"wp","href":"https:\/\/api.w.org\/{rel}","templated":true}]}}