{"id":4779,"date":"2023-10-17T20:13:14","date_gmt":"2023-10-17T23:13:14","guid":{"rendered":"https:\/\/hificlub.com.br\/loja2\/produto\/rotel-rsp-1572\/"},"modified":"2026-04-17T06:57:22","modified_gmt":"2026-04-17T09:57:22","slug":"rotel-rsp-1572","status":"publish","type":"product","link":"https:\/\/hificlub.com.br\/loja\/produto\/rotel-rsp-1572\/","title":{"rendered":"ROTEL RSP-1572  Preamp e Processador AV 7.1  3D"},"content":{"rendered":"<p>ESTADO 9\/10<\/p>\n<p>O Processador\/Pr\u00e9-amplificador Surround 7.1 para Home Theater Rotel RSP-1572 \u00e9 o mais recente pr\u00e9-amplificador de som surround 7.1 da Rotel. Seu design avan\u00e7ado se baseia em uma s\u00e9rie de processadores excepcionais para home theater aclamados pela cr\u00edtica em todo o mundo. O RSP-1572 apresenta novas tecnologias importantes, como HDMI 1.4 com capacidade 3D. Ele oferece seis entradas HDMI e duas sa\u00eddas HDMI, sendo uma delas com capacidade ARC (Audio Return Channel). O ARC em HDMI 1.4 permite que uma TV, por meio de um \u00fanico cabo HDMI, envie dados de \u00e1udio &#8220;upstream&#8221; para um receptor A\/V ou controlador de \u00e1udio surround, aumentando a flexibilidade do usu\u00e1rio e eliminando a necessidade de qualquer conex\u00e3o de \u00e1udio S\/PDIF separada.<\/p>\n<p>Uma entrada USB frontal para iPod\/iPhone\/iPad ou outro MP3 player est\u00e1 dispon\u00edvel. A entrada USB fornece uma conex\u00e3o digital para que os DACs 24\/192 de alta qualidade do RSP-1572 forne\u00e7am a decodifica\u00e7\u00e3o crucial. Al\u00e9m disso, o pr\u00e9-amplificador\/processador incorpora opera\u00e7\u00e3o Bluetooth (por meio de um Dongle sem fio inclu\u00eddo), dispensando a conex\u00e3o f\u00edsica de players de \u00e1udio port\u00e1teis (que possuem esse recurso). Para proporcionar ainda mais versatilidade de \u00e1udio, o pr\u00e9-amplificador inclui um equalizador param\u00e9trico de 10 bandas e gerenciamento avan\u00e7ado de graves.<\/p>\n<p>Os sinais de v\u00eddeo s\u00e3o manipulados pela Plataforma Avan\u00e7ada Faroudja Torina FLI30336 Cortez de \u00faltima gera\u00e7\u00e3o, oferecendo o conjunto mais robusto de tecnologias de processamento de v\u00eddeo Faroudja DCDi Cinema\u00ae dispon\u00edveis. O Torino combina processamento anal\u00f3gico e digital exclusivo para reduzir drasticamente o ru\u00eddo do v\u00eddeo sem sacrificar a qualidade e a nitidez da imagem. Ele tamb\u00e9m oferece tecnologias de gerenciamento de cores Faroudja RealColor\u00ae de \u00faltima gera\u00e7\u00e3o. O Faroudja Torino tamb\u00e9m inclui um decodificador de v\u00eddeo 3D integrado. O RSP-1572 foi projetado para lidar adequadamente com sinais de v\u00eddeo 3D, sejam de reprodutores de Blu-ray ou decodificadores. O RSP-1572 suporta todos os recursos tradicionais de processamento de \u00e1udio e v\u00eddeo com Dolby TrueHD, Dolby Digital Plus, DTS HD Master Audio, DTS HD e muito mais. Dois DSPs de 32 bits e um DAC de \u00e1udio de 24 bits\/192K garantem alta qualidade de som e desempenho.<\/p>\n<p>Sa\u00eddas multizona fornecem v\u00eddeo composto e \u00e1udio anal\u00f3gico para 3 zonas. O controle de zona inclui sele\u00e7\u00e3o de fonte, volume e liga\/desliga. O visor frontal do RSP-1572 exibe a fonte atual, o volume e o modo DSP. O OSD est\u00e1 dispon\u00edvel para configura\u00e7\u00e3o do cliente usando as sa\u00eddas de v\u00eddeo principais HDMI, Componente ou Composto. O mais importante, no entanto, \u00e9 o desempenho do RSP-1572. A Rotel dedicou muita aten\u00e7\u00e3o a todos os componentes da placa, ao projeto do circuito e \u00e0 execu\u00e7\u00e3o da fonte de alimenta\u00e7\u00e3o para garantir que o RSP-1572 seja o melhor pr\u00e9-amplificador\/processador dispon\u00edvel at\u00e9 o momento desta respeitada empresa de \u00e1udio.<\/p>\n<p>Principais caracter\u00edsticas<br \/>\nOpera\u00e7\u00e3o de 120 VCA e 230 VCA, pot\u00eancia operacional de 47 watts, pot\u00eancia de espera de 0,4 watts<br \/>\nHDMI, Componente, Composto<br \/>\nFaroudja Video Scalar, compat\u00edvel com ARC e CEC, 3-D Pass-Through, anal\u00f3gico para HDMI 1080p Scalar<br \/>\nCrossover ajust\u00e1vel<br \/>\nConfigura\u00e7\u00e3o de dist\u00e2ncia do alto-falante<br \/>\nDolby Digital Plus<br \/>\nDTS HD Master, DTS HD Express, Dolby True HD<br \/>\nControle RS232 do computador<br \/>\nSistema de controle de infravermelho de aprendizagem<br \/>\nAtraso do grupo de alto-falantes<\/p>\n<p>Especifica\u00e7\u00f5es<br \/>\nSurround multicanal<\/p>\n<p>DTS Neo:X \/ DTS Neural:X : N\u00e3o \/ Sim<br \/>\nDTS Virtual:X : Sim<br \/>\nIMAX Enhanced : Sim<br \/>\nDolby TrueHD \/ Dolby Atmos\/Dolby Atmos Virtualiza\u00e7\u00e3o de altura : Sim \/ Sim \/ Sim<br \/>\nDolby TrueHD \/ Dolby Atmos \/ Dolby Surround : N\u00e3o \/ Sim<br \/>\nAuro 3D : Sim<br \/>\nAudyssey DSX : N\u00e3o<br \/>\nEst\u00e9reo multicanal : Sim<br \/>\nN\u00famero m\u00e1ximo de canais de processamento (pr\u00e9-amplificador) : 11,2<br \/>\nMelhorias de som<br \/>\nChassi banhado a cobre : \u200b\u200bN\u00e3o<br \/>\nTransformador de pot\u00eancia: Toroidal \/ EI N\u00e3o \/ Sim<br \/>\nTopologia de feedback atual : Sim<br \/>\nM\u00f3dulos de Amplificador Hiperdin\u00e2mico (HDAM) : Sim<br \/>\nPure Direct : Sim<br \/>\nTerminais RCA banhados a ouro : Sim<br \/>\nRedutor de Jitter do Rel\u00f3gio : Sim<br \/>\nAudyssey MultEQ XT32<br \/>\nAudyssey Dynamic EQ \/ Volume din\u00e2mico : Sim \/ Sim<br \/>\nAudyssey LFC : Sim<br \/>\nCompressed Audio Enhancer: MDAX2 : Sim<br \/>\nRede<\/p>\n<p>HEOS Multi-room e Streaming : Sim<br \/>\nCompartilhamento de \u00e1udio em rede : Sim<br \/>\nFormatos com perdas MP3 \/ WMA \/ AAC : Sim \/ Sim \/ Sim<br \/>\nFormatos sem perdas: FLAC \/ ALAC \/ WAV : Sim \/ Sim \/ Sim<br \/>\nFormatos sem perdas: FLAC HD 192\/24 \/ WAV 192\/24 \/ ALAC 192\/24 : Sim \/ Sim \/ Sim<br \/>\nStreaming de \u00e1udio DSD : Sim (2,8\/5,6 MHz)<br \/>\nFLAC HD 192\/24 : Sim<br \/>\nWAV 192\/24 : Sim<br \/>\nALAC 192\/24 : Sim<br \/>\nReprodu\u00e7\u00e3o sem intervalos : Sim (FLAC, WAV, ALAC, DSD)<br \/>\nR\u00e1dio na Internet : Sim (TuneIn)<br \/>\nOutros servi\u00e7os de streaming * Amazon Music HD\/ Amazon Music \/ TIDAL \/ Deezer \/ iHeart Radio \/ Napster \/ Soundcloud \/ Mood Mix<br \/>\nCompat\u00edvel com o aplicativo remoto para smartphones Marantz 2016 AVR RemYeste<br \/>\nCompat\u00edvel com o aplicativo remoto para tablets Android \/ iOS \/ Amazon Kindle<br \/>\nPortas Ethernet : Sim<br \/>\nWi-Fi : Sim<br \/>\nBluetooth : Sim<br \/>\nHDMI<\/p>\n<p>Entradas HDMI: Traseira \/ Frontal 7 \/ 1<br \/>\nSa\u00eddas HDMI: Principal \/ Zona 2 \/ 1<br \/>\nConvers\u00e3o de v\u00eddeo anal\u00f3gico -&gt; HDMI Sim<br \/>\nEscala de anal\u00f3gico para HDMI 480i\/576i at\u00e9 8K 60\/50<br \/>\nAmplia\u00e7\u00e3o de HDMI para HDMI at\u00e9 8K 60\/50<br \/>\nSobreposi\u00e7\u00e3o de GUI em HDMI : Sim<br \/>\nARC aprimorado : Sim<br \/>\nPassagem de sinal 3D : Sim<br \/>\nPassagem de sinal 4K \/ Dimensionamento \/ Sobreposi\u00e7\u00e3o de GUI : Sim \/ Sim \/ Sim<br \/>\nPassagem HDMI em modo de espera : Sim<br \/>\nAjuste de imagem \/ Redu\u00e7\u00e3o de ru\u00eddo : Sim \/ Sim<br \/>\nCEC : Sim<br \/>\nCapacidade de \u00e1udio DSD : Sim<br \/>\nCanal de retorno de \u00e1udio : Sim<br \/>\nSincroniza\u00e7\u00e3o labial autom\u00e1tica : Sim<br \/>\nMulti-sala \/ CI<\/p>\n<p>HEOS Multi-Room Integrado : Sim<br \/>\nCompatibilidade do link HEOS: IR\/IP : Sim \/ Sim<br \/>\nZonas Multi-C\u00f4modos 3<br \/>\nFonte de \u00e1udio da zona: HDMI \/ Opt, Coaxial \/ Rede, USB \/ Anal\u00f3gico : Sim (2 canais) \/ Sim (2 canais) \/ Sim \/ Sim<br \/>\nSa\u00edda de \u00e1udio de zona: Alto-falante \/ Pr\u00e9-sa\u00edda N\u00e3o \/ Sim<br \/>\nSa\u00edda de zona HDMI da fonte HDMI Sim<br \/>\nControle IP \/ Controle RS232 \/ Controle Web \/ Controle de Aplicativo : Sim \/ Sim \/ Sim \/ Sim<br \/>\nPisca-pisca infravermelho : Sim<br \/>\nMarantz Remote Bus : Sim<br \/>\nSa\u00edda de disparo DC 2<br \/>\nDiagn\u00f3stico HDMI : Sim<br \/>\nOutros<br \/>\nConfigura\u00e7\u00e3o autom\u00e1tica de alto-falantes pelo microfone Audyssey MultEQ XT32<br \/>\nFL Display 2 linhas + vigia<br \/>\nInterface gr\u00e1fica do usu\u00e1rio &#8211; GUI avan\u00e7ada<br \/>\nCertifica\u00e7\u00e3o ISF : Sim<br \/>\nLinguagens GUI 3<br \/>\nSele\u00e7\u00e3o inteligente : Sim<br \/>\nAtualiza\u00e7\u00e3o de firmware por USB de rede : Sim \/ Sim<br \/>\nCross Over Vari\u00e1vel : Sim<br \/>\nRedirecionamento de graves otimizado : Sim<br \/>\nSincroniza\u00e7\u00e3o de graves : Sim<br \/>\nModo ECO : N\u00e3o<br \/>\nDesligamento autom\u00e1tico : Sim<br \/>\nTemporizador de sono Sim<br \/>\nEntradas\/Sa\u00eddas<\/p>\n<p>Entrada\/Sa\u00edda composta 3+1\/2<br \/>\nComponente Entrada \/ Sa\u00edda 3 \/ 1<br \/>\nEntrada\/Sa\u00edda HDMI 7+1\/3<br \/>\nSa\u00edda de v\u00eddeo multi-ambiente: V\u00eddeo \/ HDMI : Sim \/ Sim<br \/>\nEntrada\/Sa\u00edda anal\u00f3gica 5+1\/N\u00e3o<br \/>\nFono (MM) em Sim<br \/>\nEntrada digital: \u00d3ptica \/ Coaxial 2 \/ 2<br \/>\nSa\u00edda Multi-Room: Anal\u00f3gico \/ Digital 2 \/ N\u00e3o<br \/>\nSa\u00edda pr\u00e9-amplificada multicanal Sim (11,2 RCA e 11,2 XLR)<br \/>\nSa\u00edda para subwoofer 2 (independente)<br \/>\n7.1 Entrada multicanal Sim<br \/>\nSa\u00edda pr\u00e9-atribu\u00edvel de alto-falante AB<br \/>\nPr\u00e9-sa\u00edda atribu\u00edvel Bi-Amp Drive<br \/>\nSa\u00edda pr\u00e9 -terminal de alto-falante multiambiente<br \/>\nEntradas frontais: \u00c1udio \/ Composto \/ Digital (Opt) \/ HDMI \/ USB : Sim \/ Sim \/ N\u00e3o \/ Sim \/ Sim<br \/>\n\u00c1udio USB \/ Feito para iPod\u00ae \/ Feito para iPhone\u00ae : Sim \/ N\u00e3o \/ N\u00e3o<br \/>\nSintonizador AM\/FM : Sim<br \/>\nEm geral<\/p>\n<p>Painel frontal de metal : Sim<br \/>\nControle Remoto do Sistema RC044SR<br \/>\nPr\u00e9-programado \/ Aprend\u00edvel \/ Display LCD : Sim \/ N\u00e3o \/ N\u00e3o<br \/>\nConsumo de energia em W 60<br \/>\nConsumo de energia sem som (ECO ligado\/desligado) em W : N\u00e3o<br \/>\nConsumo em espera em W 0,2<br \/>\nConsumo de energia em espera CEC em W 0,5<br \/>\nConsumo de rede em espera em W 3,5<br \/>\nControle de rede sobre consumo em W TBD<br \/>\nDimens\u00f5es M\u00e1ximas<\/p>\n<p>Antena: Horizontal: (L x P x A) em polegadas<br \/>\nAntena: Vertical: (L x P x A) em polegadas<br \/>\nSem antena: (L x P x A) em polegadas 17,3 x 16,2 x 7,3, ( 17,3 x 16,2 x 9,7 ), \u3010 17,3 x 15,8 x 7,3 \u3011<br \/>\nPeso em libras 22,9 (a definir)<\/p>\n","protected":false},"excerpt":{"rendered":"<p>ESTADO 9\/10 O Processador\/Pr\u00e9-amplificador Surround 7.1 para Home Theater Rotel RSP-1572 \u00e9 o mais recente pr\u00e9-amplificador de som surround 7.1 da Rotel. Seu design avan\u00e7ado se baseia em uma s\u00e9rie de processadores excepcionais para home theater aclamados pela cr\u00edtica em todo o mundo. O RSP-1572 apresenta novas tecnologias importantes, como HDMI 1.4 com capacidade 3D. [&hellip;]<\/p>\n","protected":false},"featured_media":4777,"template":"","meta":{"_acf_changed":false},"product_brand":[],"product_cat":[21,23,24],"product_tag":[],"class_list":{"0":"post-4779","1":"product","2":"type-product","3":"status-publish","4":"has-post-thumbnail","6":"product_cat-home-theater","7":"product_cat-processador","8":"product_cat-rotel","10":"first","11":"instock","12":"sold-individually","13":"shipping-taxable","14":"purchasable","15":"product-type-simple"},"acf":[],"aioseo_notices":[],"_links":{"self":[{"href":"https:\/\/hificlub.com.br\/loja\/wp-json\/wp\/v2\/product\/4779","targetHints":{"allow":["GET"]}}],"collection":[{"href":"https:\/\/hificlub.com.br\/loja\/wp-json\/wp\/v2\/product"}],"about":[{"href":"https:\/\/hificlub.com.br\/loja\/wp-json\/wp\/v2\/types\/product"}],"wp:featuredmedia":[{"embeddable":true,"href":"https:\/\/hificlub.com.br\/loja\/wp-json\/wp\/v2\/media\/4777"}],"wp:attachment":[{"href":"https:\/\/hificlub.com.br\/loja\/wp-json\/wp\/v2\/media?parent=4779"}],"wp:term":[{"taxonomy":"product_brand","embeddable":true,"href":"https:\/\/hificlub.com.br\/loja\/wp-json\/wp\/v2\/product_brand?post=4779"},{"taxonomy":"product_cat","embeddable":true,"href":"https:\/\/hificlub.com.br\/loja\/wp-json\/wp\/v2\/product_cat?post=4779"},{"taxonomy":"product_tag","embeddable":true,"href":"https:\/\/hificlub.com.br\/loja\/wp-json\/wp\/v2\/product_tag?post=4779"}],"curies":[{"name":"wp","href":"https:\/\/api.w.org\/{rel}","templated":true}]}}