{"id":440,"date":"2023-10-17T19:51:27","date_gmt":"2023-10-17T22:51:27","guid":{"rendered":"https:\/\/hificlub.com.br\/loja2\/produto\/kimber-ks1126-hibrido-prata-e-cobre-1m\/"},"modified":"2026-03-03T22:21:14","modified_gmt":"2026-03-04T01:21:14","slug":"kimber-ks1126-hibrido-prata-e-cobre-1m","status":"publish","type":"product","link":"https:\/\/hificlub.com.br\/loja\/produto\/kimber-ks1126-hibrido-prata-e-cobre-1m\/","title":{"rendered":"KIMBER KS1126 XLR Hibrido Prata e Cobre   1 metro"},"content":{"rendered":"<p>N\u00facleo s\u00f3lido hiperpuro de prata e cobre, diel\u00e9trico de fluorcarbono V, geometria ortogonal, fio ESD, n\u00facleo duplo conc\u00eantrico. Vers\u00e3o com seis condutores. Modelo XLR balanceado. O KS 1126 possui conectores tipo XLR &#8220;de est\u00fadio&#8221; com contatos banhados a prata.<\/p>\n","protected":false},"excerpt":{"rendered":"<p>N\u00facleo s\u00f3lido hiperpuro de prata e cobre, diel\u00e9trico de fluorcarbono V, geometria ortogonal, fio ESD, n\u00facleo duplo conc\u00eantrico. Vers\u00e3o com seis condutores. Modelo XLR balanceado. O KS 1126 possui conectores tipo XLR &#8220;de est\u00fadio&#8221; com contatos banhados a prata.<\/p>\n","protected":false},"featured_media":439,"template":"","meta":{"_acf_changed":false},"product_brand":[],"product_cat":[61,73,64],"product_tag":[],"class_list":{"0":"post-440","1":"product","2":"type-product","3":"status-publish","4":"has-post-thumbnail","6":"product_cat-cabos","7":"product_cat-interconnect-xlr","8":"product_cat-kimber","10":"first","11":"instock","12":"sold-individually","13":"shipping-taxable","14":"purchasable","15":"product-type-simple"},"acf":[],"aioseo_notices":[],"_links":{"self":[{"href":"https:\/\/hificlub.com.br\/loja\/wp-json\/wp\/v2\/product\/440","targetHints":{"allow":["GET"]}}],"collection":[{"href":"https:\/\/hificlub.com.br\/loja\/wp-json\/wp\/v2\/product"}],"about":[{"href":"https:\/\/hificlub.com.br\/loja\/wp-json\/wp\/v2\/types\/product"}],"wp:featuredmedia":[{"embeddable":true,"href":"https:\/\/hificlub.com.br\/loja\/wp-json\/wp\/v2\/media\/439"}],"wp:attachment":[{"href":"https:\/\/hificlub.com.br\/loja\/wp-json\/wp\/v2\/media?parent=440"}],"wp:term":[{"taxonomy":"product_brand","embeddable":true,"href":"https:\/\/hificlub.com.br\/loja\/wp-json\/wp\/v2\/product_brand?post=440"},{"taxonomy":"product_cat","embeddable":true,"href":"https:\/\/hificlub.com.br\/loja\/wp-json\/wp\/v2\/product_cat?post=440"},{"taxonomy":"product_tag","embeddable":true,"href":"https:\/\/hificlub.com.br\/loja\/wp-json\/wp\/v2\/product_tag?post=440"}],"curies":[{"name":"wp","href":"https:\/\/api.w.org\/{rel}","templated":true}]}}