{"id":4386,"date":"2023-10-17T20:11:34","date_gmt":"2023-10-17T23:11:34","guid":{"rendered":"https:\/\/hificlub.com.br\/loja2\/produto\/cambridge-edge-nq-streamer-dac-preamp-2\/"},"modified":"2026-03-26T13:28:26","modified_gmt":"2026-03-26T16:28:26","slug":"cambridge-edge-nq-streamer-dac-preamp-2","status":"publish","type":"product","link":"https:\/\/hificlub.com.br\/loja\/produto\/cambridge-edge-nq-streamer-dac-preamp-2\/","title":{"rendered":"CAMBRIDGE EDGE NQ  Streamer DAC Analog Preamplificador"},"content":{"rendered":"<p>Impressionantemente revelador: Com uma placa de circuito de pr\u00e9-amplificador revolucion\u00e1ria que reduz a interfer\u00eancia e um caminho de sinal incrivelmente limpo, o Edge NQ toca sua m\u00fasica favorita com uma profundidade impressionante. Transmita, conecte e reproduza para aproveitar cada nota com perfeita clareza.<\/p>\n<div id=\"product-wrapper\" class=\"product-wrapper\">\n<div class=\"product-tabs\">\n<div class=\"tabs-content\">\n<div id=\"descricao\" class=\"tab rte description-ab active\">\n<div class=\"productDescription\">\n<p>Todas as fontes: O Edge NQ permite-lhe desfrutar de m\u00fasica de qualquer fonte. Al\u00e9m das conex\u00f5es coaxial digital, HDMI, USB e S\/PDIF, h\u00e1 tamb\u00e9m o Chromecast integrado, o Spotify Connect, o AirPlay, o Bluetooth aptX HD, Internet Radio e a reprodu\u00e7\u00e3o UPnP. Onde quer que as m\u00fasicas sejam tocadas, Edge NQ permanece fiel ao personagem de cada instrumento e descobre uma musicalidade que voc\u00ea nunca ouviu antes.<\/p>\n<p>Detalhe digital surpreendente: Com uma variedade de conex\u00f5es, incluindo coaxial digital, ARC (Audio Return Channel), USB e S\/PDIF, nossos engenheiros garantiram que todo o seu conte\u00fado digital pudesse ser desfrutado em at\u00e9 32bit\/384kHz e DSD 256. O Edge NQ oferece um som incrivelmente revelador que possui um tom detalhado, uma movimenta\u00e7\u00e3o r\u00edtmica e um grave esticado.<\/p>\n<p>Equil\u00edbrio s\u00f4nico: O Edge NQ foi projetado com um exclusivo PCB. Nossos engenheiros substitu\u00edram os capacitores convencionais por uma topologia acoplada a DC e tamb\u00e9m adicionaram um controle de volume em estado s\u00f3lido. O resultado final \u00e9 um caminho de sinal limpo que \u00e9 perfeitamente equilibrado em qualquer volume.<\/p>\n<p>Software de streaming premiado: O Edge NQ possui a mais recente vers\u00e3o do m\u00f3dulo de streaming premiado da Cambridge Audio. Projetado internamente, no Reino Unido, ele possui um novo chipset mais r\u00e1pido e suporte para arquivos de 24bit\/192kHz e DSD128. A adi\u00e7\u00e3o do Spotify Connect, do AirPlay, do Bluetooth aptX HD e do Internet Radio significa que voc\u00ea pode curtir sua m\u00fasica, qualquer que seja a fonte.<\/p>\n<p>Chromecast integrado: O Edge NQ tem o Chromecast integrado. Basta tocar no bot\u00e3o de transmiss\u00e3o em seu aplicativo favorito para transmitir m\u00fasicas de seu smartphone, tablet ou laptop em som de alta defini\u00e7\u00e3o impressionante, at\u00e9 24 bit\/96kHz.<\/p>\n<p>Modo de sa\u00edda de linha fixa: Se voc\u00ea deseja conectar o Edge NQ a um amplificador integrado em vez de um amplificador de pot\u00eancia, a funcionalidade de transmiss\u00e3o pode ser usada independentemente do pr\u00e9-amplificador. O pr\u00e9-amplificador pode ser desativado atrav\u00e9s do aplicativo Edge dedicado para iOS e Android.<\/p>\n<p>Parceiros perfeitos: Os sistemas de borda s\u00e3o projetados para funcionar em perfeita sincroniza\u00e7\u00e3o. Combine o Edge NQ com o amplificador de pot\u00eancia de maior desempenho da Cambridge Audio, o Edge W, para criar um sistema hi-fi com som e apar\u00eancia, diferente de tudo.<\/p>\n<\/div>\n<\/div>\n<\/div>\n<\/div>\n<\/div>\n<div class=\"section-product-related\"><\/div>\n<p>&nbsp;<\/p>\n","protected":false},"excerpt":{"rendered":"<p>Impressionantemente revelador: Com uma placa de circuito de pr\u00e9-amplificador revolucion\u00e1ria que reduz a interfer\u00eancia e um caminho de sinal incrivelmente limpo, o Edge NQ toca sua m\u00fasica favorita com uma profundidade impressionante. Transmita, conecte e reproduza para aproveitar cada nota com perfeita clareza. Todas as fontes: O Edge NQ permite-lhe desfrutar de m\u00fasica de qualquer [&hellip;]<\/p>\n","protected":false},"featured_media":655,"template":"","meta":{"_acf_changed":false},"product_brand":[],"product_cat":[52,43,41,38,142],"product_tag":[],"class_list":{"0":"post-4386","1":"product","2":"type-product","3":"status-publish","4":"has-post-thumbnail","6":"product_cat-cambridge","7":"product_cat-dac","8":"product_cat-digital","9":"product_cat-pre-amplificador","10":"product_cat-streamers","12":"first","13":"instock","14":"sold-individually","15":"shipping-taxable","16":"purchasable","17":"product-type-simple"},"acf":[],"aioseo_notices":[],"_links":{"self":[{"href":"https:\/\/hificlub.com.br\/loja\/wp-json\/wp\/v2\/product\/4386","targetHints":{"allow":["GET"]}}],"collection":[{"href":"https:\/\/hificlub.com.br\/loja\/wp-json\/wp\/v2\/product"}],"about":[{"href":"https:\/\/hificlub.com.br\/loja\/wp-json\/wp\/v2\/types\/product"}],"wp:featuredmedia":[{"embeddable":true,"href":"https:\/\/hificlub.com.br\/loja\/wp-json\/wp\/v2\/media\/655"}],"wp:attachment":[{"href":"https:\/\/hificlub.com.br\/loja\/wp-json\/wp\/v2\/media?parent=4386"}],"wp:term":[{"taxonomy":"product_brand","embeddable":true,"href":"https:\/\/hificlub.com.br\/loja\/wp-json\/wp\/v2\/product_brand?post=4386"},{"taxonomy":"product_cat","embeddable":true,"href":"https:\/\/hificlub.com.br\/loja\/wp-json\/wp\/v2\/product_cat?post=4386"},{"taxonomy":"product_tag","embeddable":true,"href":"https:\/\/hificlub.com.br\/loja\/wp-json\/wp\/v2\/product_tag?post=4386"}],"curies":[{"name":"wp","href":"https:\/\/api.w.org\/{rel}","templated":true}]}}