{"id":4378,"date":"2023-10-17T20:11:33","date_gmt":"2023-10-17T23:11:33","guid":{"rendered":"https:\/\/hificlub.com.br\/loja2\/produto\/cambridge-edge-m-200-watts\/"},"modified":"2026-03-03T22:20:35","modified_gmt":"2026-03-04T01:20:35","slug":"cambridge-edge-m-200-watts","status":"publish","type":"product","link":"https:\/\/hificlub.com.br\/loja\/produto\/cambridge-edge-m-200-watts\/","title":{"rendered":"CAMBRIDGE EDGE M &#8211; Amplificador Mono-Bloco 200 watts (Par) &#8211; Bivolt"},"content":{"rendered":"<p class=\"product-name\">Par de amplificadores\u00a0Cambridge Audio Edge M\u00a0 200 Watts<\/p>\n<div class=\"product info detailed\">\n<div class=\"product data items\" role=\"tablist\">\n<div id=\"description\" class=\"data item content\" role=\"tabpanel\" data-role=\"content\">\n<div class=\"product attribute description\">\n<div class=\"value\">\n<p>M para monobloco<br \/>\nTomando o Edge W como base, o Cambridge Audio Edge M usa um design monobloco para pot\u00eancia e din\u00e2mica de n\u00edvel superior.\u00a0Oferecendo o dobro da pot\u00eancia, o Edge M \u00e9 ideal para espa\u00e7os maiores e alto-falantes que consomem muita energia.\u00a0Use dois amplificadores de pot\u00eancia Edge M para som est\u00e9reo premium, cinco ou mais para o melhor som de cinema em casa.<\/p>\n<p>Duas vezes o poder<br \/>\nEmbalando verdadeiros 200 watts a 8 ohms de sua sa\u00edda mono e poderosos 350 watts a 4 ohms, o Edge M produz escala din\u00e2mica sem esfor\u00e7o, em todos os n\u00edveis de volume.\u00a0Ao contr\u00e1rio de alguns amplificadores de \u00faltima gera\u00e7\u00e3o, este \u00e9 um amplificador que aceita alto-falantes dif\u00edceis em seu ritmo.<\/p>\n<p>Imagem est\u00e9reo aprimorada<br \/>\nAl\u00e9m de simplesmente produzir o dobro da pot\u00eancia, os amplificadores de pot\u00eancia separados para os canais esquerdo e direito tamb\u00e9m melhoram a separa\u00e7\u00e3o de canais.\u00a0Isso significa que voc\u00ea obt\u00e9m um som muito mais amplo, com mais espa\u00e7o entre os instrumentos.\u00a0\u00c9 o equivalente a passar da parte de tr\u00e1s do local para os assentos da primeira fila.<\/p>\n<p>Parceiros perfeitos<br \/>\nProjetado para combinar com o pr\u00e9-amplificador\/streamer Edge NQ, os amplificadores de pot\u00eancia Edge M adicionam for\u00e7a aos c\u00e9rebros consider\u00e1veis \u200b\u200bdo NQ.\u00a0Com os dois compartilhando o mesmo processo de desenvolvimento e ajuste sonoro, a assinatura sonora de ambos \u00e9 perfeitamente combinada.<\/p>\n<p>Som altamente desenvolvido<br \/>\nMeticulosamente desenvolvido ao longo de muitos anos, o Edge M foi afinado n\u00e3o por m\u00e1quina, mas por in\u00fameras sess\u00f5es de audi\u00e7\u00e3o.\u00a0Uma vez aperfei\u00e7oado, o resultado final oferece um equil\u00edbrio musical perfeito sem nada adicionado ou retirado.\u00a0Com cada componente selecionado de ouvido, o Edge M soa mais pr\u00f3ximo da m\u00fasica ao vivo do que nunca.\u00a0Se voc\u00ea quer ouvir o que o m\u00fasico ouve, ou\u00e7a isso.<\/p>\n<p>Precis\u00e3o final<br \/>\nUsando transformadores toroidais duplos, o Edge M cancela a interfer\u00eancia eletromagn\u00e9tica.\u00a0Isso proporciona uma distor\u00e7\u00e3o mais baixa e um fundo &#8216;preto como tinta&#8217;, o que significa que voc\u00ea ouvir\u00e1 todos os detalhes sutis da m\u00fasica &#8211; n\u00e3o importa o qu\u00e3o silenciosa seja.<\/p>\n<p>Estilo e subst\u00e2ncia em perfeita harmonia<br \/>\nO Cambridge Edge M parece t\u00e3o requintado quanto parece.\u00a0Usando os mesmos princ\u00edpios de precis\u00e3o e &#8216;nada adicionado&#8217;, o design minimalista \u00e9 atemporal.\u00a0A carca\u00e7a lisa toda em metal tamb\u00e9m \u00e9 trabalhada de acordo com os mais altos padr\u00f5es.\u00a0Com dois amplificadores de pot\u00eancia Edge M em seu rack hi-fi, seu sistema tem todo o poder visual para combinar com seu som.<\/p>\n<p>Aperte o cinto para obter o m\u00e1ximo em pot\u00eancia e eleg\u00e2ncia, com o Cambridge Audio Edge M.<\/p>\n<\/div>\n<div class=\"value\"><\/div>\n<div class=\"value\">\n<div><\/div>\n<\/div>\n<\/div>\n<\/div>\n<div id=\"tab-label-specifications\" class=\"data item title\" role=\"tab\" data-role=\"collapsible\" data-collapsible=\"true\"><a id=\"tab-label-specifications-title\" class=\"data switch\" href=\"https:\/\/www-richersounds-com.translate.goog\/cambridge-audio-edge-m.html?_x_tr_sl=en&amp;_x_tr_tl=pt&amp;_x_tr_hl=pt-BR&amp;_x_tr_pto=sc#specifications\" data-toggle=\"trigger\">\u00a0<\/a><\/div>\n<\/div>\n<\/div>\n<div class=\"product info detailed\">\n<div class=\"product data items\" role=\"tablist\">\n<div id=\"description\" class=\"data item content\" role=\"tabpanel\" data-role=\"content\">\n<div class=\"product attribute description\">\n<div class=\"value\"><\/div>\n<\/div>\n<\/div>\n<\/div>\n<\/div>\n","protected":false},"excerpt":{"rendered":"<p>Par de amplificadores\u00a0Cambridge Audio Edge M\u00a0 200 Watts M para monobloco Tomando o Edge W como base, o Cambridge Audio Edge M usa um design monobloco para pot\u00eancia e din\u00e2mica de n\u00edvel superior.\u00a0Oferecendo o dobro da pot\u00eancia, o Edge M \u00e9 ideal para espa\u00e7os maiores e alto-falantes que consomem muita energia.\u00a0Use dois amplificadores de pot\u00eancia [&hellip;]<\/p>\n","protected":false},"featured_media":4368,"template":"","meta":{"_acf_changed":false},"product_brand":[],"product_cat":[27,52,31],"product_tag":[],"class_list":{"0":"post-4378","1":"product","2":"type-product","3":"status-publish","4":"has-post-thumbnail","6":"product_cat-amplificador","7":"product_cat-cambridge","8":"product_cat-mono","10":"first","11":"instock","12":"sold-individually","13":"shipping-taxable","14":"purchasable","15":"product-type-simple"},"acf":[],"aioseo_notices":[],"_links":{"self":[{"href":"https:\/\/hificlub.com.br\/loja\/wp-json\/wp\/v2\/product\/4378","targetHints":{"allow":["GET"]}}],"collection":[{"href":"https:\/\/hificlub.com.br\/loja\/wp-json\/wp\/v2\/product"}],"about":[{"href":"https:\/\/hificlub.com.br\/loja\/wp-json\/wp\/v2\/types\/product"}],"wp:featuredmedia":[{"embeddable":true,"href":"https:\/\/hificlub.com.br\/loja\/wp-json\/wp\/v2\/media\/4368"}],"wp:attachment":[{"href":"https:\/\/hificlub.com.br\/loja\/wp-json\/wp\/v2\/media?parent=4378"}],"wp:term":[{"taxonomy":"product_brand","embeddable":true,"href":"https:\/\/hificlub.com.br\/loja\/wp-json\/wp\/v2\/product_brand?post=4378"},{"taxonomy":"product_cat","embeddable":true,"href":"https:\/\/hificlub.com.br\/loja\/wp-json\/wp\/v2\/product_cat?post=4378"},{"taxonomy":"product_tag","embeddable":true,"href":"https:\/\/hificlub.com.br\/loja\/wp-json\/wp\/v2\/product_tag?post=4378"}],"curies":[{"name":"wp","href":"https:\/\/api.w.org\/{rel}","templated":true}]}}