{"id":4174,"date":"2023-10-17T20:10:29","date_gmt":"2023-10-17T23:10:29","guid":{"rendered":"https:\/\/hificlub.com.br\/loja2\/produto\/ps-audio-stellar-gain-cell-dsd-dac-preamplificador\/"},"modified":"2026-03-03T22:20:37","modified_gmt":"2026-03-04T01:20:37","slug":"ps-audio-stellar-gain-cell-dsd-dac-preamplificador","status":"publish","type":"product","link":"https:\/\/hificlub.com.br\/loja\/produto\/ps-audio-stellar-gain-cell-dsd-dac-preamplificador\/","title":{"rendered":"PS AUDIO STELLAR GAIN CELL   Preamplificador com DSD DAC"},"content":{"rendered":"<p>A ideia de construir um pr\u00e9-amplificador anal\u00f3gico sem perdas com seu pr\u00f3prio DAC de ponta integrado foi a base do imperativo do projeto Stellar Gain Cell. Adicione qualquer fonte anal\u00f3gica ou digital \u00e0 entrada do Stellar, um amplificador de pot\u00eancia e alto-falantes \u00e0 sua sa\u00edda, e m\u00fasica cheia de texturas ricas e energia surpreendente surpreende e encanta at\u00e9 o audi\u00f3filo mais cr\u00edtico.<\/p>\n<p>No cora\u00e7\u00e3o deste instrumento est\u00e1 o Gain Cell anal\u00f3gico. Desenvolvido no in\u00edcio dos anos 2000 pelo fundador da PS Audio, Paul McGowan, o Gain Cell resolve com eleg\u00e2ncia o problema fundamental enfrentado pelos designers de pr\u00e9-amplificadores. Controle de volume. Quase todos os pr\u00e9-amplificadores anal\u00f3gicos usam elementos adicionais de degrada\u00e7\u00e3o sonora inseridos no caminho do sinal para controlar o volume. Esses impedimentos \u00e0 pureza do caminho do sinal variam de potenci\u00f4metros simples a atenuadores escalonados ex\u00f3ticos, rel\u00e9s, interruptores de estado s\u00f3lido, redes em escada, transformadores e resistores dependentes de luz. Todos compartilham elementos intrusivos no caminho do sinal. A c\u00e9lula de ganho elimina esse problema sem circuitos adicionais no caminho do sinal, variando seu ganho em resposta aos controles do painel frontal.<\/p>\n<p>Integrado a este pr\u00e9-amplificador anal\u00f3gico est\u00e1 um impressionante conversor digital para anal\u00f3gico projetado por Bob Stadtherr. Baseado na arquitetura Hyperstream Sabre de 32 bits l\u00edder do setor, o Stellar DAC apresenta um est\u00e1gio de sa\u00edda anal\u00f3gica Classe A totalmente balanceado com v\u00e1rias fontes de alimenta\u00e7\u00e3o, entradas independentes com redu\u00e7\u00e3o de jitter, DSD, I2S e USB ass\u00edncrono.<\/p>\n<p>Juntos, o pr\u00e9-amplificador Stellar Gain Cell e o DAC fazem m\u00e1gica musical.<\/p>\n<p>Pr\u00e9-amplificador anal\u00f3gico balanceado Classe A<br \/>\nDAC de fun\u00e7\u00e3o completa<br \/>\nSa\u00edda de fone de ouvido classe A<br \/>\nControle remoto<br \/>\nModo DAC fixo ou vari\u00e1vel<br \/>\n2 gatilhos de sa\u00edda de 12 volts<br \/>\nPr\u00e9-amplificador anal\u00f3gico<\/p>\n<p>Uma entrada anal\u00f3gica balanceada<br \/>\nTr\u00eas entradas anal\u00f3gicas de termina\u00e7\u00e3o \u00fanica<br \/>\nEst\u00e1gio de C\u00e9lula de Ganho Anal\u00f3gico<br \/>\nEntrada totalmente balanceada para sa\u00edda<br \/>\nSa\u00edda anal\u00f3gica XLR balanceada<br \/>\nSa\u00edda anal\u00f3gica RCA de termina\u00e7\u00e3o \u00fanica<br \/>\ndesvio de home theater<br \/>\nAcoplamento direto sem nenhum capacitor no caminho do sinal de sa\u00edda<br \/>\nConversor digital para anal\u00f3gico<\/p>\n<p>Quatro entradas digitais<br \/>\nentrada I2S<br \/>\nTecnologia de lentes digitais<br \/>\nModo nativo<br \/>\nTr\u00eas filtros digitais selecion\u00e1veis pelo usu\u00e1rio<br \/>\nCompat\u00edvel com PS Audio DMP para reprodu\u00e7\u00e3o de SACD em DSD<br \/>\nDSD direto atrav\u00e9s de I2S<br \/>\nEntrada coaxial ass\u00edncrona de 192kHz<br \/>\nUSB ass\u00edncrono de 192 kHz<br \/>\nEntrada TOSLINK ass\u00edncrona de 96kHz<br \/>\nDSD de taxa simples e dupla<br \/>\nA entrada CPLD (FPGA) reduz o jitter, formas de onda, reduz o atraso de propaga\u00e7\u00e3o<br \/>\npadr\u00e3o do modo nativo<br \/>\nNenhuma convers\u00e3o de taxa de amostra adicionada<br \/>\nEst\u00e1gio de sa\u00edda h\u00edbrido classe A de alta corrente<br \/>\nO filtro de sa\u00edda passivo reduz a distor\u00e7\u00e3o transit\u00f3ria<br \/>\nAcoplamento direto sem nenhum capacitor no caminho do sinal de sa\u00edda<br \/>\nEst\u00e1gio de sa\u00edda de alta largura de banda -3dB 60kHz<br \/>\nRel\u00f3gios de baixo jitter<br \/>\nFonte de alimenta\u00e7\u00e3o anal\u00f3gica superdimensionada de alta corrente<br \/>\n7 reguladores de voltagem<br \/>\nDiodos de alimenta\u00e7\u00e3o de alta velocidade<br \/>\nCapacitores maci\u00e7os de 15.000 mFd de baixo ESR<br \/>\nESS Hyperstream<br \/>\nF\u00edsico<\/p>\n<p>Peso unit\u00e1rio 13,5 lbs [6,1 kg]<br \/>\nDimens\u00f5es da unidade 17&#8243; x 12&#8243; x 3&#8243;<br \/>\nPeso de envio 17 lbs [7,7 kg]<br \/>\nDimens\u00f5es de envio 23&#8243; x 18&#8243; x 9&#8243;<br \/>\nRequerimentos poderosos<\/p>\n<p>Modelo de alimenta\u00e7\u00e3o de entrada espec\u00edfico 100VAC, 120VAC ou 230VAC 50 ou 60Hz<br \/>\nConsumo de energia 20W<br \/>\nEntrada de energia el\u00e9trica IEC C14<br \/>\nFus\u00edveis 100V T250V-2.0AH (2A Slow Blow)<br \/>\n120V T250V-1.6AH (1.6A Slow Blow)<br \/>\n230V T250V-1.0AH (1.0A Slow Blow)<br \/>\nAcess\u00f3rios inclu\u00eddos EUA (NEMA 5-15P) (todas as vers\u00f5es)<br \/>\nSchuko (CEE7\/7) (vers\u00e3o 230V)<br \/>\nReino Unido (BS1363) (vers\u00e3o 230V)<br \/>\nEntradas anal\u00f3gicas<\/p>\n<p>RCA<br \/>\nPar est\u00e9reo XLR 3<br \/>\n1 par est\u00e9reo<\/p>\n<p>Entradas de \u00e1udio digitais<\/p>\n<p>I2S 1 PCM (384KHz m\u00e1x.)<br \/>\nDSD64 DSD128<br \/>\nCompat\u00edvel com handshake SACD DirectStream Transport para reprodu\u00e7\u00e3o DSD<br \/>\nCoaxial 2 PCM (m\u00e1ximo de 192KHz)<br \/>\n\u00d3ptico 1 PCM (m\u00e1ximo de 96KHz)<br \/>\nUSB PCM (384KHz m\u00e1x.)<br \/>\nDSD64 (DoP) DSD128 (DoP)<br \/>\nFormato PCM, DSD<br \/>\nSa\u00eddas de \u00c1udio Anal\u00f3gico<\/p>\n<p>RCA<br \/>\nXLR<br \/>\nFones de ouvido (anal\u00f3gico n\u00e3o balanceado) 1 par est\u00e9reo<br \/>\n(Analog Balanceado) 1 par est\u00e9reo<br \/>\nUm painel frontal de conector de fone de ouvido de 1\/4&#8243;<br \/>\nDesempenho Anal\u00f3gico<\/p>\n<p>Ganho<br \/>\nSa\u00edda m\u00e1xima<br \/>\nSensibilidade 12dB +\/-0,5dB<br \/>\n20 Vrms<br \/>\n5,3 Vrms<br \/>\nImped\u00e2ncia de entrada 47K\u03a9 RCA de termina\u00e7\u00e3o simples<br \/>\n100K\u03a9 XLR balanceado<br \/>\nImped\u00e2ncia de sa\u00edda 100\u03a9 RCA de termina\u00e7\u00e3o simples<br \/>\n200\u03a9 XLR balanceado<br \/>\nResposta de frequ\u00eancia 20Hz &#8211; 20KHz +0\/- 0,25dB<br \/>\n10Hz \u2013 100KHz +0,1\/-3,0dB<br \/>\nRu\u00eddo 20-20KHz &lt;-90dBV<br \/>\nRela\u00e7\u00e3o S\/N 1KHz &gt;110dB (sa\u00edda m\u00e1xima)<br \/>\nSepara\u00e7\u00e3o de canal 1KHz &gt;90dB<br \/>\nSepara\u00e7\u00e3o de entrada 1KHz &gt;90dB<br \/>\nTHD&amp;IM 1KHz &lt; 0,025%<br \/>\n20-20KHz &lt;0,05%<br \/>\nDesempenho do fone de ouvido<\/p>\n<p>Pot\u00eancia de sa\u00edda @1% THD 300\u03a9 300mW<br \/>\n16\u03a9 3,25W<br \/>\nRela\u00e7\u00e3o S\/N 1kHz<br \/>\nRu\u00eddo &gt; 95dB (sa\u00edda m\u00e1xima)<br \/>\n&lt;-80dBV<br \/>\nTHD &amp; IM 1Vrms fora 300\u03a9 &lt;0,05%<br \/>\n16\u03a9 &lt;0,06%<br \/>\nImped\u00e2ncia de sa\u00edda &lt;4 \u03a9<br \/>\nCaracter\u00edsticas<\/p>\n<p>Controle de volume 0-100 (etapas de 1\/2 e 1dB, faixa total de 80dB)<br \/>\nBalance Control 24dB cada dire\u00e7\u00e3o em passos de 1\/2dB<br \/>\nModo Home Theater Atribu\u00edvel a qualquer entrada anal\u00f3gica<br \/>\nAjust\u00e1vel (na configura\u00e7\u00e3o) para qualquer n\u00edvel<br \/>\nPolaridade (fase) Controle Somente fontes digitais<br \/>\nFilter Control 3 filtros digitais selecion\u00e1veis (somente fontes digitais PCM)<br \/>\nSa\u00edda do gatilho (3,5 mm 5-15VDC) 2<br \/>\nControle Remoto Sim. infravermelho<\/p>\n","protected":false},"excerpt":{"rendered":"<p>A ideia de construir um pr\u00e9-amplificador anal\u00f3gico sem perdas com seu pr\u00f3prio DAC de ponta integrado foi a base do imperativo do projeto Stellar Gain Cell. Adicione qualquer fonte anal\u00f3gica ou digital \u00e0 entrada do Stellar, um amplificador de pot\u00eancia e alto-falantes \u00e0 sua sa\u00edda, e m\u00fasica cheia de texturas ricas e energia surpreendente surpreende [&hellip;]<\/p>\n","protected":false},"featured_media":4170,"template":"","meta":{"_acf_changed":false},"product_brand":[],"product_cat":[38,54],"product_tag":[],"class_list":{"0":"post-4174","1":"product","2":"type-product","3":"status-publish","4":"has-post-thumbnail","6":"product_cat-pre-amplificador","7":"product_cat-ps-audio","9":"first","10":"instock","11":"sold-individually","12":"shipping-taxable","13":"purchasable","14":"product-type-simple"},"acf":[],"aioseo_notices":[],"_links":{"self":[{"href":"https:\/\/hificlub.com.br\/loja\/wp-json\/wp\/v2\/product\/4174","targetHints":{"allow":["GET"]}}],"collection":[{"href":"https:\/\/hificlub.com.br\/loja\/wp-json\/wp\/v2\/product"}],"about":[{"href":"https:\/\/hificlub.com.br\/loja\/wp-json\/wp\/v2\/types\/product"}],"wp:featuredmedia":[{"embeddable":true,"href":"https:\/\/hificlub.com.br\/loja\/wp-json\/wp\/v2\/media\/4170"}],"wp:attachment":[{"href":"https:\/\/hificlub.com.br\/loja\/wp-json\/wp\/v2\/media?parent=4174"}],"wp:term":[{"taxonomy":"product_brand","embeddable":true,"href":"https:\/\/hificlub.com.br\/loja\/wp-json\/wp\/v2\/product_brand?post=4174"},{"taxonomy":"product_cat","embeddable":true,"href":"https:\/\/hificlub.com.br\/loja\/wp-json\/wp\/v2\/product_cat?post=4174"},{"taxonomy":"product_tag","embeddable":true,"href":"https:\/\/hificlub.com.br\/loja\/wp-json\/wp\/v2\/product_tag?post=4174"}],"curies":[{"name":"wp","href":"https:\/\/api.w.org\/{rel}","templated":true}]}}