{"id":41541,"date":"2026-03-16T11:16:58","date_gmt":"2026-03-16T14:16:58","guid":{"rendered":"https:\/\/hificlub.com.br\/loja\/?post_type=product&#038;p=41541"},"modified":"2026-03-17T06:50:00","modified_gmt":"2026-03-17T09:50:00","slug":"onkyo-p-80-network-pre-amplificador","status":"publish","type":"product","link":"https:\/\/hificlub.com.br\/loja\/produto\/onkyo-p-80-network-pre-amplificador\/","title":{"rendered":"ONKYO P-80 &#8211; Pr\u00e9-Amplificador Network"},"content":{"rendered":"<div id=\"model-response-message-contentr_af2dc2670a8c521b\" class=\"markdown markdown-main-panel enable-updated-hr-color\" dir=\"ltr\" aria-live=\"off\">\n<p data-path-to-node=\"0\">O <b data-path-to-node=\"0\" data-index-in-node=\"2\">Onkyo P-80<\/b> integra a prestigiada s\u00e9rie Integra da marca, consolidando-se como um pr\u00e9-amplificador de alta fidelidade que prioriza a pureza do sinal sonoro. Ele \u00e9 um componente central em sistemas de \u00e1udio vintage, projetado para gerenciar m\u00faltiplas fontes de entrada com precis\u00e3o t\u00e9cnica.<\/p>\n<p data-path-to-node=\"0\">Projetado para oferecer o m\u00e1ximo em som livre de distor\u00e7\u00e3o, com entradas hi-fi e recursos modernos de streaming e controle, o pr\u00e9-amplificador de rede Onkyo P-80 est\u00e1 totalmente equipado para proporcionar uma experi\u00eancia de \u00e1udio sublime, diretamente do seu amplificador para os seus ouvidos.<\/p>\n<p class=\"heading\"><strong><a class=\"open\"><span dir=\"auto\">Streaming de m\u00fasica compat\u00edvel<\/span><\/a><\/strong><\/p>\n<div class=\"body\">\n<p><span dir=\"auto\">Suas playlists cuidadosamente selecionadas funcionam perfeitamente com o pr\u00e9-amplificador Onkyo P-80. Conecte ou transmita seu conte\u00fado facilmente a partir de qualquer uma das seguintes plataformas integradas: Spotify Connect, TIDAL Connect, Qobuz Connect, Amazon Music, Qplay, TuneIn, compat\u00edvel com AirPlay 2, Chromecast e Roon Ready.<\/span><\/p>\n<\/div>\n<p data-path-to-node=\"1\"><b data-path-to-node=\"1\" data-index-in-node=\"0\">Arquitetura e Constru\u00e7\u00e3o<\/b><\/p>\n<p data-path-to-node=\"1\">A estrutura interna do P-80 \u00e9 um exemplo de engenharia dedicada \u00e0 redu\u00e7\u00e3o de ru\u00eddos. Ele utiliza componentes de baixa toler\u00e2ncia e um layout de circuito que minimiza a interfer\u00eancia eletromagn\u00e9tica. O chassi \u00e9 robusto, oferecendo uma base est\u00e1vel que protege os circuitos sens\u00edveis contra vibra\u00e7\u00f5es externas que podem afetar a reprodu\u00e7\u00e3o sonora.<\/p>\n<p data-path-to-node=\"2\"><b data-path-to-node=\"2\" data-index-in-node=\"0\">Conectividade e Fun\u00e7\u00f5es<\/b><\/p>\n<p data-path-to-node=\"2\">Este modelo \u00e9 uma central de controle vers\u00e1til. Ele apresenta diversas entradas anal\u00f3gicas, incluindo uma se\u00e7\u00e3o de fono de alta qualidade, compat\u00edvel com c\u00e1psulas MM (Moving Magnet) e, em certas vers\u00f5es, MC (Moving Coil). A seletividade de fontes \u00e9 precisa, e os controles de tom permitem ajustes finos nas frequ\u00eancias sem degradar a transpar\u00eancia do \u00e1udio original.<\/p>\n<p data-path-to-node=\"3\"><b data-path-to-node=\"3\" data-index-in-node=\"0\">Desempenho Sonoro<\/b><\/p>\n<p data-path-to-node=\"3\">O perfil sonoro do Onkyo P-80 \u00e9 caracterizado pela neutralidade. Ele n\u00e3o colore o som de forma artificial, entregando uma resposta de frequ\u00eancia linear e detalhada. A separa\u00e7\u00e3o de canais \u00e9 excelente, proporcionando um palco sonoro amplo e uma localiza\u00e7\u00e3o definida dos instrumentos na mixagem.<\/p>\n<p>Gra\u00e7as \u00e0 tecnologia patenteada DIDRC (Dynamic Intermodulation Distortion Reduction Circuitry), o pr\u00e9-amplificador Onkyo P-80 proporciona um som v\u00edvido, suave e confort\u00e1vel a partir de qualquer fonte musical. O DIDRC \u00e9 um circuito discreto de controle de sinal desenvolvido para fazer com que fontes de som digitais, como CDs e servi\u00e7os de streaming de m\u00fasica, soem t\u00e3o naturais quanto discos de vinil. Essa tecnologia foi aprimorada e \u00e9 utilizada no filtro anal\u00f3gico dos circuitos do DAC e do pr\u00e9-amplificador de fono do P-80.<\/p>\n<p class=\"heading\"><strong><a class=\"open\"><span dir=\"auto\">Duas sa\u00eddas para subwoofer<\/span><\/a><\/strong><\/p>\n<div class=\"body\">\n<p><span dir=\"auto\">O pr\u00e9-amplificador P-80 possui duas sa\u00eddas independentes para subwoofer, fornecendo pot\u00eancia suficiente para expressar plenamente os tons mais graves da sua m\u00fasica.<\/span><\/p>\n<\/div>\n<p data-path-to-node=\"4\">\n<\/div>\n","protected":false},"excerpt":{"rendered":"<p>O Onkyo P-80 integra a prestigiada s\u00e9rie Integra da marca, consolidando-se como um pr\u00e9-amplificador de alta fidelidade que prioriza a pureza do sinal sonoro. Ele \u00e9 um componente central em sistemas de \u00e1udio vintage, projetado para gerenciar m\u00faltiplas fontes de entrada com precis\u00e3o t\u00e9cnica. Projetado para oferecer o m\u00e1ximo em som livre de distor\u00e7\u00e3o, com [&hellip;]<\/p>\n","protected":false},"featured_media":41542,"template":"","meta":{"_acf_changed":false},"product_brand":[],"product_cat":[132,38],"product_tag":[],"class_list":{"0":"post-41541","1":"product","2":"type-product","3":"status-publish","4":"has-post-thumbnail","6":"product_cat-onkyo","7":"product_cat-pre-amplificador","9":"first","10":"instock","11":"sold-individually","12":"shipping-taxable","13":"purchasable","14":"product-type-simple"},"acf":[],"aioseo_notices":[],"_links":{"self":[{"href":"https:\/\/hificlub.com.br\/loja\/wp-json\/wp\/v2\/product\/41541","targetHints":{"allow":["GET"]}}],"collection":[{"href":"https:\/\/hificlub.com.br\/loja\/wp-json\/wp\/v2\/product"}],"about":[{"href":"https:\/\/hificlub.com.br\/loja\/wp-json\/wp\/v2\/types\/product"}],"wp:featuredmedia":[{"embeddable":true,"href":"https:\/\/hificlub.com.br\/loja\/wp-json\/wp\/v2\/media\/41542"}],"wp:attachment":[{"href":"https:\/\/hificlub.com.br\/loja\/wp-json\/wp\/v2\/media?parent=41541"}],"wp:term":[{"taxonomy":"product_brand","embeddable":true,"href":"https:\/\/hificlub.com.br\/loja\/wp-json\/wp\/v2\/product_brand?post=41541"},{"taxonomy":"product_cat","embeddable":true,"href":"https:\/\/hificlub.com.br\/loja\/wp-json\/wp\/v2\/product_cat?post=41541"},{"taxonomy":"product_tag","embeddable":true,"href":"https:\/\/hificlub.com.br\/loja\/wp-json\/wp\/v2\/product_tag?post=41541"}],"curies":[{"name":"wp","href":"https:\/\/api.w.org\/{rel}","templated":true}]}}