{"id":3974,"date":"2023-10-17T20:09:38","date_gmt":"2023-10-17T23:09:38","guid":{"rendered":"https:\/\/hificlub.com.br\/loja2\/produto\/krell-kst100-100-watts\/"},"modified":"2026-02-17T21:29:45","modified_gmt":"2026-02-18T00:29:45","slug":"krell-kst100-100-watts","status":"publish","type":"product","link":"https:\/\/hificlub.com.br\/loja\/produto\/krell-kst100-100-watts\/","title":{"rendered":"KRELL KST-100  Amplificador Full Balanced  100 watts"},"content":{"rendered":"<p>ESTADO 9\/10<\/p>\n<p>O KST-100 \u00e9 bastante compacto para os padr\u00f5es Krell, seus dissipadores de calor contidos na largura total do painel frontal de liga.\u00a0Descrito como classe A para meia pot\u00eancia (mais sobre isso mais tarde), \u00e9 bastante poderoso em 100Wpc em 8 ohms (20dBW);\u00a0<i>ou seja<\/i>\u00a0, 50W 8 ohms classe A, com a pot\u00eancia especificada dobrando em sucessivas redu\u00e7\u00f5es pela metade dessa imped\u00e2ncia;\u00a0com 800W cotado em 1 ohm.\u00a0A simples remo\u00e7\u00e3o da tampa superior fornece acesso a um switch mono que permite que o amplificador funcione no modo de ponte n\u00e3o balanceada, funcionando como um monobloco fornecendo 400W em 8 ohms e 800W em 4 ohms (ambos equivalentes a 26dBW, nota de rodap\u00e9 1).\u00a0Dada a hist\u00f3ria passada dos produtos Krell sendo capazes de conduzir imped\u00e2ncias de baixo n\u00edvel, esses n\u00fameros s\u00e3o cr\u00edveis.<\/p>\n<p>O funcionamento balanceado e desbalanceado \u00e9 poss\u00edvel: cerca de 1,5V de entrada \u00e9 necess\u00e1ria para sa\u00edda total;\u00a0apenas os CD players\/processadores de sa\u00edda mais alta, capazes de fornecer 3 a 5 V, poder\u00e3o acion\u00e1-lo diretamente sem um amplificador de linha.<\/p>\n<p>Sobre o assunto &#8220;classe A&#8221;, o KST-100 simplesmente n\u00e3o esquenta o suficiente na primeira inspe\u00e7\u00e3o para que isso se aplique.\u00a0Al\u00e9m disso, a corrente de polariza\u00e7\u00e3o do est\u00e1gio de sa\u00edda d\u00e1 uma queda de tens\u00e3o de 80mV em cada um dos quatro resistores emissores de 0,5 ohm (existem quatro transistores de sa\u00edda por totem);\u00a0isso d\u00e1 uma polariza\u00e7\u00e3o permanente total de 160mA x 4 = 0,64A.\u00a0Isso equivale a uma sa\u00edda RMS classe A de aproximadamente 6,5 W (8,2 dBW);\u00a0uma corrente permanente de 2A \u00e9 necess\u00e1ria para suportar confortavelmente uma pot\u00eancia de classe A de 50W em 8 ohms (17dBW).\u00a0Krell cita uma corrente ociosa total de 2A extra\u00edda da fonte de alimenta\u00e7\u00e3o de 115V CA, que \u00e9 &#8220;230W&#8221; antes da retifica\u00e7\u00e3o.\u00a0Com uma efici\u00eancia geral t\u00edpica de 25% nessas baixas pot\u00eancias, isso por si s\u00f3 suportaria uma sa\u00edda classe A de 29Wpc com casamento de imped\u00e2ncia ideal, neste caso em cargas acima de 16 ohms.\u00a0Portanto, devo refutar a alega\u00e7\u00e3o de que o KST-100 opera na classe A com metade de sua pot\u00eancia nominal em 8 ohms, mas tamb\u00e9m estou feliz em dizer: &#8220;E da\u00ed!&#8221;\u00a0A prova absoluta de que a classe A \u00e9 a correta para o melhor som \u00e9 dif\u00edcil de encontrar.\u00a0Tudo o que \u00e9 necess\u00e1rio \u00e9 um n\u00edvel de polariza\u00e7\u00e3o suficientemente saud\u00e1vel na corrente permanente para superar o crossover e as n\u00e3o linearidades relacionadas ao est\u00e1gio de sa\u00edda.<\/p>\n<p>A conex\u00e3o de energia ao KST \u00e9 feita por meio de um plugue CA IEC, enquanto os terminais de entrada phono e XLR s\u00e3o fornecidos.\u00a0No modo n\u00e3o balanceado, pequenos pinos de curto s\u00e3o fornecidos para a polaridade do sinal XLR n\u00e3o utilizado.\u00a0Postes de liga\u00e7\u00e3o de cinco vias s\u00e3o fornecidos para conex\u00e3o de alto-falante, suas cabe\u00e7as hexagonais permitem o uso de uma chave para um bom contato.\u00a0Dois conjuntos est\u00e3o presentes, para auxiliar nos arranjos de fia\u00e7\u00e3o dupla.\u00a0O \u00fanico controle do painel frontal \u00e9 o bot\u00e3o liga\/desliga iluminado, um tipo de disjuntor inclu\u00eddo no sistema de prote\u00e7\u00e3o do amplificador.<\/p>\n<p><b>Especifica\u00e7\u00f5es<\/b><\/p>\n<p><b>Descri\u00e7\u00e3o:<\/b>\u00a0amplificador de pot\u00eancia est\u00e9reo.\u00a0Pot\u00eancia de sa\u00edda: 100Wpc\/8 ohms (20dBW), 200Wpc\/4 ohms (20dBW), 400Wpc\/2 ohms (20dBW), 800Wpc\/1 ohm (20dBW).\u00a0Imped\u00e2ncia de sa\u00edda: 0,125 ohms.\u00a0Fator de amortecimento: 150. THD e IMD: menos de 0,1% em todas as condi\u00e7\u00f5es.\u00a0Rela\u00e7\u00e3o S\/R: 96dB A-ponderada.\u00a0Taxa de giro: 50 V\/\u00b5s.\u00a0Sensibilidade de entrada: 1,5 V para sa\u00edda total.\u00a0Imped\u00e2ncia de entrada: 47k ohms.<br \/>\n<b>Dimens\u00f5es:<\/b>\u00a06,4&#8243; A por 18&#8243; L por 14,8&#8243; P.<\/p>\n<ul>\n<li>Stereo power amplifier.<\/li>\n<li>Output power: 100Wpc\/8 ohms (20dBW), 200Wpc\/4 ohms (20dBW), 400Wpc\/2 ohms (20dBW), 800Wpc\/1 ohm (20dBW).<\/li>\n<li>Output impedance: 0.125 ohms.<\/li>\n<li>Damping factor: 150.<\/li>\n<li>THD &amp; IMD: less than 0.1% under all conditions.<\/li>\n<li>S\/N ratio: 96dB A-weighted.<\/li>\n<li>Slew rate: 50V\/\u00b5s.<\/li>\n<li>Input sensitivity: 1.5V for full output.<\/li>\n<li>Input impedance: 47k ohms.<\/li>\n<li>Dimensions: 6.4&#8243; H by 18&#8243; W by 14.8&#8243; D.<\/li>\n<\/ul>\n","protected":false},"excerpt":{"rendered":"<p>ESTADO 9\/10 O KST-100 \u00e9 bastante compacto para os padr\u00f5es Krell, seus dissipadores de calor contidos na largura total do painel frontal de liga.\u00a0Descrito como classe A para meia pot\u00eancia (mais sobre isso mais tarde), \u00e9 bastante poderoso em 100Wpc em 8 ohms (20dBW);\u00a0ou seja\u00a0, 50W 8 ohms classe A, com a pot\u00eancia especificada dobrando [&hellip;]<\/p>\n","protected":false},"featured_media":30982,"template":"","meta":{"_acf_changed":false},"product_brand":[],"product_cat":[27,28],"product_tag":[],"class_list":{"0":"post-3974","1":"product","2":"type-product","3":"status-publish","4":"has-post-thumbnail","6":"product_cat-amplificador","7":"product_cat-estereo","9":"first","10":"instock","11":"sold-individually","12":"shipping-taxable","13":"purchasable","14":"product-type-simple"},"acf":[],"aioseo_notices":[],"_links":{"self":[{"href":"https:\/\/hificlub.com.br\/loja\/wp-json\/wp\/v2\/product\/3974","targetHints":{"allow":["GET"]}}],"collection":[{"href":"https:\/\/hificlub.com.br\/loja\/wp-json\/wp\/v2\/product"}],"about":[{"href":"https:\/\/hificlub.com.br\/loja\/wp-json\/wp\/v2\/types\/product"}],"wp:featuredmedia":[{"embeddable":true,"href":"https:\/\/hificlub.com.br\/loja\/wp-json\/wp\/v2\/media\/30982"}],"wp:attachment":[{"href":"https:\/\/hificlub.com.br\/loja\/wp-json\/wp\/v2\/media?parent=3974"}],"wp:term":[{"taxonomy":"product_brand","embeddable":true,"href":"https:\/\/hificlub.com.br\/loja\/wp-json\/wp\/v2\/product_brand?post=3974"},{"taxonomy":"product_cat","embeddable":true,"href":"https:\/\/hificlub.com.br\/loja\/wp-json\/wp\/v2\/product_cat?post=3974"},{"taxonomy":"product_tag","embeddable":true,"href":"https:\/\/hificlub.com.br\/loja\/wp-json\/wp\/v2\/product_tag?post=3974"}],"curies":[{"name":"wp","href":"https:\/\/api.w.org\/{rel}","templated":true}]}}