{"id":3491,"date":"2023-10-17T20:06:47","date_gmt":"2023-10-17T23:06:47","guid":{"rendered":"https:\/\/hificlub.com.br\/loja2\/produto\/dynaudio-excite-x32-rosewood\/"},"modified":"2025-12-01T08:07:34","modified_gmt":"2025-12-01T11:07:34","slug":"dynaudio-excite-x32-rosewood","status":"publish","type":"product","link":"https:\/\/hificlub.com.br\/loja\/produto\/dynaudio-excite-x32-rosewood\/","title":{"rendered":"DYNAUDIO EXCITE X32 Rosewood"},"content":{"rendered":"<p>&nbsp;<\/p>\n<p>Dynaudio Excite X32<\/p>\n<div class=\"richtext-content__lead\">\n<p>Musicalidade fascinante em uma forma cl\u00e1ssica: O Dynaudio Excite X32.<br \/>\nUm alto-falante de piso atraente e de linha fina que combina eleg\u00e2ncia atemporal e som de alcance total, o inovador X32 incorpora dois drivers de m\u00e9dios\/graves rec\u00e9m-desenvolvidos.<\/p>\n<\/div>\n<div class=\"richtext-content__text text-expand--disabled expand-text-initiated\" data-expand-text=\"{&quot;show-text&quot;: &quot;Show full description&quot;, &quot;hide-text&quot;: &quot;Hide description&quot;, &quot;height&quot;: 150}\">\n<div class=\"expand-text\">\n<div class=\"expand-text-content\">\n<p>Alto-falante tradicional de duas vias, mas com a vantagem de drivers duplos, onde um benef\u00edcio do sistema de dois \u00edm\u00e3s e dois diafragmas de cone garantidos s\u00e3o reproduzidos que mesmo como notas s\u00e3o reproduzidos autenticamente.<\/p>\n<p>As propriedades espec\u00edficas do Magnesium Silicate Polymer e o formato especial da membrana garantem que os vocais e os instrumentos de m\u00e9dio porte sejam perfeitamente integrados ao palco sonoro.<br \/>\nCom um defletor dianteiro fino, uma grade frontal de comprimento total e um acabamento de gr\u00e3o de madeira fino, o X32 tamb\u00e9m \u00e9 um elegante mobili\u00e1rio de sala de estar.\u00a0Para uma integra\u00e7\u00e3o perfeita da sala, todos os modelos Excite s\u00e3o acabados em uma sele\u00e7\u00e3o de folheados de madeira real selecionados.<\/p>\n<p>Som requintado pode ser apreciado em qualquer espa\u00e7o.<\/p>\n<header class=\"tech-specs__header\">\n<div class=\"tech-specs__header-wrap tech-specs__header-wrap--headline\">\n<h2 class=\"tech-specs__headline\">Especifica\u00e7\u00f5es t\u00e9cnicas<\/h2>\n<\/div>\n<div class=\"tech-specs__header-wrap\">\n<div class=\"tech-specs__statement\">\n<div class=\"tech-specs__lead\">\n<p class=\"p1\"><span class=\"s1\">Wilfried Ehrenholz, Fundador, Dynaudio<\/span><\/p>\n<\/div>\n<\/div>\n<\/div>\n<\/header>\n<div class=\"tech-specs-data\">\n<table class=\"tech-specs-data__table\">\n<caption class=\"tech-specs-data__caption visuallyhidden\">Folha de especifica\u00e7\u00f5es para Excite parte 2<\/caption>\n<tbody>\n<tr class=\"tech-specs-data__row\">\n<th id=\"row-1\" class=\"tech-specs-data__label\" scope=\"row\">Sensibilidade:<\/th>\n<td class=\"tech-specs-data__data\" headers=\"row-1\">87 dB (2,83 V\/1 m)<\/td>\n<\/tr>\n<tr class=\"tech-specs-data__row\">\n<th id=\"row-1\" class=\"tech-specs-data__label\" scope=\"row\">Manipula\u00e7\u00e3o de Energia IEC:<\/th>\n<td class=\"tech-specs-data__data\" headers=\"row-1\">200 W<\/td>\n<\/tr>\n<tr class=\"tech-specs-data__row\">\n<th id=\"row-1\" class=\"tech-specs-data__label\" scope=\"row\">Imped\u00e2ncia:<\/th>\n<td class=\"tech-specs-data__data\" headers=\"row-1\">4 Ohms<\/td>\n<\/tr>\n<tr class=\"tech-specs-data__row\">\n<th id=\"row-1\" class=\"tech-specs-data__label\" scope=\"row\">Resposta de Frequ\u00eancia:<\/th>\n<td class=\"tech-specs-data__data\" headers=\"row-1\">37 Hz &#8211; 23 kHz (\u00b1 3 dB)<\/td>\n<\/tr>\n<\/tbody>\n<\/table>\n<table class=\"tech-specs-data__table\">\n<caption class=\"tech-specs-data__caption visuallyhidden\">Folha de especifica\u00e7\u00f5es para Excite parte 1<\/caption>\n<tbody>\n<tr class=\"tech-specs-data__row\">\n<th id=\"row-1\" class=\"tech-specs-data__label\" scope=\"row\">Princ\u00edpio da Caixa:<\/th>\n<td class=\"tech-specs-data__data\" headers=\"row-1\">Reflexo de graves de 2 vias<\/td>\n<\/tr>\n<tr class=\"tech-specs-data__row\">\n<th id=\"row-1\" class=\"tech-specs-data__label\" scope=\"row\">Frequencia cruzada:<\/th>\n<td class=\"tech-specs-data__data\" headers=\"row-1\">1800Hz<\/td>\n<\/tr>\n<tr class=\"tech-specs-data__row\">\n<th id=\"row-1\" class=\"tech-specs-data__label\" scope=\"row\">Peso:<\/th>\n<td class=\"tech-specs-data__data\" headers=\"row-1\">17,2kg<\/td>\n<\/tr>\n<tr class=\"tech-specs-data__row\">\n<th id=\"row-1\" class=\"tech-specs-data__label\" scope=\"row\">Dimens\u00f5es (L x A x P):<\/th>\n<td class=\"tech-specs-data__data\" headers=\"row-1\">170 x 920 x 270 mil\u00edmetros 6,7 x 36,2 x 10,6&#8243;<\/td>\n<\/tr>\n<\/tbody>\n<\/table>\n<\/div>\n<header class=\"tech-specs__header\">\n<div class=\"tech-specs__header-wrap tech-specs__header-wrap--headline\">\n<h2 class=\"tech-specs__headline\"><\/h2>\n<\/div>\n<\/header>\n<\/div>\n<\/div>\n<\/div>\n","protected":false},"excerpt":{"rendered":"<p>&nbsp; Dynaudio Excite X32 Musicalidade fascinante em uma forma cl\u00e1ssica: O Dynaudio Excite X32. Um alto-falante de piso atraente e de linha fina que combina eleg\u00e2ncia atemporal e som de alcance total, o inovador X32 incorpora dois drivers de m\u00e9dios\/graves rec\u00e9m-desenvolvidos. Alto-falante tradicional de duas vias, mas com a vantagem de drivers duplos, onde um [&hellip;]<\/p>\n","protected":false},"featured_media":15935,"template":"","meta":{"_acf_changed":false},"product_brand":[],"product_cat":[17,44,18],"product_tag":[],"class_list":{"0":"post-3491","1":"product","2":"type-product","3":"status-publish","4":"has-post-thumbnail","6":"product_cat-caixas","7":"product_cat-dynaudio","8":"product_cat-torres","10":"first","11":"instock","12":"sold-individually","13":"shipping-taxable","14":"purchasable","15":"product-type-simple"},"acf":[],"aioseo_notices":[],"_links":{"self":[{"href":"https:\/\/hificlub.com.br\/loja\/wp-json\/wp\/v2\/product\/3491","targetHints":{"allow":["GET"]}}],"collection":[{"href":"https:\/\/hificlub.com.br\/loja\/wp-json\/wp\/v2\/product"}],"about":[{"href":"https:\/\/hificlub.com.br\/loja\/wp-json\/wp\/v2\/types\/product"}],"wp:featuredmedia":[{"embeddable":true,"href":"https:\/\/hificlub.com.br\/loja\/wp-json\/wp\/v2\/media\/15935"}],"wp:attachment":[{"href":"https:\/\/hificlub.com.br\/loja\/wp-json\/wp\/v2\/media?parent=3491"}],"wp:term":[{"taxonomy":"product_brand","embeddable":true,"href":"https:\/\/hificlub.com.br\/loja\/wp-json\/wp\/v2\/product_brand?post=3491"},{"taxonomy":"product_cat","embeddable":true,"href":"https:\/\/hificlub.com.br\/loja\/wp-json\/wp\/v2\/product_cat?post=3491"},{"taxonomy":"product_tag","embeddable":true,"href":"https:\/\/hificlub.com.br\/loja\/wp-json\/wp\/v2\/product_tag?post=3491"}],"curies":[{"name":"wp","href":"https:\/\/api.w.org\/{rel}","templated":true}]}}