{"id":30485,"date":"2026-01-30T12:17:02","date_gmt":"2026-01-30T15:17:02","guid":{"rendered":"https:\/\/hificlub.com.br\/loja\/?post_type=product&#038;p=30485"},"modified":"2026-01-30T12:17:03","modified_gmt":"2026-01-30T15:17:03","slug":"bluesound-powernode-n330","status":"publish","type":"product","link":"https:\/\/hificlub.com.br\/loja\/produto\/bluesound-powernode-n330\/","title":{"rendered":"BLUESOUND POWERNODE N330"},"content":{"rendered":"<p>Bluesound Powernode N330 na cor preta.<\/p>\n<p>Equipamento premiado, ideal para quem busca a praticidade do streaming hifi &#8220;tudo-em-um\u201d \/ \u201cjust add speakers&#8221;.<\/p>\n<p>O aparelho est\u00e1 em perfeito estado est\u00e9tico e funcional, sem detalhes.<\/p>\n<p>Destaques do modelo:<\/p>\n<ul>\n<li>Pot\u00eancia: 80W por canal (8 Ohms) &#8211; empurra com folga a maioria das caixas torre e bookshelf.<\/li>\n<li>Conectividade: HDMI eARC (integra\u00e7\u00e3o total com a TV), AirPlay 2, Bluetooth aptX HD (bidirecional) e BluOS (melhor app de streaming do mercado). Possui Tidal Connect e Spotify Connect.<\/li>\n<li>DAC de alta performance: Suporta FLAC, WAV, AIFF, ALAC e MQA (todos at\u00e9 24-bit\/192kHz), al\u00e9m de Dolby Digital via entrada \u00f3ptica ou HDMI.<\/li>\n<li>Versatilidade: Sa\u00edda dedicada para Subwoofer e fone de ouvido.<\/li>\n<li>Acompanha todos os acess\u00f3rios e cabos originais e embalagem.<\/li>\n<\/ul>\n","protected":false},"excerpt":{"rendered":"<p>Bluesound Powernode N330 na cor preta. Equipamento premiado, ideal para quem busca a praticidade do streaming hifi &#8220;tudo-em-um\u201d \/ \u201cjust add speakers&#8221;. O aparelho est\u00e1 em perfeito estado est\u00e9tico e funcional, sem detalhes. Destaques do modelo: Pot\u00eancia: 80W por canal (8 Ohms) &#8211; empurra com folga a maioria das caixas torre e bookshelf. Conectividade: HDMI [&hellip;]<\/p>\n","protected":false},"featured_media":30490,"template":"","meta":{"_acf_changed":false},"product_brand":[],"product_cat":[27,41,142],"product_tag":[],"class_list":{"0":"post-30485","1":"product","2":"type-product","3":"status-publish","4":"has-post-thumbnail","6":"product_cat-amplificador","7":"product_cat-digital","8":"product_cat-streamers","10":"first","11":"instock","12":"sold-individually","13":"shipping-taxable","14":"purchasable","15":"product-type-simple"},"acf":[],"aioseo_notices":[],"_links":{"self":[{"href":"https:\/\/hificlub.com.br\/loja\/wp-json\/wp\/v2\/product\/30485","targetHints":{"allow":["GET"]}}],"collection":[{"href":"https:\/\/hificlub.com.br\/loja\/wp-json\/wp\/v2\/product"}],"about":[{"href":"https:\/\/hificlub.com.br\/loja\/wp-json\/wp\/v2\/types\/product"}],"wp:featuredmedia":[{"embeddable":true,"href":"https:\/\/hificlub.com.br\/loja\/wp-json\/wp\/v2\/media\/30490"}],"wp:attachment":[{"href":"https:\/\/hificlub.com.br\/loja\/wp-json\/wp\/v2\/media?parent=30485"}],"wp:term":[{"taxonomy":"product_brand","embeddable":true,"href":"https:\/\/hificlub.com.br\/loja\/wp-json\/wp\/v2\/product_brand?post=30485"},{"taxonomy":"product_cat","embeddable":true,"href":"https:\/\/hificlub.com.br\/loja\/wp-json\/wp\/v2\/product_cat?post=30485"},{"taxonomy":"product_tag","embeddable":true,"href":"https:\/\/hificlub.com.br\/loja\/wp-json\/wp\/v2\/product_tag?post=30485"}],"curies":[{"name":"wp","href":"https:\/\/api.w.org\/{rel}","templated":true}]}}