{"id":28525,"date":"2025-12-15T17:42:02","date_gmt":"2025-12-15T20:42:02","guid":{"rendered":"https:\/\/hificlub.com.br\/loja\/?post_type=product&#038;p=28525"},"modified":"2026-03-03T22:14:57","modified_gmt":"2026-03-04T01:14:57","slug":"denon-dcd-600ne-cd-player-com-processamento-al32","status":"publish","type":"product","link":"https:\/\/hificlub.com.br\/loja\/produto\/denon-dcd-600ne-cd-player-com-processamento-al32\/","title":{"rendered":"DENON DCD-600NE &#8211; CD Player com Processamento AL32"},"content":{"rendered":"<p data-path-to-node=\"2\">O <strong>Denon DCD-600NE<\/strong> \u00e9 um CD Player de n\u00edvel de entrada projetado para oferecer a reprodu\u00e7\u00e3o de som de qualidade para os entusiastas de \u00e1udio que procuram uma introdu\u00e7\u00e3o ao som de alta fidelidade. Ele \u00e9 constru\u00eddo com o objetivo de minimizar a vibra\u00e7\u00e3o e o ru\u00eddo, garantindo que o \u00e1udio seja reproduzido com a maior fidelidade poss\u00edvel a partir dos seus discos CD. O design \u00e9 focado na funcionalidade e na pureza do sinal, tornando-o um parceiro ideal para o amplificador integrado Denon PMA-600NE.<\/p>\n<p data-path-to-node=\"3\"><strong>Tecnologia de \u00c1udio<\/strong><\/p>\n<p data-path-to-node=\"4\">O DCD-600NE incorpora o Circuito de Fonte de Alimenta\u00e7\u00e3o Centralizado (Centralized Power Supply Circuit) da Denon. Este design visa proteger os delicados circuitos de \u00e1udio de interfer\u00eancias e vibra\u00e7\u00f5es. Embora seja um modelo de entrada, ele \u00e9 meticulosamente projetado para fornecer um som claro e din\u00e2mico. Um recurso chave \u00e9 o modo Pure Direct, que desliga a sa\u00edda digital e a tela frontal, eliminando potenciais fontes de ru\u00eddo e permitindo a sa\u00edda de um sinal anal\u00f3gico mais limpo e detalhado.<\/p>\n<p data-path-to-node=\"4\">O <strong>processamento avan\u00e7ado AL32<\/strong> Plus utiliza algoritmos de interpola\u00e7\u00e3o de dados, sobre amostragem e extens\u00e3o de bits para oferecer \u00e1udio de alta resolu\u00e7\u00e3o, livre de interfer\u00eancias e fiel ao som original.<\/p>\n<p data-path-to-node=\"5\"><strong>Constru\u00e7\u00e3o Anti-Vibra\u00e7\u00e3o<\/strong><\/p>\n<p data-path-to-node=\"6\">Para combater a degrada\u00e7\u00e3o do som causada pela vibra\u00e7\u00e3o, o DCD-600NE utiliza a constru\u00e7\u00e3o de aterramento mec\u00e2nico direto (Direct Mechanical Ground Construction). Os componentes internos, como o transformador de pot\u00eancia, que s\u00e3o fontes de vibra\u00e7\u00e3o, s\u00e3o montados perto dos p\u00e9s do equipamento. Essa engenharia ajuda a isolar os circuitos do leitor das vibra\u00e7\u00f5es internas e externas, protegendo a integridade do sinal de \u00e1udio.<\/p>\n<p data-path-to-node=\"7\"><strong>M\u00eddia Suportada e Conectividade<\/strong><\/p>\n<p data-path-to-node=\"8\">O DCD-600NE reproduz CDs de \u00e1udio padr\u00e3o e tamb\u00e9m discos CD-R\/RW que cont\u00eam arquivos MP3 e WMA. Embora n\u00e3o reproduza SACD ou \u00e1udio de alta resolu\u00e7\u00e3o em discos de dados como os modelos mais avan\u00e7ados, ele oferece a ess\u00eancia da experi\u00eancia de CD com a qualidade Denon. Em termos de conectividade, ele fornece uma sa\u00edda anal\u00f3gica est\u00e9reo (RCA) e uma sa\u00edda digital \u00f3ptica, oferecendo flexibilidade para a conex\u00e3o com amplificadores modernos ou DACs externos.<\/p>\n","protected":false},"excerpt":{"rendered":"<p>O Denon DCD-600NE \u00e9 um CD Player de n\u00edvel de entrada projetado para oferecer a reprodu\u00e7\u00e3o de som de qualidade para os entusiastas de \u00e1udio que procuram uma introdu\u00e7\u00e3o ao som de alta fidelidade. Ele \u00e9 constru\u00eddo com o objetivo de minimizar a vibra\u00e7\u00e3o e o ru\u00eddo, garantindo que o \u00e1udio seja reproduzido com a [&hellip;]<\/p>\n","protected":false},"featured_media":28526,"template":"","meta":{"_acf_changed":false},"product_brand":[],"product_cat":[42,150,41],"product_tag":[],"class_list":{"0":"post-28525","1":"product","2":"type-product","3":"status-publish","4":"has-post-thumbnail","6":"product_cat-cd-players","7":"product_cat-denon","8":"product_cat-digital","10":"first","11":"instock","12":"sold-individually","13":"shipping-taxable","14":"purchasable","15":"product-type-simple"},"acf":[],"aioseo_notices":[],"_links":{"self":[{"href":"https:\/\/hificlub.com.br\/loja\/wp-json\/wp\/v2\/product\/28525","targetHints":{"allow":["GET"]}}],"collection":[{"href":"https:\/\/hificlub.com.br\/loja\/wp-json\/wp\/v2\/product"}],"about":[{"href":"https:\/\/hificlub.com.br\/loja\/wp-json\/wp\/v2\/types\/product"}],"wp:featuredmedia":[{"embeddable":true,"href":"https:\/\/hificlub.com.br\/loja\/wp-json\/wp\/v2\/media\/28526"}],"wp:attachment":[{"href":"https:\/\/hificlub.com.br\/loja\/wp-json\/wp\/v2\/media?parent=28525"}],"wp:term":[{"taxonomy":"product_brand","embeddable":true,"href":"https:\/\/hificlub.com.br\/loja\/wp-json\/wp\/v2\/product_brand?post=28525"},{"taxonomy":"product_cat","embeddable":true,"href":"https:\/\/hificlub.com.br\/loja\/wp-json\/wp\/v2\/product_cat?post=28525"},{"taxonomy":"product_tag","embeddable":true,"href":"https:\/\/hificlub.com.br\/loja\/wp-json\/wp\/v2\/product_tag?post=28525"}],"curies":[{"name":"wp","href":"https:\/\/api.w.org\/{rel}","templated":true}]}}