{"id":28374,"date":"2025-12-10T11:33:03","date_gmt":"2025-12-10T14:33:03","guid":{"rendered":"https:\/\/hificlub.com.br\/loja\/?post_type=product&#038;p=28374"},"modified":"2026-03-18T12:42:24","modified_gmt":"2026-03-18T15:42:24","slug":"hegel-h30-amplificador-stereo-1100-watts","status":"publish","type":"product","link":"https:\/\/hificlub.com.br\/loja\/produto\/hegel-h30-amplificador-stereo-1100-watts\/","title":{"rendered":"HEGEL H30 &#8211; Amplificador Stereo Full Balanced 1100 watts"},"content":{"rendered":"<p>Com uma pot\u00eancia de mais de 1,1 kW em 8 ohms que est\u00e1 \u00e0 beira de ser mais f\u00e1cil de medir o <strong>H30<\/strong> em cavalos de pot\u00eancia. Os enormes amplificadores de pot\u00eancia H30 mono de Hegel jogar qualquer alto-falante no mundo com facilidade e autoridade. O H30 \u00e9 a nossa melhor amplificador de pot\u00eancia nunca, e \u00e9 definitivamente um combatente por ser o melhor amplificador de pot\u00eancia no mundo. O H30 \u00e9 desenvolvido como um bloco mono, mas h\u00e1 tamb\u00e9m a possibilidade de us\u00e1-lo como um amplificador de pot\u00eancia est\u00e9reo para come\u00e7ar com se voc\u00ea estiver em um or\u00e7amento.<\/p>\n<p>O progresso \u00e9 uma rua de sentido e assim para os nossos amplificadores de pot\u00eancia. O H30 est\u00e1 usando uma vers\u00e3o nova e melhorada da tecnologia patenteada amplificador de Hegel SoundEngine. Esta reduzir ainda mais todos os tipos de distor\u00e7\u00f5es. Al\u00e9m da melhoria SoundEngine tamb\u00e9m estamos usando o n\u00edvel mais alto poss\u00edvel do FET-tecnologia de Hegel na fase de entrada eo est\u00e1gio de ganho de tens\u00e3o. Esta tecnologia reduzir um tipo muito espec\u00edfico de distor\u00e7\u00e3o chamada distor\u00e7\u00e3o harm\u00f4nica. Este tipo particular de distor\u00e7\u00e3o faz com que muitas pessoas chamam de \u201csom transistor\u201d, e este \u00e9, portanto, dramaticamente reduzido no H30. Ele vai simplesmente deixar a m\u00fasica chegar at\u00e9 voc\u00ea de uma maneira diferente do que o que voc\u00ea j\u00e1 experimentou antes.<\/p>\n<p>Normalmente, quando voc\u00ea compara um amplificador menos potente com um amplificador mais potente, o mais poderoso ter\u00e1 um baixo mais potente, mais ataque e mais \u201cSLAM\u201d do que o menos poderoso. \u00c9 assim que funciona at\u00e9 um certo ponto. O Hegel H30 est\u00e1 al\u00e9m deste ponto, e, de repente, as diferen\u00e7as tornam-se diferentes. O H30 vai simplesmente jogar com um controle totalmente indiscut\u00edvel, independentemente dos alto-falantes. O baixo \u00e9 muito profunda, mas n\u00e3o dominando. O n\u00edvel de detalhe nas altas frequ\u00eancias s\u00e3o desconhecidos, mas nunca excesso. Normalmente, uma demonstra\u00e7\u00e3o da combina\u00e7\u00e3o H30 e P30 termina com aplaudem as m\u00e3os e uma wooooow sussurrando \u2026<\/p>\n<p>O que define o <strong>H30<\/strong> al\u00e9m do <strong>H4SE<\/strong>? Existem v\u00e1rias diferen\u00e7as t\u00e9cnicas. Como um amplificador de pot\u00eancia mono, o H30 tem um est\u00e1gio de sa\u00edda totalmente equilibrado que reduz a distor\u00e7\u00e3o e anular a distor\u00e7\u00e3o. Ainda mais, o H30 tem um est\u00e1gio de entrada e ganho de tens\u00e3o est\u00e1gio muito mais avan\u00e7ado. Tanto o H4SE e o H30 utiliza transistores combinados m\u00e3o, mas apenas o H30 utiliza a combina\u00e7\u00e3o especial de JFET e os transistores MOS-FET. Isso reduz ainda mais alta ordem distor\u00e7\u00e3o harm\u00f4nica no H30. A terceira grande diferen\u00e7a entre os dois \u00e9 transistores de sa\u00edda do H30. Estes s\u00e3o de maior qualidade, com menos distor\u00e7\u00f5es do que os do H4SE. Em adi\u00e7\u00e3o a isto, o uso de transformadores duplas no H30, reduz o ru\u00eddo mec\u00e2nico. O or\u00e7amento superior tamb\u00e9m permitem o uso de pe\u00e7as melhores em todo o H30.<\/p>\n<hr \/>\n<p><a href=\"https:\/\/www.stereophile.com\/content\/hegel-reference-h30a-reference-power-amplifier-p30a-preamplifier-kef-reference-5-meta\" target=\"_blank\" rel=\"noopener\"><img loading=\"lazy\" decoding=\"async\" class=\"alignnone wp-image-22926 size-full\" src=\"https:\/\/hificlub.com.br\/loja\/wp-content\/uploads\/2025\/06\/Stereophile-award-e1761574679160.jpg\" alt=\"\" width=\"348\" height=\"75\" srcset=\"https:\/\/hificlub.com.br\/loja\/wp-content\/uploads\/2025\/06\/Stereophile-award-e1761574679160.jpg 348w, https:\/\/hificlub.com.br\/loja\/wp-content\/uploads\/2025\/06\/Stereophile-award-e1761574679160-300x65.jpg 300w\" sizes=\"auto, (max-width: 348px) 100vw, 348px\" \/>\u00a0\u00a0\u00a0\u00a0 <\/a><a href=\"https:\/\/www.soundstagenetwork.com\/hifi\/index.php\/equipment-reviews\/833-hegel-music-systems-h30-stereo-mono-amplifier\" target=\"_blank\" rel=\"noopener\"><img loading=\"lazy\" decoding=\"async\" class=\"alignnone wp-image-22077\" src=\"https:\/\/hificlub.com.br\/loja\/wp-content\/uploads\/2023\/11\/Awards-SoundStage-HiFi-2-5.webp\" alt=\"\" width=\"81\" height=\"73\" srcset=\"https:\/\/hificlub.com.br\/loja\/wp-content\/uploads\/2023\/11\/Awards-SoundStage-HiFi-2-5.webp 350w, https:\/\/hificlub.com.br\/loja\/wp-content\/uploads\/2023\/11\/Awards-SoundStage-HiFi-2-5-300x271.webp 300w, https:\/\/hificlub.com.br\/loja\/wp-content\/uploads\/2023\/11\/Awards-SoundStage-HiFi-2-5-249x225.webp 249w\" sizes=\"auto, (max-width: 81px) 100vw, 81px\" \/><\/a><\/p>\n","protected":false},"excerpt":{"rendered":"<p>Com uma pot\u00eancia de mais de 1,1 kW em 8 ohms que est\u00e1 \u00e0 beira de ser mais f\u00e1cil de medir o H30 em cavalos de pot\u00eancia. Os enormes amplificadores de pot\u00eancia H30 mono de Hegel jogar qualquer alto-falante no mundo com facilidade e autoridade. O H30 \u00e9 a nossa melhor amplificador de pot\u00eancia nunca, [&hellip;]<\/p>\n","protected":false},"featured_media":5378,"template":"","meta":{"_acf_changed":false},"product_brand":[],"product_cat":[27,28,93],"product_tag":[],"class_list":{"0":"post-28374","1":"product","2":"type-product","3":"status-publish","4":"has-post-thumbnail","6":"product_cat-amplificador","7":"product_cat-estereo","8":"product_cat-hegel","10":"first","11":"instock","12":"sold-individually","13":"shipping-taxable","14":"purchasable","15":"product-type-simple"},"acf":[],"aioseo_notices":[],"_links":{"self":[{"href":"https:\/\/hificlub.com.br\/loja\/wp-json\/wp\/v2\/product\/28374","targetHints":{"allow":["GET"]}}],"collection":[{"href":"https:\/\/hificlub.com.br\/loja\/wp-json\/wp\/v2\/product"}],"about":[{"href":"https:\/\/hificlub.com.br\/loja\/wp-json\/wp\/v2\/types\/product"}],"wp:featuredmedia":[{"embeddable":true,"href":"https:\/\/hificlub.com.br\/loja\/wp-json\/wp\/v2\/media\/5378"}],"wp:attachment":[{"href":"https:\/\/hificlub.com.br\/loja\/wp-json\/wp\/v2\/media?parent=28374"}],"wp:term":[{"taxonomy":"product_brand","embeddable":true,"href":"https:\/\/hificlub.com.br\/loja\/wp-json\/wp\/v2\/product_brand?post=28374"},{"taxonomy":"product_cat","embeddable":true,"href":"https:\/\/hificlub.com.br\/loja\/wp-json\/wp\/v2\/product_cat?post=28374"},{"taxonomy":"product_tag","embeddable":true,"href":"https:\/\/hificlub.com.br\/loja\/wp-json\/wp\/v2\/product_tag?post=28374"}],"curies":[{"name":"wp","href":"https:\/\/api.w.org\/{rel}","templated":true}]}}