{"id":28233,"date":"2025-12-03T11:16:15","date_gmt":"2025-12-03T14:16:15","guid":{"rendered":"https:\/\/hificlub.com.br\/loja\/?post_type=product&#038;p=28233"},"modified":"2025-12-03T11:19:16","modified_gmt":"2025-12-03T14:19:16","slug":"dcs-bartok-apex-dac-streamer-de-rede","status":"publish","type":"product","link":"https:\/\/hificlub.com.br\/loja\/produto\/dcs-bartok-apex-dac-streamer-de-rede\/","title":{"rendered":"dCS BARTOK APEX &#8211; DAC, Streamer de rede, Suporta Tidal, Deezer, Spotify, Apple AirPlay"},"content":{"rendered":"<p>O <strong>Bart\u00f3k APEX<\/strong> \u00e9 a s\u00edntese do nosso passado, presente e futuro \u2014 30 anos de inova\u00e7\u00e3o em um \u00fanico chassi elegante, flex\u00edvel e preparado para o futuro, que incorpora a ess\u00eancia da dCS. Combinando um DAC, um reprodutor de m\u00fasica em streaming, um upsampler, um pr\u00e9-amplificador e (opcionalmente) um amplificador de fones de ouvido, o Bart\u00f3k APEX oferece uma experi\u00eancia singular para audi\u00f3filos e ouvintes de som est\u00e9reo. Agora, com o APEX Ring DAC, nosso hardware DAC de \u00faltima gera\u00e7\u00e3o, redefinimos mais uma vez o estado da arte em \u00e1udio digital. Essa atualiza\u00e7\u00e3o nos permite levar o desempenho mundialmente reconhecido do Bart\u00f3k a um novo patamar \u2014 uma tecnologia que proporciona uma experi\u00eancia musical ainda mais imersiva.<\/p>\n<p class=\"section__title\"><strong><span dir=\"auto\">Som envolvente, design engenhoso<\/span><\/strong><\/p>\n<p>Projetado e montado \u00e0 m\u00e3o em nossa sede em Cambridgeshire, Inglaterra, o Bart\u00f3k APEX nasce de um trabalho artesanal meticuloso, desenvolvimento exaustivo e aten\u00e7\u00e3o obsessiva aos detalhes \u2014 uma busca incessante pela pureza musical que nos inspirou a reimaginar os limites da reprodu\u00e7\u00e3o sonora.<\/p>\n<p><span dir=\"auto\">Compartilhando os mesmos componentes eletr\u00f4nicos de nossos sistemas Vivaldi e Rossini, ele apresenta as gera\u00e7\u00f5es mais recentes de nosso pioneiro\u00a0\u00a0<\/span><strong><span dir=\"auto\">Ring DAC\u2122 APEX<\/span><\/strong><span dir=\"auto\">\u00a0,\u00a0\u00a0<\/span><span dir=\"auto\">arquitetura de clock<\/span><span dir=\"auto\">\u00a0e\u00a0\u00a0<\/span><span dir=\"auto\">plataforma de processamento digital<\/span><span dir=\"auto\">\u00a0\u00a0\u2014 uma combina\u00e7\u00e3o \u00fanica de hardware e software inigual\u00e1vel em seu desempenho sonoro e t\u00e9cnico.<\/span><\/p>\n<p>O APEX \u00e9 uma nova vers\u00e3o aprimorada do DAC Ring da dCS: o sistema de convers\u00e3o digital-anal\u00f3gica presente em todos os DACs da dCS. Desenvolvido inicialmente para nossos produtos de \u00e1udio profissional, este sistema exclusivo passou por desenvolvimento e aprimoramento cont\u00ednuos ao longo das \u00faltimas tr\u00eas d\u00e9cadas e continua sendo reconhecido por seu desempenho t\u00e9cnico e sonoro.<\/p>\n<p><strong>Principais caracter\u00edsticas<\/strong><\/p>\n<div class=\"grid__col grid__col--1of2\">\n<ul class=\"list-dots\">\n<li data-text=\"0\"><span dir=\"auto\">A plataforma de processamento digital dCS de \u00faltima gera\u00e7\u00e3o oferece processamento de sinal de ponta e flexibilidade.<\/span><\/li>\n<li data-text=\"1\"><span dir=\"auto\">DAC dCS Ring DAC\u2122 instalado, como usado no sistema de reprodu\u00e7\u00e3o digital dCS Vivaldi.<\/span><\/li>\n<li data-text=\"2\"><span dir=\"auto\">Transmiss\u00e3o de alta qualidade do TIDAL, Qobuz, Deezer e r\u00e1dio online atrav\u00e9s do aplicativo dCS Mosaic Control.<\/span><\/li>\n<li data-text=\"3\"><span dir=\"auto\">Compat\u00edvel com Roon Ready, AirPlay, Spotify Connect e UPnP.<\/span><\/li>\n<li data-text=\"4\"><span dir=\"auto\">Entradas de \u00e1udio digital USB, AES, Dual AES e S\/PDIF<\/span><\/li>\n<li data-text=\"5\"><span dir=\"auto\">Amplificador de fone de ouvido com sa\u00eddas balanceadas e n\u00e3o balanceadas, adequado para fones de ouvido de alta e baixa imped\u00e2ncia.<\/span><\/li>\n<\/ul>\n<\/div>\n<div class=\"grid__col grid__col--1of2\">\n<ul class=\"list-dots\">\n<li data-text=\"0\"><span dir=\"auto\">Aceita dados SACD criptografados de transportes dCS atrav\u00e9s de entradas AES duplas. Design de sobreamostragem com upsampling DSD selecion\u00e1vel; filtros PCM e DSD selecion\u00e1veis \u200b\u200bpelo usu\u00e1rio.<\/span><\/li>\n<li data-text=\"1\"><span dir=\"auto\">Design de sobreamostragem DXD em m\u00faltiplos est\u00e1gios com sobreamostragem DSD selecion\u00e1vel; filtros PCM e DSD selecion\u00e1veis \u200b\u200bpelo usu\u00e1rio.<\/span><\/li>\n<li data-text=\"2\"><span dir=\"auto\">O sistema de sincroniza\u00e7\u00e3o autom\u00e1tica melhora a facilidade de uso e minimiza a oscila\u00e7\u00e3o (jitter).<\/span><\/li>\n<li data-text=\"3\"><span dir=\"auto\">Regula\u00e7\u00e3o de pot\u00eancia em m\u00faltiplos est\u00e1gios e dois transformadores de rede para isolar a se\u00e7\u00e3o DAC do amplificador de fones de ouvido.<\/span><\/li>\n<li data-text=\"4\"><span dir=\"auto\">Firmware atualiz\u00e1vel para futuras melhorias de funcionalidade e desempenho.<\/span><\/li>\n<\/ul>\n<p>O <strong>Bart\u00f3k APEX<\/strong> combina engenharia de precis\u00e3o com uma est\u00e9tica elegante e atemporal. Sua qualidade de constru\u00e7\u00e3o exemplar garante que o Bart\u00f3k APEX suporte at\u00e9 mesmo o uso mais intenso, oferecendo, de forma confi\u00e1vel, uma qualidade de som excepcional em todos os n\u00edveis de volume e sa\u00eddas. Com software e hardware flex\u00edveis e atualiz\u00e1veis, o Bart\u00f3k pode crescer e evoluir, proporcionando uma experi\u00eancia de audi\u00e7\u00e3o de \u00faltima gera\u00e7\u00e3o por muitos anos.<\/p>\n<p>&nbsp;<\/p>\n<p><img loading=\"lazy\" decoding=\"async\" class=\"wp-image-28234 alignleft\" src=\"https:\/\/hificlub.com.br\/loja\/wp-content\/uploads\/2025\/12\/dCS-BARTOK-APEX-awards.jpg\" alt=\"\" width=\"739\" height=\"107\" srcset=\"https:\/\/hificlub.com.br\/loja\/wp-content\/uploads\/2025\/12\/dCS-BARTOK-APEX-awards.jpg 1236w, https:\/\/hificlub.com.br\/loja\/wp-content\/uploads\/2025\/12\/dCS-BARTOK-APEX-awards-300x43.jpg 300w, https:\/\/hificlub.com.br\/loja\/wp-content\/uploads\/2025\/12\/dCS-BARTOK-APEX-awards-1024x148.jpg 1024w, https:\/\/hificlub.com.br\/loja\/wp-content\/uploads\/2025\/12\/dCS-BARTOK-APEX-awards-768x111.jpg 768w, https:\/\/hificlub.com.br\/loja\/wp-content\/uploads\/2025\/12\/dCS-BARTOK-APEX-awards-600x87.jpg 600w\" sizes=\"auto, (max-width: 739px) 100vw, 739px\" \/><\/p>\n<p>&nbsp;<\/p>\n<\/div>\n","protected":false},"excerpt":{"rendered":"<p>O Bart\u00f3k APEX \u00e9 a s\u00edntese do nosso passado, presente e futuro \u2014 30 anos de inova\u00e7\u00e3o em um \u00fanico chassi elegante, flex\u00edvel e preparado para o futuro, que incorpora a ess\u00eancia da dCS. Combinando um DAC, um reprodutor de m\u00fasica em streaming, um upsampler, um pr\u00e9-amplificador e (opcionalmente) um amplificador de fones de ouvido, [&hellip;]<\/p>\n","protected":false},"featured_media":28235,"template":"","meta":{"_acf_changed":false},"product_brand":[],"product_cat":[43,41,142],"product_tag":[],"class_list":{"0":"post-28233","1":"product","2":"type-product","3":"status-publish","4":"has-post-thumbnail","6":"product_cat-dac","7":"product_cat-digital","8":"product_cat-streamers","10":"first","11":"instock","12":"sold-individually","13":"shipping-taxable","14":"purchasable","15":"product-type-simple"},"acf":[],"aioseo_notices":[],"_links":{"self":[{"href":"https:\/\/hificlub.com.br\/loja\/wp-json\/wp\/v2\/product\/28233","targetHints":{"allow":["GET"]}}],"collection":[{"href":"https:\/\/hificlub.com.br\/loja\/wp-json\/wp\/v2\/product"}],"about":[{"href":"https:\/\/hificlub.com.br\/loja\/wp-json\/wp\/v2\/types\/product"}],"wp:featuredmedia":[{"embeddable":true,"href":"https:\/\/hificlub.com.br\/loja\/wp-json\/wp\/v2\/media\/28235"}],"wp:attachment":[{"href":"https:\/\/hificlub.com.br\/loja\/wp-json\/wp\/v2\/media?parent=28233"}],"wp:term":[{"taxonomy":"product_brand","embeddable":true,"href":"https:\/\/hificlub.com.br\/loja\/wp-json\/wp\/v2\/product_brand?post=28233"},{"taxonomy":"product_cat","embeddable":true,"href":"https:\/\/hificlub.com.br\/loja\/wp-json\/wp\/v2\/product_cat?post=28233"},{"taxonomy":"product_tag","embeddable":true,"href":"https:\/\/hificlub.com.br\/loja\/wp-json\/wp\/v2\/product_tag?post=28233"}],"curies":[{"name":"wp","href":"https:\/\/api.w.org\/{rel}","templated":true}]}}