{"id":28101,"date":"2025-11-30T21:15:44","date_gmt":"2025-12-01T00:15:44","guid":{"rendered":"https:\/\/hificlub.com.br\/loja\/?post_type=product&#038;p=28101"},"modified":"2026-03-03T22:14:59","modified_gmt":"2026-03-04T01:14:59","slug":"esoteric-n-05xd-network-streamer-e-dac-conversor-digital-analogico","status":"publish","type":"product","link":"https:\/\/hificlub.com.br\/loja\/produto\/esoteric-n-05xd-network-streamer-e-dac-conversor-digital-analogico\/","title":{"rendered":"ESOTERIC N-05XD &#8211; Network Streamer e DAC (Conversor Digital-Anal\u00f3gico)"},"content":{"rendered":"<div id=\"model-response-message-contentr_58e4544b941ceb48\" class=\"markdown markdown-main-panel enable-updated-hr-color\" dir=\"ltr\" aria-live=\"polite\">\n<p data-path-to-node=\"0\">O <strong>ESOTERIC N-03XD<\/strong> \u00e9 um componente de \u00e1udio de alta performance que combina as fun\u00e7\u00f5es de <b>Network Streamer<\/b> e <b>DAC<\/b> (Conversor Digital-Anal\u00f3gico), funcionando como uma fonte digital central em sistemas de alta fidelidade. Ele \u00e9 um modelo que busca integrar conveni\u00eancia de streaming com a precis\u00e3o de um DAC de refer\u00eancia.<\/p>\n<p data-path-to-node=\"1\"><strong>Caracter\u00edsticas Principais e Design de \u00c1udio<\/strong><\/p>\n<p data-path-to-node=\"2\">O N-03XD utiliza o Esoteric Master Sound Discrete DAC, uma tecnologia propriet\u00e1ria que emprega um circuito de convers\u00e3o D\/A totalmente discreto, constru\u00eddo com componentes individuais de precis\u00e3o em vez de usar um chip DAC comum. Este design \u00e9 implementado para garantir a m\u00e1xima qualidade de som e expressividade musical.<\/p>\n<p data-path-to-node=\"3\">O dispositivo \u00e9 capaz de reproduzir uma ampla variedade de formatos de \u00e1udio digital de alta resolu\u00e7\u00e3o, incluindo arquivos PCM (at\u00e9 384 kHz, 32 bits) e formatos DSD (at\u00e9 22,5 MHz), suportando servi\u00e7os de streaming de alta qualidade e arquivos armazenados localmente em servidores de rede (NAS) ou via USB.<\/p>\n<p data-path-to-node=\"4\"><strong>Conectividade de Rede e Interfaces<\/strong><\/p>\n<p data-path-to-node=\"5\">A se\u00e7\u00e3o de streamer do N-03XD oferece uma interface de rede robusta para streaming est\u00e1vel. O dispositivo possui conex\u00f5es Ethernet (LAN) e uma porta SFP para m\u00f3dulos de fibra \u00f3ptica, que isolam o \u00e1udio do ru\u00eddo el\u00e9trico gerado pela rede.<\/p>\n<p data-path-to-node=\"6\">Como DAC, ele aceita diversas entradas digitais, como USB-B, XLR, RCA e \u00d3ptica, permitindo a conex\u00e3o de CD players, transportes e computadores.<\/p>\n<p data-path-to-node=\"7\"><strong>Sincroniza\u00e7\u00e3o e Sa\u00eddas Anal\u00f3gicas<\/strong><\/p>\n<p data-path-to-node=\"8\">Para otimizar a precis\u00e3o da convers\u00e3o digital, o N-03XD est\u00e1 equipado com uma Entrada de Clock Externa BNC. Esta entrada permite que o DAC se sincronize com um gerador de clock mestre de alta precis\u00e3o (como o Esoteric Grandioso G1X) para reduzir o <i>jitter<\/i> (pequenas varia\u00e7\u00f5es no tempo do sinal) a n\u00edveis m\u00ednimos, melhorando a clareza e o palco sonoro.<\/p>\n<p data-path-to-node=\"9\">As sa\u00eddas de \u00e1udio anal\u00f3gicas incluem conex\u00f5es XLR balanceadas e RCA n\u00e3o balanceadas. Ele tamb\u00e9m incorpora o sistema de transmiss\u00e3o de sinal propriet\u00e1rio ES-LINK Analog para se conectar a amplificadores Esoteric compat\u00edveis, mantendo a mais alta qualidade de sinal.<\/p>\n<p data-path-to-node=\"10\"><strong>Constru\u00e7\u00e3o e Fonte de Energia<\/strong><\/p>\n<p data-path-to-node=\"11\">O chassi do <strong>N-03XD<\/strong> \u00e9 constru\u00eddo com a rigidez e peso caracter\u00edsticos da Esoteric, utilizando um design que minimiza a vibra\u00e7\u00e3o mec\u00e2nica e a resson\u00e2ncia. O dispositivo emprega fontes de alimenta\u00e7\u00e3o lineares independentes e m\u00faltiplas, separando o fornecimento de energia para as se\u00e7\u00f5es digital, anal\u00f3gica e de clock, garantindo que o sinal de \u00e1udio seja mantido o mais limpo poss\u00edvel.<\/p>\n<p data-path-to-node=\"11\"><span dir=\"auto\">Reproduzindo a qualidade sonora completa das grava\u00e7\u00f5es originais, <\/span><span dir=\"auto\">o <strong>N-05XD<\/strong> representa uma nova fronteira em DACs\/pr\u00e9-amplificadores de rede.<\/span><\/p>\n<\/div>\n","protected":false},"excerpt":{"rendered":"<p>O ESOTERIC N-03XD \u00e9 um componente de \u00e1udio de alta performance que combina as fun\u00e7\u00f5es de Network Streamer e DAC (Conversor Digital-Anal\u00f3gico), funcionando como uma fonte digital central em sistemas de alta fidelidade. Ele \u00e9 um modelo que busca integrar conveni\u00eancia de streaming com a precis\u00e3o de um DAC de refer\u00eancia. Caracter\u00edsticas Principais e Design [&hellip;]<\/p>\n","protected":false},"featured_media":28102,"template":"","meta":{"_acf_changed":false},"product_brand":[],"product_cat":[43,41,154,142],"product_tag":[],"class_list":{"0":"post-28101","1":"product","2":"type-product","3":"status-publish","4":"has-post-thumbnail","6":"product_cat-dac","7":"product_cat-digital","8":"product_cat-esoteric","9":"product_cat-streamers","11":"first","12":"instock","13":"sold-individually","14":"shipping-taxable","15":"product-type-simple"},"acf":[],"aioseo_notices":[],"_links":{"self":[{"href":"https:\/\/hificlub.com.br\/loja\/wp-json\/wp\/v2\/product\/28101","targetHints":{"allow":["GET"]}}],"collection":[{"href":"https:\/\/hificlub.com.br\/loja\/wp-json\/wp\/v2\/product"}],"about":[{"href":"https:\/\/hificlub.com.br\/loja\/wp-json\/wp\/v2\/types\/product"}],"wp:featuredmedia":[{"embeddable":true,"href":"https:\/\/hificlub.com.br\/loja\/wp-json\/wp\/v2\/media\/28102"}],"wp:attachment":[{"href":"https:\/\/hificlub.com.br\/loja\/wp-json\/wp\/v2\/media?parent=28101"}],"wp:term":[{"taxonomy":"product_brand","embeddable":true,"href":"https:\/\/hificlub.com.br\/loja\/wp-json\/wp\/v2\/product_brand?post=28101"},{"taxonomy":"product_cat","embeddable":true,"href":"https:\/\/hificlub.com.br\/loja\/wp-json\/wp\/v2\/product_cat?post=28101"},{"taxonomy":"product_tag","embeddable":true,"href":"https:\/\/hificlub.com.br\/loja\/wp-json\/wp\/v2\/product_tag?post=28101"}],"curies":[{"name":"wp","href":"https:\/\/api.w.org\/{rel}","templated":true}]}}