{"id":27767,"date":"2025-11-21T18:09:12","date_gmt":"2025-11-21T21:09:12","guid":{"rendered":"https:\/\/hificlub.com.br\/loja\/?post_type=product&#038;p=27767"},"modified":"2026-03-03T22:15:04","modified_gmt":"2026-03-04T01:15:04","slug":"arcam-solo-uno-mini-amplificador-de-streaming-25-watts","status":"publish","type":"product","link":"https:\/\/hificlub.com.br\/loja\/produto\/arcam-solo-uno-mini-amplificador-de-streaming-25-watts\/","title":{"rendered":"ARCAM Solo Uno &#8211; Mini Amplificador de Streaming, 25 Watts"},"content":{"rendered":"<p data-path-to-node=\"0\">O <strong>ARCAM Solo Uno<\/strong> \u00e9 um amplificador integrado compacto com streamer de rede integrado, projetado para ser uma solu\u00e7\u00e3o moderna e simples para audi\u00e7\u00e3o de m\u00fasica digital. Ele se destaca por seu tamanho reduzido e pela capacidade de transformar um par de alto-falantes passivos em um sistema de \u00e1udio completo com recursos de streaming.<\/p>\n<p data-path-to-node=\"0\">Ele traz total simplicidade ao complexo mundo do streaming de \u00e1udio, oferecendo um streamer compacto, elegante e sofisticado com amplificador integrado. Com a qualidade de som Arcam, l\u00edder da categoria, o sistema descomplicado requer apenas duas caixas ac\u00fasticas, o Solo Uno e um dispositivo m\u00f3vel com o aplicativo de m\u00fasica nativo de sua prefer\u00eancia via Apple AirPlay 2, Roon Ready, UPnP ou Google Chromecast. Al\u00e9m disso, o Solo Uno pode ser atualizado automaticamente &#8220;over-the-air&#8221; para oferecer recursos de streaming aprimorados no futuro e anos de prazer auditivo.<\/p>\n<p data-path-to-node=\"1\"><b>Principais Caracter\u00edsticas<\/b><\/p>\n<ul data-path-to-node=\"2\">\n<li>\n<p data-path-to-node=\"2,0,0\">Design Compacto: \u00c9 extremamente pequeno e discreto, ideal para quem busca minimalismo ou para ambientes onde o espa\u00e7o \u00e9 limitado.<\/p>\n<\/li>\n<li>\n<p data-path-to-node=\"2,1,0\">Amplifica\u00e7\u00e3o Classe D: Utiliza amplifica\u00e7\u00e3o Classe D, que \u00e9 altamente eficiente e ideal para manter o equipamento compacto sem gerar excesso de calor.<\/p>\n<\/li>\n<li>\n<p data-path-to-node=\"2,2,0\">Pot\u00eancia: Oferece 25W por canal em 8 Ohms, pot\u00eancia adequada para alto-falantes de efici\u00eancia m\u00e9dia ou alta em salas menores.<\/p>\n<\/li>\n<li>\n<p data-path-to-node=\"2,3,0\">Streamer Integrado: Possui conectividade de rede (Wi-Fi e Ethernet) e suporta os principais protocolos de streaming.<\/p>\n<ul data-path-to-node=\"2,3,1\">\n<li>\n<p data-path-to-node=\"2,3,1,0,0\">Chromecast Built-in: Permite o streaming f\u00e1cil a partir de aplicativos Android e PC.<\/p>\n<\/li>\n<li>\n<p data-path-to-node=\"2,3,1,1,0\">Apple AirPlay 2: Suporte completo para streaming a partir de dispositivos Apple.<\/p>\n<\/li>\n<li>\n<p data-path-to-node=\"2,3,1,2,0\">UPnP\/DLNA: Permite reproduzir m\u00fasicas armazenadas em sua rede dom\u00e9stica.<\/p>\n<\/li>\n<\/ul>\n<\/li>\n<li>\n<p data-path-to-node=\"2,4,0\">Simplicidade: O Solo Uno foca na facilidade de uso, com poucas conex\u00f5es e controle principal feito via aplicativos de streaming e rede.<\/p>\n<\/li>\n<li>\n<p data-path-to-node=\"2,5,0\">Conex\u00f5es Essenciais: Oferece terminais para alto-falantes e uma sa\u00edda dedicada para subwoofer, permitindo expandir o sistema para incluir graves mais profundos.<\/p>\n<\/li>\n<\/ul>\n<p data-path-to-node=\"3\">O <strong>ARCAM Solo Uno<\/strong> \u00e9 a escolha ideal para quem prioriza a conveni\u00eancia, o design discreto e a facilidade de acesso a m\u00fasica por streaming, sendo uma porta de entrada para a qualidade de som da ARCAM em um formato acess\u00edvel e compacto.<\/p>\n","protected":false},"excerpt":{"rendered":"<p>O ARCAM Solo Uno \u00e9 um amplificador integrado compacto com streamer de rede integrado, projetado para ser uma solu\u00e7\u00e3o moderna e simples para audi\u00e7\u00e3o de m\u00fasica digital. Ele se destaca por seu tamanho reduzido e pela capacidade de transformar um par de alto-falantes passivos em um sistema de \u00e1udio completo com recursos de streaming. Ele [&hellip;]<\/p>\n","protected":false},"featured_media":27768,"template":"","meta":{"_acf_changed":false},"product_brand":[],"product_cat":[27,49,51],"product_tag":[],"class_list":{"0":"post-27767","1":"product","2":"type-product","3":"status-publish","4":"has-post-thumbnail","6":"product_cat-amplificador","7":"product_cat-arcam","8":"product_cat-integrado","10":"first","11":"instock","12":"sold-individually","13":"shipping-taxable","14":"purchasable","15":"product-type-simple"},"acf":[],"aioseo_notices":[],"_links":{"self":[{"href":"https:\/\/hificlub.com.br\/loja\/wp-json\/wp\/v2\/product\/27767","targetHints":{"allow":["GET"]}}],"collection":[{"href":"https:\/\/hificlub.com.br\/loja\/wp-json\/wp\/v2\/product"}],"about":[{"href":"https:\/\/hificlub.com.br\/loja\/wp-json\/wp\/v2\/types\/product"}],"wp:featuredmedia":[{"embeddable":true,"href":"https:\/\/hificlub.com.br\/loja\/wp-json\/wp\/v2\/media\/27768"}],"wp:attachment":[{"href":"https:\/\/hificlub.com.br\/loja\/wp-json\/wp\/v2\/media?parent=27767"}],"wp:term":[{"taxonomy":"product_brand","embeddable":true,"href":"https:\/\/hificlub.com.br\/loja\/wp-json\/wp\/v2\/product_brand?post=27767"},{"taxonomy":"product_cat","embeddable":true,"href":"https:\/\/hificlub.com.br\/loja\/wp-json\/wp\/v2\/product_cat?post=27767"},{"taxonomy":"product_tag","embeddable":true,"href":"https:\/\/hificlub.com.br\/loja\/wp-json\/wp\/v2\/product_tag?post=27767"}],"curies":[{"name":"wp","href":"https:\/\/api.w.org\/{rel}","templated":true}]}}