{"id":27662,"date":"2025-11-19T10:05:52","date_gmt":"2025-11-19T13:05:52","guid":{"rendered":"https:\/\/hificlub.com.br\/loja\/?post_type=product&#038;p=27662"},"modified":"2026-03-03T22:15:05","modified_gmt":"2026-03-04T01:15:05","slug":"norma-revo-ipa-140-amplificador-integrado-140-watts-8-ohm-280-watts-4-ohm","status":"publish","type":"product","link":"https:\/\/hificlub.com.br\/loja\/produto\/norma-revo-ipa-140-amplificador-integrado-140-watts-8-ohm-280-watts-4-ohm\/","title":{"rendered":"NORMA Revo IPA-140 &#8211; Amplificador Integrado, 140 Watts (8 Ohm), 280 Watts (4 Ohm)"},"content":{"rendered":"<p data-path-to-node=\"2\">O <strong>Norma Revo IPA-140<\/strong> \u00e9 um amplificador integrado de alta fidelidade que representa a excel\u00eancia da engenharia de \u00e1udio italiana da Norma Audio. Ele \u00e9 projetado para audi\u00f3filos que buscam um som extremamente transparente, r\u00e1pido e musical.<\/p>\n<p data-path-to-node=\"3\"><b>Filosofia e Tecnologia<\/b><\/p>\n<p data-path-to-node=\"4\">A Norma Audio \u00e9 conhecida por sua filosofia de design que prioriza a velocidade, a largura de banda e o baixo ru\u00eddo. O IPA-140 utiliza uma topologia de amplifica\u00e7\u00e3o de estado s\u00f3lido (solid-state) com circuitos propriet\u00e1rios de alta velocidade. O objetivo \u00e9 entregar um som que seja notavelmente r\u00e1pido e din\u00e2mico, com excelente resposta transiente, que muitos audi\u00f3filos associam \u00e0 aus\u00eancia de colora\u00e7\u00e3o e a um realismo superior.<\/p>\n<p data-path-to-node=\"5\"><b>Constru\u00e7\u00e3o de Refer\u00eancia<\/b><\/p>\n<p data-path-to-node=\"6\">O IPA-140 \u00e9 constru\u00eddo em torno de uma fonte de alimenta\u00e7\u00e3o massiva e bem regulada, que \u00e9 o cora\u00e7\u00e3o de seu desempenho din\u00e2mico. A fonte de alimenta\u00e7\u00e3o garante que a energia esteja instantaneamente dispon\u00edvel, permitindo que o amplificador controle as caixas ac\u00fasticas com extrema autoridade, mesmo em picos de volume elevados. O gabinete \u00e9 robusto, funcional e elegante, refletindo a precis\u00e3o da engenharia italiana.<\/p>\n<p data-path-to-node=\"7\"><b>Flexibilidade e Op\u00e7\u00f5es<\/b><\/p>\n<p data-path-to-node=\"8\">Este amplificador \u00e9 projetado para ser flex\u00edvel. Ele possui diversas entradas e, frequentemente, oferece a possibilidade de incluir m\u00f3dulos internos opcionais, como um pr\u00e9-amplificador phono de alta qualidade e um m\u00f3dulo DAC (Conversor Digital-Anal\u00f3gico). Isso permite que o usu\u00e1rio configure o IPA-140 como um hub digital\/anal\u00f3gico completo.<\/p>\n<p data-path-to-node=\"9\"><b>Desempenho Sonoro<\/b><\/p>\n<p data-path-to-node=\"10\">O som do Revo IPA-140 \u00e9 descrito como transparente, musical e com uma excelente microdin\u00e2mica. Ele tem a capacidade de revelar detalhes sutis na m\u00fasica com clareza impressionante, criando um palco sonoro amplo e focado.<\/p>\n<p data-path-to-node=\"10\"><strong>Outros Destaques<\/strong><\/p>\n<ul>\n<li>Topologia esquem\u00e1tica extremamente baixa, alta velocidade e banda larga (&gt;2 MHz).<\/li>\n<li>Dispositivo de pot\u00eancia MOS-FET de alta corrente (corrente de pico de sa\u00edda de 150 A).<\/li>\n<li>12 dispositivos de energia para uma capacidade total de processamento de energia nominal de 1.500 W.<\/li>\n<li>Fonte de alimenta\u00e7\u00e3o separada para os est\u00e1gios de ganho, driver e sa\u00edda.<\/li>\n<li>Fonte de alimenta\u00e7\u00e3o regulada de alta velocidade e baixo ru\u00eddo para ganho e est\u00e1gio de driver.<\/li>\n<li>Alta capacidade de filtragem (70.000 uF) com numerosos (24) capacitores de baixa imped\u00e2ncia.<\/li>\n<li>Estrutura n\u00e3o magn\u00e9tica totalmente em alum\u00ednio<\/li>\n<li>Transformador de pot\u00eancia toroidal especialmente projetado para aplica\u00e7\u00f5es de \u00e1udio, fluxo de baixa dispers\u00e3o. baixo ru\u00eddo mec\u00e2nico, n\u00facleo magn\u00e9tico de alta permeabilidade com consequente baixa imped\u00e2ncia de sa\u00edda, 2 x 400 VA.<\/li>\n<li>Entrada configur\u00e1vel como Entradas Diretas, para uso em Home Theater.<\/li>\n<li>Sa\u00eddas configur\u00e1veis como Pr\u00e9 Out, Ativo ou Passivo, para uso com Power Amp e\/ou com Subwoofer Ativo.<\/li>\n<li>Entrada balanceada XLR. \u2013 Controle remoto de todas as fun\u00e7\u00f5es com controle remoto NORMA RC-4.<\/li>\n<li>Controle de volume de duas velocidades (Fine e Fast).<\/li>\n<li>Possibilidade de colocar a placa PHONO no interior, com<\/li>\n<\/ul>\n<p data-path-to-node=\"11\">O <strong>NORMA Revo IPA-140<\/strong> \u00e9 um amplificador de estado s\u00f3lido de alta performance, constru\u00eddo com foco na velocidade e controle, ideal para quem busca uma reprodu\u00e7\u00e3o sonora neutra e din\u00e2mica.<\/p>\n","protected":false},"excerpt":{"rendered":"<p>O Norma Revo IPA-140 \u00e9 um amplificador integrado de alta fidelidade que representa a excel\u00eancia da engenharia de \u00e1udio italiana da Norma Audio. Ele \u00e9 projetado para audi\u00f3filos que buscam um som extremamente transparente, r\u00e1pido e musical. Filosofia e Tecnologia A Norma Audio \u00e9 conhecida por sua filosofia de design que prioriza a velocidade, a [&hellip;]<\/p>\n","protected":false},"featured_media":27663,"template":"","meta":{"_acf_changed":false},"product_brand":[],"product_cat":[27,51,342],"product_tag":[],"class_list":{"0":"post-27662","1":"product","2":"type-product","3":"status-publish","4":"has-post-thumbnail","6":"product_cat-amplificador","7":"product_cat-integrado","8":"product_cat-norma","10":"first","11":"instock","12":"sold-individually","13":"shipping-taxable","14":"purchasable","15":"product-type-simple"},"acf":[],"aioseo_notices":[],"_links":{"self":[{"href":"https:\/\/hificlub.com.br\/loja\/wp-json\/wp\/v2\/product\/27662","targetHints":{"allow":["GET"]}}],"collection":[{"href":"https:\/\/hificlub.com.br\/loja\/wp-json\/wp\/v2\/product"}],"about":[{"href":"https:\/\/hificlub.com.br\/loja\/wp-json\/wp\/v2\/types\/product"}],"wp:featuredmedia":[{"embeddable":true,"href":"https:\/\/hificlub.com.br\/loja\/wp-json\/wp\/v2\/media\/27663"}],"wp:attachment":[{"href":"https:\/\/hificlub.com.br\/loja\/wp-json\/wp\/v2\/media?parent=27662"}],"wp:term":[{"taxonomy":"product_brand","embeddable":true,"href":"https:\/\/hificlub.com.br\/loja\/wp-json\/wp\/v2\/product_brand?post=27662"},{"taxonomy":"product_cat","embeddable":true,"href":"https:\/\/hificlub.com.br\/loja\/wp-json\/wp\/v2\/product_cat?post=27662"},{"taxonomy":"product_tag","embeddable":true,"href":"https:\/\/hificlub.com.br\/loja\/wp-json\/wp\/v2\/product_tag?post=27662"}],"curies":[{"name":"wp","href":"https:\/\/api.w.org\/{rel}","templated":true}]}}