{"id":2755,"date":"2023-10-17T20:02:52","date_gmt":"2023-10-17T23:02:52","guid":{"rendered":"https:\/\/hificlub.com.br\/loja2\/produto\/receiver-denon-avr-s540bt-5-2-bluetooth-4k-dolby-vision\/"},"modified":"2026-03-03T22:20:51","modified_gmt":"2026-03-04T01:20:51","slug":"receiver-denon-avr-s540bt-5-2-bluetooth-4k-dolby-vision","status":"publish","type":"product","link":"https:\/\/hificlub.com.br\/loja\/produto\/receiver-denon-avr-s540bt-5-2-bluetooth-4k-dolby-vision\/","title":{"rendered":"DENON AVR-S570BT 5.2 &#8211; WiFi, 8K, Dolby Vision, 70 watts"},"content":{"rendered":"<p>Adicione som surround envolvente, jogos sem atrasos e streaming de m\u00fasica para sua casa com o receptor A\/V AVR-S570BT de 5.2 canais da Denon . O receptor bombeia at\u00e9 70W por canal a 8 ohms, suportando a maioria das configura\u00e7\u00f5es de alto-falante surround de \u00faltima gera\u00e7\u00e3o. Os alto-falantes podem aproveitar o suporte Dolby TrueHD e DTS-HD para reprodu\u00e7\u00e3o surround de alta fidelidade e sem perdas. O suporte a VRR, ALLM e QFT ajuda com jogos modernos e suaves, e o Bluetooth integrado fornece streaming de m\u00fasica conveniente de dispositivos m\u00f3veis. \u00c9 f\u00e1cil configurar e conectar tudo gra\u00e7as a uma infinidade de entradas, passagem de at\u00e9 8K\/60 Hz e 4K\/120 Hz e uma configura\u00e7\u00e3o guiada integrada \u00fatil.<\/p>\n<p><strong>Op\u00e7\u00f5es de reprodu\u00e7\u00e3o de m\u00fasica<\/strong><br \/>\nVoc\u00ea \u00e9 mimado pela escolha quando se trata de ouvir sua m\u00fasica favorita. Como em quase todos os receptores, o AVR-S570BT fornece um sintonizador AM\/FM integrado, mas tamb\u00e9m possui funcionalidades modernas. Use o Bluetooth para transmitir \u00e1udio de um laptop ou dispositivo m\u00f3vel compat\u00edvel ou use a porta USB Tipo A frontal para reproduzir arquivos de \u00e1udio de alta resolu\u00e7\u00e3o diretamente de uma unidade flash USB opcional ou disco r\u00edgido port\u00e1til.<\/p>\n<p><strong>Jogos sem atrasos<\/strong><br \/>\nConectar o console de jogos mais recente ao AVR-S570BT tem seus benef\u00edcios, gra\u00e7as ao suporte para a tecnologia VRR, QFT e ALLM. O VRR altera a taxa de atualiza\u00e7\u00e3o automaticamente em tempo real para acomodar varia\u00e7\u00f5es durante o jogo, e o QFT acelera a entrega de cada quadro para reduzir a lat\u00eancia. O ALLM ajuda a melhorar ainda mais a lat\u00eancia em TVs compat\u00edveis, permitindo que o console de jogos acione automaticamente o modo de jogo integrado da TV quando ligado.<\/p>\n<p><strong>Controles do painel frontal<\/strong><br \/>\nO painel frontal possui uma tela grande, clara e regul\u00e1vel para controlar as configura\u00e7\u00f5es, bem como uma variedade de controles anal\u00f3gicos para acessar rapidamente as fun\u00e7\u00f5es essenciais.Dois grandes bot\u00f5es anal\u00f3gicos para selecionar entradas de fonte e ajustar o volume principal<br \/>\n4 x bot\u00f5es Quick Select para ativar as configura\u00e7\u00f5es de \u00e1udio preferidas para cabo\/sat\u00e9lite, Blu-ray, console de jogos e Bluetooth<br \/>\nControles de pot\u00eancia e tom<br \/>\nSa\u00edda de fone de ouvido<br \/>\nPorta USB Type-A alimentada por 5V\/1A para reprodu\u00e7\u00e3o da unidade<br \/>\nEntrada de microfone para configura\u00e7\u00e3o autom\u00e1tica de alto-falante via microfone<br \/>\nConfigura\u00e7\u00e3o autom\u00e1tica e equaliza\u00e7\u00e3o da sala<br \/>\nUse as instru\u00e7\u00f5es na sua TV do assistente de configura\u00e7\u00e3o, conecte seus alto-falantes e forne\u00e7a as medi\u00e7\u00f5es da sala usando o microfone inclu\u00eddo. O AVR-S570BT usa essas medi\u00e7\u00f5es para otimizar o som da sua sala.<br \/>\nAplicativo remoto Denon 500 Series<br \/>\nVoc\u00ea pode usar o controle remoto RC-1254 inclu\u00eddo para controlar o receptor ou pode faz\u00ea-lo atrav\u00e9s do seu dispositivo m\u00f3vel usando o aplicativo Denon 500 Series Remote. O aplicativo tem a capacidade de ligar e desligar a unidade, selecionar uma fonte, ajustar o volume, navegar e reproduzir m\u00fasicas do seu telefone ou unidade conectada e muito mais.<br \/>\nCaracter\u00edsticas adicionais<br \/>\nSa\u00eddas de subwoofer duplas para graves de preenchimento de sala<br \/>\nAt\u00e9 40 Gb\/s de largura de banda<br \/>\nHDR (HLG, HDR10, HDR10+ e Dolby Vision),,ARC\/eARC, HDMI CEC<\/p>\n<p>&nbsp;<\/p>\n","protected":false},"excerpt":{"rendered":"<p>Adicione som surround envolvente, jogos sem atrasos e streaming de m\u00fasica para sua casa com o receptor A\/V AVR-S570BT de 5.2 canais da Denon . O receptor bombeia at\u00e9 70W por canal a 8 ohms, suportando a maioria das configura\u00e7\u00f5es de alto-falante surround de \u00faltima gera\u00e7\u00e3o. Os alto-falantes podem aproveitar o suporte Dolby TrueHD e [&hellip;]<\/p>\n","protected":false},"featured_media":16980,"template":"","meta":{"_acf_changed":false},"product_brand":[],"product_cat":[150,21,22],"product_tag":[],"class_list":{"0":"post-2755","1":"product","2":"type-product","3":"status-publish","4":"has-post-thumbnail","6":"product_cat-denon","7":"product_cat-home-theater","8":"product_cat-receivers","10":"first","11":"instock","12":"sold-individually","13":"shipping-taxable","14":"purchasable","15":"product-type-simple"},"acf":[],"aioseo_notices":[],"_links":{"self":[{"href":"https:\/\/hificlub.com.br\/loja\/wp-json\/wp\/v2\/product\/2755","targetHints":{"allow":["GET"]}}],"collection":[{"href":"https:\/\/hificlub.com.br\/loja\/wp-json\/wp\/v2\/product"}],"about":[{"href":"https:\/\/hificlub.com.br\/loja\/wp-json\/wp\/v2\/types\/product"}],"wp:featuredmedia":[{"embeddable":true,"href":"https:\/\/hificlub.com.br\/loja\/wp-json\/wp\/v2\/media\/16980"}],"wp:attachment":[{"href":"https:\/\/hificlub.com.br\/loja\/wp-json\/wp\/v2\/media?parent=2755"}],"wp:term":[{"taxonomy":"product_brand","embeddable":true,"href":"https:\/\/hificlub.com.br\/loja\/wp-json\/wp\/v2\/product_brand?post=2755"},{"taxonomy":"product_cat","embeddable":true,"href":"https:\/\/hificlub.com.br\/loja\/wp-json\/wp\/v2\/product_cat?post=2755"},{"taxonomy":"product_tag","embeddable":true,"href":"https:\/\/hificlub.com.br\/loja\/wp-json\/wp\/v2\/product_tag?post=2755"}],"curies":[{"name":"wp","href":"https:\/\/api.w.org\/{rel}","templated":true}]}}