{"id":27451,"date":"2025-11-13T10:32:22","date_gmt":"2025-11-13T13:32:22","guid":{"rendered":"https:\/\/hificlub.com.br\/loja\/?post_type=product&#038;p=27451"},"modified":"2025-11-13T10:32:24","modified_gmt":"2025-11-13T13:32:24","slug":"savage-dma2700dsex","status":"publish","type":"product","link":"https:\/\/hificlub.com.br\/loja\/produto\/savage-dma2700dsex\/","title":{"rendered":"SAVAGE DMA2700DSex"},"content":{"rendered":"<p>Condicionador de rede Savage.<\/p>\n<p>Desenvolvidos para atenuar as anomalias presentes na rede el\u00e9trica, os condicionadores de tens\u00e3o s\u00e3o fundamentais para prote\u00e7\u00e3o dos equipamentos e melhor efici\u00eancia na qualidade de \u00e1udio e v\u00eddeo dos sistemas de home theater ou em qualquer outra aplica\u00e7\u00e3o que esteja sendo usado. O DMA2700 traz como destaque a compatibilidade com tens\u00e3o de 120 e 220 volts, sendo capaz de liberar as duas voltagens simultaneamente para at\u00e9 quatorze aparelhos diferentes.<\/p>\n<p>Caracter\u00edsticas e benef\u00edcios do produto:<\/p>\n<ul>\n<li>Pot\u00eancia de energiza\u00e7\u00e3o de 2700W &#8211; 12A.<\/li>\n<li>Tens\u00e3o de entrada 200V. 10 tomadas 220V (2200W) e 4 tomadas 120V (500W).<\/li>\n<li>Prote\u00e7\u00e3o contra surtos e transientes conduzidos pela rede el\u00e9trica.<\/li>\n<li>Filtragem de interfer\u00eancias EMI\/RFI conduzidas pela rede el\u00e9trica, melhora a reprodu\u00e7\u00e3o de \u00e1udio e v\u00eddeo.<\/li>\n<li>Circuito \u201cseguidor de senoide\u201d, filtragem mais fina e prote\u00e7\u00e3o atuando no in\u00edcio da rampa do surto de tens\u00e3o.<\/li>\n<li>Display de gerenciamento com volt\u00edmetro digital e controle de aclaramento, sinaliza os blocos de tomadas habilitados (energizados), acionamento da prote\u00e7\u00e3o por sobre ou sub tens\u00e3o com pr\u00e9 aviso.<\/li>\n<li>Energiza\u00e7\u00e3o sequenciada dos blocos de tomadas, liga um por vez, evita queima de fus\u00edveis por surto de corrente e deteriora\u00e7\u00e3o dos alto falantes por deslocamento abrupto do cone.<\/li>\n<li>Possibilita programar os blocos que ser\u00e3o habilitados (energizados), ideal para equipamentos que s\u00e3o utilizados esporadimente, ex. projetores.<\/li>\n<li>Circuito de prote\u00e7\u00e3o contra sobre\/sub tens\u00e3o, desliga as tomadas chaveadas quando a tens\u00e3o da rede ultrapassar valores pr\u00e9-determinados.<\/li>\n<li>3 Blocos com energiza\u00e7\u00e3o sequenciada e tomadas chaveadas, todas filtradas e protegidas.<\/li>\n<li>1 Bloco com 4 tomadas 220V |2 Blocos com 2 tomadas 120V | 1 Bloco com 3 tomadas 220V | 1 Bloco com 2 tomadas 220V.<\/li>\n<li>13 tomadas traseiras filtradas e protegidas, sendo 04 diretas (sempre energizadas). Facilidade de conex\u00e3o de v\u00e1rios equipamentos.<\/li>\n<li>1 tomada frontal direta (sempre energizada) filtrada e protegida.<\/li>\n<li>1 Entrada para sinal de T<\/li>\n<\/ul>\n","protected":false},"excerpt":{"rendered":"<p>Condicionador de rede Savage. Desenvolvidos para atenuar as anomalias presentes na rede el\u00e9trica, os condicionadores de tens\u00e3o s\u00e3o fundamentais para prote\u00e7\u00e3o dos equipamentos e melhor efici\u00eancia na qualidade de \u00e1udio e v\u00eddeo dos sistemas de home theater ou em qualquer outra aplica\u00e7\u00e3o que esteja sendo usado. O DMA2700 traz como destaque a compatibilidade com tens\u00e3o [&hellip;]<\/p>\n","protected":false},"featured_media":27453,"template":"","meta":{"_acf_changed":false},"product_brand":[],"product_cat":[89,106],"product_tag":[],"class_list":{"0":"post-27451","1":"product","2":"type-product","3":"status-publish","4":"has-post-thumbnail","6":"product_cat-acessorios","7":"product_cat-energia","9":"first","10":"instock","11":"shipping-taxable","12":"purchasable","13":"product-type-simple"},"acf":[],"aioseo_notices":[],"_links":{"self":[{"href":"https:\/\/hificlub.com.br\/loja\/wp-json\/wp\/v2\/product\/27451","targetHints":{"allow":["GET"]}}],"collection":[{"href":"https:\/\/hificlub.com.br\/loja\/wp-json\/wp\/v2\/product"}],"about":[{"href":"https:\/\/hificlub.com.br\/loja\/wp-json\/wp\/v2\/types\/product"}],"wp:featuredmedia":[{"embeddable":true,"href":"https:\/\/hificlub.com.br\/loja\/wp-json\/wp\/v2\/media\/27453"}],"wp:attachment":[{"href":"https:\/\/hificlub.com.br\/loja\/wp-json\/wp\/v2\/media?parent=27451"}],"wp:term":[{"taxonomy":"product_brand","embeddable":true,"href":"https:\/\/hificlub.com.br\/loja\/wp-json\/wp\/v2\/product_brand?post=27451"},{"taxonomy":"product_cat","embeddable":true,"href":"https:\/\/hificlub.com.br\/loja\/wp-json\/wp\/v2\/product_cat?post=27451"},{"taxonomy":"product_tag","embeddable":true,"href":"https:\/\/hificlub.com.br\/loja\/wp-json\/wp\/v2\/product_tag?post=27451"}],"curies":[{"name":"wp","href":"https:\/\/api.w.org\/{rel}","templated":true}]}}