{"id":2740,"date":"2023-10-17T20:02:33","date_gmt":"2023-10-17T23:02:33","guid":{"rendered":"https:\/\/hificlub.com.br\/loja2\/produto\/aura-va100-evolution-ii-com-mm-phono-66-watts\/"},"modified":"2025-10-03T07:11:20","modified_gmt":"2025-10-03T10:11:20","slug":"aura-va100-evolution-ii-com-mm-phono-66-watts","status":"publish","type":"product","link":"https:\/\/hificlub.com.br\/loja\/produto\/aura-va100-evolution-ii-com-mm-phono-66-watts\/","title":{"rendered":"AURA VA100 Evolution II  com MM Phono  66 Watts"},"content":{"rendered":"<p>Estado de conserva\u00e7\u00e3o: <strong>9\/10<\/strong><\/p>\n<p>O visual elegante VA-100 &#8216;Evolution&#8217; pode compartilhar o mesmo gabinete e variedade de entradas de seu irm\u00e3o mais novo, o VA\u201350, mas os novos postes de encaderna\u00e7\u00e3o folheados a ouro s\u00e3o uma atualiza\u00e7\u00e3o genu\u00edna.<\/p>\n<p>O VA-100 tamb\u00e9m emprega o mesmo est\u00e1gio de sa\u00edda MOSFET.\u00a0Mas a semelhan\u00e7a termina aqui, pois o VA-100 \u00e9 mais uma metamorfose do que uma evolu\u00e7\u00e3o, um repensar que culminou em uma fonte de alimenta\u00e7\u00e3o mais substancial, um novo est\u00e1gio fono MM totalmente ativo, amplificador de linha de baixo ru\u00eddo e driver circuito para os MOSFETs.<\/p>\n<p>O layout interno foi claramente mantido o mais sim\u00e9trico poss\u00edvel, toda a comuta\u00e7\u00e3o de entrada \u00e9 realizada com seletores locais, enquanto os amplificadores operacionais populares da Signetics s\u00e3o cuidadosamente implementados nos est\u00e1gios de disco e linha.\u00a0A regulamenta\u00e7\u00e3o da fonte de alimenta\u00e7\u00e3o local e os componentes passivos de alto n\u00edvel servem apenas para aumentar seu apelo &#8216;audi\u00f3filo&#8217;.<\/p>\n<p><strong>Qualidade de som<\/strong><\/p>\n<p>Sem saber da minha preocupa\u00e7\u00e3o, o VA-100 inspirou nossos ouvintes com seu som agradavelmente limpo, auxiliado por um baixo modesto em vez de excessivo.\u00a0O CD foi preferido por seu extra &#8216;levante-se e v\u00e1&#8217;, uma efervesc\u00eancia suave que real\u00e7ou a agrad\u00e1vel qualidade &#8216;soprosa&#8217; da voz de Stansfield.<\/p>\n<p>Foi tamb\u00e9m um dos poucos a reconhecer a escala e, principalmente, o drama da Sinfonia de Brahm, isolando as diferentes cordas com um senso de perspectiva decente.\u00a0Al\u00e9m disso, manteve esse senso de profundidade e resolu\u00e7\u00e3o independentemente do n\u00edvel e complexidade, o que \u00e9 um bom sinal.<\/p>\n<ul>\n<li>Inputs: Phono,CD, Tuner, Line 1, Line 2, Tape<\/li>\n<li>Power Output: 66W RMS Per Channel into 8 Ohms @ 1kHz<\/li>\n<li>Total Harmonic Distortion: &lt;0.03% (10Hz-20kHz)<\/li>\n<li>Input Sensitivity: 220mV, 50k Ohms<\/li>\n<li>Balance: &lt; +\/- 0.5dB<\/li>\n<li>Phono Bandwidth: 15Hz-20kHz (-3dB, RIAA)<\/li>\n<\/ul>\n","protected":false},"excerpt":{"rendered":"<p>Estado de conserva\u00e7\u00e3o: 9\/10 O visual elegante VA-100 &#8216;Evolution&#8217; pode compartilhar o mesmo gabinete e variedade de entradas de seu irm\u00e3o mais novo, o VA\u201350, mas os novos postes de encaderna\u00e7\u00e3o folheados a ouro s\u00e3o uma atualiza\u00e7\u00e3o genu\u00edna. O VA-100 tamb\u00e9m emprega o mesmo est\u00e1gio de sa\u00edda MOSFET.\u00a0Mas a semelhan\u00e7a termina aqui, pois o VA-100 [&hellip;]<\/p>\n","protected":false},"featured_media":2734,"template":"","meta":{"_acf_changed":false},"product_brand":[],"product_cat":[27,51,26],"product_tag":[],"class_list":{"0":"post-2740","1":"product","2":"type-product","3":"status-publish","4":"has-post-thumbnail","6":"product_cat-amplificador","7":"product_cat-integrado","8":"product_cat-vintage","10":"first","11":"instock","12":"sold-individually","13":"shipping-taxable","14":"purchasable","15":"product-type-simple"},"acf":[],"aioseo_notices":[],"_links":{"self":[{"href":"https:\/\/hificlub.com.br\/loja\/wp-json\/wp\/v2\/product\/2740","targetHints":{"allow":["GET"]}}],"collection":[{"href":"https:\/\/hificlub.com.br\/loja\/wp-json\/wp\/v2\/product"}],"about":[{"href":"https:\/\/hificlub.com.br\/loja\/wp-json\/wp\/v2\/types\/product"}],"wp:featuredmedia":[{"embeddable":true,"href":"https:\/\/hificlub.com.br\/loja\/wp-json\/wp\/v2\/media\/2734"}],"wp:attachment":[{"href":"https:\/\/hificlub.com.br\/loja\/wp-json\/wp\/v2\/media?parent=2740"}],"wp:term":[{"taxonomy":"product_brand","embeddable":true,"href":"https:\/\/hificlub.com.br\/loja\/wp-json\/wp\/v2\/product_brand?post=2740"},{"taxonomy":"product_cat","embeddable":true,"href":"https:\/\/hificlub.com.br\/loja\/wp-json\/wp\/v2\/product_cat?post=2740"},{"taxonomy":"product_tag","embeddable":true,"href":"https:\/\/hificlub.com.br\/loja\/wp-json\/wp\/v2\/product_tag?post=2740"}],"curies":[{"name":"wp","href":"https:\/\/api.w.org\/{rel}","templated":true}]}}