{"id":27187,"date":"2025-11-06T10:50:42","date_gmt":"2025-11-06T13:50:42","guid":{"rendered":"https:\/\/hificlub.com.br\/loja\/?post_type=product&#038;p=27187"},"modified":"2026-03-03T22:15:08","modified_gmt":"2026-03-04T01:15:08","slug":"integra-drx-3-4-receiver-av-8k-9-2-canais-dolby-atmos-e-dtsx-4k-ultra-hd-hdr10-hlg-e-dolby-vision-90-watts","status":"publish","type":"product","link":"https:\/\/hificlub.com.br\/loja\/produto\/integra-drx-3-4-receiver-av-8k-9-2-canais-dolby-atmos-e-dtsx-4k-ultra-hd-hdr10-hlg-e-dolby-vision-90-watts\/","title":{"rendered":"INTEGRA DRX-3.4 \u2013 Receiver AV 8k, 9.2 canais, Dolby Atmos e DTS:X, 4K Ultra HD, HDR10, HLG e Dolby Vision, 90 Watts"},"content":{"rendered":"<p><span dir=\"auto\">Ideal para sua sala de estar, sala de m\u00eddia ou home theater personalizado, o <strong>DRX-3.4<\/strong> tem a pot\u00eancia necess\u00e1ria para reproduzir Dolby Atmos\u00ae\u00a0<\/span><sup><span dir=\"auto\">e<\/span><\/sup><span dir=\"auto\">\u00a0DTS:X\u00ae\u00a0<\/span><sup><span dir=\"auto\">atrav\u00e9s<\/span><\/sup><span dir=\"auto\">\u00a0de 9 canais de amplifica\u00e7\u00e3o integrados. A passagem de v\u00eddeo 8K HDR oferece largura de banda suficiente para visuais de \u00faltima gera\u00e7\u00e3o e jogos, enquanto a corre\u00e7\u00e3o de ambiente Dirac Live garante uma experi\u00eancia sonora sem distor\u00e7\u00f5es desnecess\u00e1rias. As sa\u00eddas pr\u00e9-amplificadas de 9.2 canais tornam o DRX-3.4 perfeito para atualizar um sistema de \u00e1udio separado existente para HDMI 2.1, Dirac Live e som surround baseado em objetos.<\/span><\/p>\n<p>O Integra DRX-3.4 \u00e9 um receiver de rede de \u00e1udio e v\u00eddeo (AVR) que se posiciona como um poderoso centro de comando para sistemas de home theater personalizados e de alta performance. Como parte da linha Integra, ele \u00e9 especificamente projetado para o mercado de integra\u00e7\u00e3o customizada e instala\u00e7\u00e3o profissional.<\/p>\n<p><b>Caracter\u00edsticas:<\/b><\/p>\n<ul>\n<li>Elevado N\u00famero de Canais: O principal diferencial do DRX-3.4 \u00e9 sua capacidade de amplifica\u00e7\u00e3o e processamento. Ele oferece um n\u00famero elevado de canais, o que o torna ideal para criar layouts de \u00e1udio imersivos com base nas tecnologias Dolby Atmos e DTS:X, preenchendo o ambiente com som de cima, da frente e de tr\u00e1s.<\/li>\n<li>Foco em Instala\u00e7\u00f5es Customizadas: O receiver \u00e9 repleto de recursos destinados a integradores de sistemas, como m\u00faltiplas sa\u00eddas de trigger de 12V e controle avan\u00e7ado via IP e RS-232C, garantindo que ele se comunique perfeitamente com sistemas de automa\u00e7\u00e3o residencial.<\/li>\n<li>Calibra\u00e7\u00e3o de Sala Avan\u00e7ada: Ele incorpora um sistema de corre\u00e7\u00e3o ac\u00fastica de sala de alto n\u00edvel (AccuEQ Advance). Este sistema avan\u00e7ado vai al\u00e9m da calibra\u00e7\u00e3o b\u00e1sica, otimizando o som para corrigir as imperfei\u00e7\u00f5es da ac\u00fastica do ambiente, garantindo um desempenho sonoro preciso e otimizado para o seu espa\u00e7o.<\/li>\n<li>Desempenho de V\u00eddeo: O DRX-3.4 \u00e9 constru\u00eddo para lidar com os padr\u00f5es de v\u00eddeo mais recentes, garantindo que voc\u00ea aproveite a mais alta qualidade de imagem de fontes 4K e HDR modernas.<\/li>\n<li>Funcionalidades de Rede: Al\u00e9m de suas capacidades de home theater, ele funciona como um hub de \u00e1udio multi-zona, suportando diversos protocolos de streaming sem fio e permitindo que voc\u00ea distribua m\u00fasica para outras \u00e1reas da sua casa.<\/li>\n<\/ul>\n<p>O DRX-3.4 \u00e9 um AVR sofisticado, conhecido por sua capacidade de entregar \u00e1udio imersivo de cinema em casa com a pot\u00eancia e a flexibilidade necess\u00e1rias para sistemas de instala\u00e7\u00e3o profissional.<\/p>\n","protected":false},"excerpt":{"rendered":"<p>Ideal para sua sala de estar, sala de m\u00eddia ou home theater personalizado, o DRX-3.4 tem a pot\u00eancia necess\u00e1ria para reproduzir Dolby Atmos\u00ae\u00a0e\u00a0DTS:X\u00ae\u00a0atrav\u00e9s\u00a0de 9 canais de amplifica\u00e7\u00e3o integrados. A passagem de v\u00eddeo 8K HDR oferece largura de banda suficiente para visuais de \u00faltima gera\u00e7\u00e3o e jogos, enquanto a corre\u00e7\u00e3o de ambiente Dirac Live garante uma [&hellip;]<\/p>\n","protected":false},"featured_media":27188,"template":"","meta":{"_acf_changed":false},"product_brand":[],"product_cat":[21,339,22],"product_tag":[],"class_list":{"0":"post-27187","1":"product","2":"type-product","3":"status-publish","4":"has-post-thumbnail","6":"product_cat-home-theater","7":"product_cat-integra","8":"product_cat-receivers","10":"first","11":"instock","12":"sold-individually","13":"shipping-taxable","14":"purchasable","15":"product-type-simple"},"acf":[],"aioseo_notices":[],"_links":{"self":[{"href":"https:\/\/hificlub.com.br\/loja\/wp-json\/wp\/v2\/product\/27187","targetHints":{"allow":["GET"]}}],"collection":[{"href":"https:\/\/hificlub.com.br\/loja\/wp-json\/wp\/v2\/product"}],"about":[{"href":"https:\/\/hificlub.com.br\/loja\/wp-json\/wp\/v2\/types\/product"}],"wp:featuredmedia":[{"embeddable":true,"href":"https:\/\/hificlub.com.br\/loja\/wp-json\/wp\/v2\/media\/27188"}],"wp:attachment":[{"href":"https:\/\/hificlub.com.br\/loja\/wp-json\/wp\/v2\/media?parent=27187"}],"wp:term":[{"taxonomy":"product_brand","embeddable":true,"href":"https:\/\/hificlub.com.br\/loja\/wp-json\/wp\/v2\/product_brand?post=27187"},{"taxonomy":"product_cat","embeddable":true,"href":"https:\/\/hificlub.com.br\/loja\/wp-json\/wp\/v2\/product_cat?post=27187"},{"taxonomy":"product_tag","embeddable":true,"href":"https:\/\/hificlub.com.br\/loja\/wp-json\/wp\/v2\/product_tag?post=27187"}],"curies":[{"name":"wp","href":"https:\/\/api.w.org\/{rel}","templated":true}]}}