{"id":26774,"date":"2025-10-21T23:33:46","date_gmt":"2025-10-22T02:33:46","guid":{"rendered":"https:\/\/hificlub.com.br\/loja\/?post_type=product&#038;p=26774"},"modified":"2026-04-14T11:26:51","modified_gmt":"2026-04-14T14:26:51","slug":"epson-epiqvision-ultra-ls800-projetor-4k-ust-laser-4-000-lumens-hdr-wi-fi-5-bluetooth-5-0","status":"publish","type":"product","link":"https:\/\/hificlub.com.br\/loja\/produto\/epson-epiqvision-ultra-ls800-projetor-4k-ust-laser-4-000-lumens-hdr-wi-fi-5-bluetooth-5-0\/","title":{"rendered":"EPSON EpiqVision LS800 Ultra &#8211; Projetor 4k Ultra Short Throw Laser, 4.000 L\u00famens, HDR, Wi-Fi 5, Bluetooth 5.0"},"content":{"rendered":"<p>O <b>Epson EpiqVision Ultra LS800<\/b> \u00e9 um projetor a laser de alcance ultra curto com recursos avan\u00e7ados, ideal para home theaters e salas de estar, pois pode projetar imagens grandes a uma dist\u00e2ncia m\u00ednima da parede.<\/p>\n<p>Aqui est\u00e3o os principais pontos sobre ele:<\/p>\n<p><b>Tecnologia de Proje\u00e7\u00e3o:<\/b> Utiliza a tecnologia <b>3LCD de 3 chips<\/b>, o que proporciona brilho e precis\u00e3o de cores excelentes, al\u00e9m de evitar o &#8220;efeito arco-\u00edris&#8221; visto em outras tecnologias.<\/p>\n<p><b>Resolu\u00e7\u00e3o:<\/b> \u00c9 um projetor <b>4K PRO-UHD<\/b> (3840 x 2160 pixels), que usa a tecnologia de &#8220;pixel-shifting&#8221; para aprimorar a resolu\u00e7\u00e3o e oferecer uma experi\u00eancia 4K n\u00edtida.<\/p>\n<p><b>Brilho:<\/b> Possui um brilho de <b>4.000 l\u00famens<\/b> (tanto em branco quanto em cores), o que o torna adequado para uso mesmo em ambientes com alguma luz ambiente.<\/p>\n<p><b>Fonte de Luz:<\/b> \u00c9 um projetor a <b>laser de alcance ultra curto<\/b>, com uma vida \u00fatil da fonte de luz de cerca de <b>20.000 horas<\/b>.<\/p>\n<p><b>Tamanho da Imagem:<\/b> Capaz de projetar imagens imersivas de <b>80 polegadas at\u00e9 150 polegadas<\/b>, podendo atingir o tamanho m\u00e1ximo a apenas alguns cent\u00edmetros da parede.<\/p>\n<p><b>Contraste:<\/b> Oferece uma taxa de contraste din\u00e2mico de at\u00e9 <b>2.500.000:1<\/b>.<\/p>\n<p><b>Recursos Smart:<\/b> Vem com <b>Android TV integrado<\/b>, permitindo acesso a aplicativos de streaming (como YouTube, Disney+, Amazon Prime Video, etc.) e tem suporte a comando de voz via Google Assistant.<\/p>\n<p><b>\u00c1udio:<\/b> Possui um sistema de som virtual <b>2.1 canais<\/b> integrado, projetado pela <b>Yamaha<\/b>, que pode ser usado at\u00e9 como alto-falante Bluetooth independente.<\/p>\n<p><b>Dist\u00e2ncia de Proje\u00e7\u00e3o:<\/b> Por ser UST, ele pode projetar uma imagem grande a <b>apenas alguns cent\u00edmetros de dist\u00e2ncia da parede<\/b>, facilitando a instala\u00e7\u00e3o em m\u00f3veis de sala.<\/p>\n<p><b>Recursos Inteligentes:<\/b> Possui <b>Android TV<\/b> integrado para acesso a servi\u00e7os de streaming.<\/p>\n<p><b>Desempenho para Jogos:<\/b> Possui um <b>Input Lag (lat\u00eancia de entrada) de menos de 20 ms<\/b>, o que o torna excelente para jogos, suportando 4K\/60 Hz ou 1080p\/120 Hz.<\/p>\n<p><b>\u00c1udio:<\/b> Sistema de som integrado com tecnologia <b>Yamaha DSP<\/b>.<\/p>\n<p><b>HDR:<\/b> Suporta processamento HDR de 10 bits.<\/p>\n<p>O <b>Epson EpiqVision Ultra LS800<\/b> um projetor topo de linha, projetado para oferecer uma experi\u00eancia de tela grande em praticamente qualquer sala, mesmo durante o dia, sem a complica\u00e7\u00e3o de instala\u00e7\u00e3o de projetores de longo alcance.<\/p>\n<p>&nbsp;<\/p>\n","protected":false},"excerpt":{"rendered":"<p>O Epson EpiqVision Ultra LS800 \u00e9 um projetor a laser de alcance ultra curto com recursos avan\u00e7ados, ideal para home theaters e salas de estar, pois pode projetar imagens grandes a uma dist\u00e2ncia m\u00ednima da parede. Aqui est\u00e3o os principais pontos sobre ele: Tecnologia de Proje\u00e7\u00e3o: Utiliza a tecnologia 3LCD de 3 chips, o que [&hellip;]<\/p>\n","protected":false},"featured_media":26775,"template":"","meta":{"_acf_changed":false},"product_brand":[],"product_cat":[252,259],"product_tag":[],"class_list":{"0":"post-26774","1":"product","2":"type-product","3":"status-publish","4":"has-post-thumbnail","6":"product_cat-epson","7":"product_cat-projetor-2","9":"first","10":"instock","11":"sold-individually","12":"shipping-taxable","13":"purchasable","14":"product-type-simple"},"acf":[],"aioseo_notices":[],"_links":{"self":[{"href":"https:\/\/hificlub.com.br\/loja\/wp-json\/wp\/v2\/product\/26774","targetHints":{"allow":["GET"]}}],"collection":[{"href":"https:\/\/hificlub.com.br\/loja\/wp-json\/wp\/v2\/product"}],"about":[{"href":"https:\/\/hificlub.com.br\/loja\/wp-json\/wp\/v2\/types\/product"}],"wp:featuredmedia":[{"embeddable":true,"href":"https:\/\/hificlub.com.br\/loja\/wp-json\/wp\/v2\/media\/26775"}],"wp:attachment":[{"href":"https:\/\/hificlub.com.br\/loja\/wp-json\/wp\/v2\/media?parent=26774"}],"wp:term":[{"taxonomy":"product_brand","embeddable":true,"href":"https:\/\/hificlub.com.br\/loja\/wp-json\/wp\/v2\/product_brand?post=26774"},{"taxonomy":"product_cat","embeddable":true,"href":"https:\/\/hificlub.com.br\/loja\/wp-json\/wp\/v2\/product_cat?post=26774"},{"taxonomy":"product_tag","embeddable":true,"href":"https:\/\/hificlub.com.br\/loja\/wp-json\/wp\/v2\/product_tag?post=26774"}],"curies":[{"name":"wp","href":"https:\/\/api.w.org\/{rel}","templated":true}]}}