{"id":26653,"date":"2025-10-16T21:38:04","date_gmt":"2025-10-17T00:38:04","guid":{"rendered":"https:\/\/hificlub.com.br\/loja\/?post_type=product&#038;p=26653"},"modified":"2026-03-03T22:15:11","modified_gmt":"2026-03-04T01:15:11","slug":"marantz-cinema-40-receiver-av-8k-9-4-canais-dolby-atmos-bluetooth-apple-airplay-2-amazon-alexa-125-watts","status":"publish","type":"product","link":"https:\/\/hificlub.com.br\/loja\/produto\/marantz-cinema-40-receiver-av-8k-9-4-canais-dolby-atmos-bluetooth-apple-airplay-2-amazon-alexa-125-watts\/","title":{"rendered":"MARANTZ CINEMA 40 &#8211; Receiver AV 8K, 9.4 Canais, Dolby Atmos\u00ae, Bluetooth\u00ae, Apple Airplay\u00ae 2, Amazon Alexa, 125 Watts"},"content":{"rendered":"<p>O <b>Marantz CINEMA 40<\/b> \u00e9 um receiver A\/V de alta performance, situado no topo de gama da s\u00e9rie CINEMA, logo abaixo do modelo de refer\u00eancia CINEMA 30. Ele combina a sonoridade musical de assinatura da Marantz com pot\u00eancia robusta e as mais recentes tecnologias de cinema em casa.<\/p>\n<p><span dir=\"auto\"><strong>Pot\u00eancia e processamento<\/strong>:<\/span><\/p>\n<ul>\n<li><span dir=\"auto\">Amplificador de 9 canais<\/span><\/li>\n<li><span dir=\"auto\">125 watts por canal em 8 ohms (20-20.000 Hz) a 0,05% THD, com 2 canais acionados<\/span><\/li>\n<li><span dir=\"auto\">Os m\u00f3dulos amplificadores hiperdin\u00e2micos (HDAM) da Marantz oferecem detalhes requintados e faixa din\u00e2mica, ao mesmo tempo que reduzem o ru\u00eddo<\/span><\/li>\n<li><span dir=\"auto\">Decodifica\u00e7\u00e3o de som surround Dolby\u00ae, DTS\u00ae e Auro-3D\u00ae<\/span>\n<ul>\n<li><span dir=\"auto\">Processamento Dolby Atmos\u00ae e DTS:X para uso com alto-falantes embutidos no teto ou &#8220;de altura&#8221; para um som de home theater mais envolvente<\/span><\/li>\n<li><span dir=\"auto\">Dolby Atmos Height Virtualization e DTS Virtual:X criam efeitos tridimensionais sem alto-falantes de altura<\/span><\/li>\n<\/ul>\n<\/li>\n<li><span dir=\"auto\">O IMAX\u00ae Enhanced reproduz toda a gama din\u00e2mica de trilhas sonoras IMAX especialmente codificadas de fontes compat\u00edveis<\/span><\/li>\n<li><span dir=\"auto\">A calibra\u00e7\u00e3o de alto-falantes e otimiza\u00e7\u00e3o do sistema Audyssey inclui:<\/span>\n<ul>\n<li><span dir=\"auto\">A configura\u00e7\u00e3o autom\u00e1tica e a calibra\u00e7\u00e3o de ambiente do MultEQ XT32 oferecem som equilibrado e din\u00e2mico com desempenho surround aprimorado<\/span><\/li>\n<li><span dir=\"auto\">O Volume Din\u00e2mico antecipa sons altos para manter os n\u00edveis de volume uniformes<\/span><\/li>\n<li><span dir=\"auto\">O equalizador din\u00e2mico melhora o di\u00e1logo, a resposta de graves e os n\u00edveis dos canais surround em volumes mais baixos<\/span><\/li>\n<li><span dir=\"auto\">O Sub EQ HT fornece calibra\u00e7\u00e3o individual para quatro subwoofers, para uma resposta de graves uniforme em toda a sala<\/span><\/li>\n<li><span dir=\"auto\">A conten\u00e7\u00e3o de baixa frequ\u00eancia reduz a quantidade de graves que vazam para outras salas<\/span><\/li>\n<li><span dir=\"auto\">Aplicativo Audyssey MultEQ Editor para maior personaliza\u00e7\u00e3o de \u00e1udio (aplicativo pago; n\u00e3o inclu\u00eddo)<\/span><\/li>\n<\/ul>\n<\/li>\n<li><span dir=\"auto\">calibra\u00e7\u00e3o de sala Dirac Live opcional e gerenciamento de graves<\/span>\n<ul>\n<li><span dir=\"auto\">requer\u00a0<\/span><span dir=\"auto\">a compra de uma licen\u00e7a separada da Dirac<\/span><\/li>\n<li><span dir=\"auto\">requer um PC ou Mac separado e um microfone USB de terceiros (todos vendidos separadamente)<\/span><\/li>\n<li><em><span dir=\"auto\">Tratamento de ambiente ativo dispon\u00edvel por meio de uma futura atualiza\u00e7\u00e3o de firmware<\/span><\/em><\/li>\n<\/ul>\n<\/li>\n<\/ul>\n<p><span dir=\"auto\"><strong>Op\u00e7\u00f5es de m\u00fasica digital e streaming<\/strong><\/span><\/p>\n<ul>\n<li><span dir=\"auto\">Wi-Fi integrado para ouvir m\u00fasica de um PC em rede, r\u00e1dio gratuito na Internet e servi\u00e7os de m\u00fasica<\/span><\/li>\n<li><span dir=\"auto\">A tecnologia HEOS integrada conecta sem fio componentes HEOS compat\u00edveis para \u00e1udio em toda a casa<\/span>\n<ul>\n<li><span dir=\"auto\">inclui suporte para Pandora\u00ae, TIDAL, SiriusXM e Spotify\u00ae (assinatura necess\u00e1ria para alguns servi\u00e7os)<\/span><\/li>\n<li><span dir=\"auto\">O aplicativo HEOS gratuito oferece controle Wi-Fi f\u00e1cil, ajustes de configura\u00e7\u00f5es e sele\u00e7\u00e3o e reprodu\u00e7\u00e3o de m\u00fasica<\/span><\/li>\n<li><span dir=\"auto\">funciona com\u00a0os controladores de voz\u00a0<\/span><span dir=\"auto\">Amazon Alexa<\/span><span dir=\"auto\">\u00a0e\u00a0<\/span><span dir=\"auto\">Google Assistant<\/span><\/li>\n<\/ul>\n<\/li>\n<li><span dir=\"auto\">O Apple AirPlay 2 permite que voc\u00ea transmita diretamente de um iPhone\u00ae ou iPad\u00ae e pe\u00e7a \u00e0 Siri para tocar o Apple Music\u00ae<\/span>\n<ul>\n<li><span dir=\"auto\">suporta \u00e1udio multi-ambiente com alto-falantes sem fio compat\u00edveis<\/span><\/li>\n<\/ul>\n<\/li>\n<li><span dir=\"auto\">Bluetooth integrado para ouvir m\u00fasica sem fio com smartphones, tablets e computadores compat\u00edveis<\/span><\/li>\n<li><span dir=\"auto\">Transmiss\u00e3o Bluetooth para envio de \u00e1udio do receptor para fones de ouvido habilitados para Bluetooth<\/span>\n<ul>\n<li><span dir=\"auto\">reproduzir \u00e1udio somente por meio de fones de ouvido Bluetooth ou por meio de fones de ouvido Bluetooth e alto-falantes conectados simultaneamente<\/span><\/li>\n<\/ul>\n<\/li>\n<li><span dir=\"auto\">reproduz arquivos de m\u00fasica digital de alta resolu\u00e7\u00e3o por meio de um dispositivo de armazenamento USB ou de um computador em rede (PCM com resolu\u00e7\u00e3o de at\u00e9 24 bits\/192 kHz; DSD com resolu\u00e7\u00e3o de at\u00e9 5,6 MHz)<\/span><\/li>\n<li><span dir=\"auto\">funciona como um player Roon (requer assinatura e Roon Core em execu\u00e7\u00e3o na sua rede)<\/span>\n<ul>\n<li><span dir=\"auto\">Roon Core \u00e9 um software de servidor de m\u00eddia que roda em seu computador, unidade NAS ou outro hardware compat\u00edvel<\/span><\/li>\n<\/ul>\n<\/li>\n<li><em><span dir=\"auto\">Usando este receptor apenas para m\u00fasica? Talvez seja necess\u00e1rio conectar uma TV ou monitor via HDMI temporariamente para a configura\u00e7\u00e3o inicial.<\/span><\/em><\/li>\n<\/ul>\n<h5><\/h5>\n","protected":false},"excerpt":{"rendered":"<p>O Marantz CINEMA 40 \u00e9 um receiver A\/V de alta performance, situado no topo de gama da s\u00e9rie CINEMA, logo abaixo do modelo de refer\u00eancia CINEMA 30. Ele combina a sonoridade musical de assinatura da Marantz com pot\u00eancia robusta e as mais recentes tecnologias de cinema em casa. Pot\u00eancia e processamento: Amplificador de 9 canais [&hellip;]<\/p>\n","protected":false},"featured_media":26657,"template":"","meta":{"_acf_changed":false},"product_brand":[],"product_cat":[21,92,22],"product_tag":[],"class_list":{"0":"post-26653","1":"product","2":"type-product","3":"status-publish","4":"has-post-thumbnail","6":"product_cat-home-theater","7":"product_cat-marantz","8":"product_cat-receivers","10":"first","11":"instock","12":"sold-individually","13":"shipping-taxable","14":"purchasable","15":"product-type-simple"},"acf":[],"aioseo_notices":[],"_links":{"self":[{"href":"https:\/\/hificlub.com.br\/loja\/wp-json\/wp\/v2\/product\/26653","targetHints":{"allow":["GET"]}}],"collection":[{"href":"https:\/\/hificlub.com.br\/loja\/wp-json\/wp\/v2\/product"}],"about":[{"href":"https:\/\/hificlub.com.br\/loja\/wp-json\/wp\/v2\/types\/product"}],"wp:featuredmedia":[{"embeddable":true,"href":"https:\/\/hificlub.com.br\/loja\/wp-json\/wp\/v2\/media\/26657"}],"wp:attachment":[{"href":"https:\/\/hificlub.com.br\/loja\/wp-json\/wp\/v2\/media?parent=26653"}],"wp:term":[{"taxonomy":"product_brand","embeddable":true,"href":"https:\/\/hificlub.com.br\/loja\/wp-json\/wp\/v2\/product_brand?post=26653"},{"taxonomy":"product_cat","embeddable":true,"href":"https:\/\/hificlub.com.br\/loja\/wp-json\/wp\/v2\/product_cat?post=26653"},{"taxonomy":"product_tag","embeddable":true,"href":"https:\/\/hificlub.com.br\/loja\/wp-json\/wp\/v2\/product_tag?post=26653"}],"curies":[{"name":"wp","href":"https:\/\/api.w.org\/{rel}","templated":true}]}}