{"id":26531,"date":"2025-10-15T11:00:07","date_gmt":"2025-10-15T14:00:07","guid":{"rendered":"https:\/\/hificlub.com.br\/loja\/?post_type=product&#038;p=26531"},"modified":"2026-03-03T22:15:12","modified_gmt":"2026-03-04T01:15:12","slug":"denon-avr-a10h-receiver-av-8k-powered-by-heos-com-dolby-atmos-hdr10-hdr10-dolby-vision-e-hlg-dolby-atmos-dtsx-e-dtsx-pro-auro-3d-imax-enhanced-13-4-canais-150-watts","status":"publish","type":"product","link":"https:\/\/hificlub.com.br\/loja\/produto\/denon-avr-a10h-receiver-av-8k-powered-by-heos-com-dolby-atmos-hdr10-hdr10-dolby-vision-e-hlg-dolby-atmos-dtsx-e-dtsx-pro-auro-3d-imax-enhanced-13-4-canais-150-watts\/","title":{"rendered":"DENON AVR-A10H &#8211; Receiver AV 8K, 13.4 Canais, Powered by HEOS\u2122 com Dolby Atmos, HDR10, HDR10+, Dolby Vision e HLG, Dolby Atmos, DTS:X e DTS:X Pro, Auro-3D, IMAX Enhanced, 150 Watts"},"content":{"rendered":"<p>O <b>Denon AVR-A10H<\/b> \u00e9 um receiver AV de ultra-alta performance, lan\u00e7ado como parte da s\u00e9rie &#8220;A&#8221; da Denon, que celebra a heran\u00e7a da marca em excel\u00eancia de \u00e1udio. Este modelo \u00e9 um dos mais avan\u00e7ados da linha e possui caracter\u00edsticas de constru\u00e7\u00e3o <i>audi\u00f3fila<\/i>.<\/p>\n<p>Abaixo est\u00e3o as especifica\u00e7\u00f5es t\u00e9cnicas e f\u00edsicas detalhadas:<\/p>\n<p><strong>Sec\u00e7\u00e3o de Amplifica\u00e7\u00e3o e \u00c1udio<\/strong><\/p>\n<ul>\n<li>Canais de Amplifica\u00e7\u00e3o: Possui <span class=\"math-inline\"><span class=\"katex\"><span class=\"katex-html\" aria-hidden=\"true\"><span class=\"base\"><span class=\"mord\">13<\/span><\/span><\/span><\/span><\/span> canais de amplifica\u00e7\u00e3o de pot\u00eancia integrada (constru\u00e7\u00e3o monol\u00edtica para minimizar interfer\u00eancias).<\/li>\n<li>Canais de Processamento: Capacidade de processamento de at\u00e9 <span class=\"math-inline\"><span class=\"katex\"><span class=\"katex-html\" aria-hidden=\"true\"><span class=\"base\"><span class=\"mord\">13.4<\/span><\/span><\/span><\/span><\/span> canais (com <span class=\"math-inline\"><span class=\"katex\"><span class=\"katex-html\" aria-hidden=\"true\"><span class=\"base\"><span class=\"mord\">4<\/span><\/span><\/span><\/span><\/span> sa\u00eddas independentes para subwoofer).<\/li>\n<li>Pot\u00eancia de Sa\u00edda (Est\u00e9reo): <span class=\"math-inline\"><span class=\"katex\"><span class=\"katex-html\" aria-hidden=\"true\"><span class=\"base\"><span class=\"mord\">150<\/span><\/span><\/span><\/span><\/span> watts por canal em <span class=\"math-inline\"><span class=\"katex\"><span class=\"katex-html\" aria-hidden=\"true\"><span class=\"base\"><span class=\"mord\">8\u03a9<\/span><\/span><\/span><\/span><\/span> (<span class=\"math-inline\"><span class=\"katex\"><span class=\"katex-html\" aria-hidden=\"true\"><span class=\"base\"><span class=\"mord\">20<\/span><span class=\"mord text\"><span class=\"mord\">Hz<\/span><\/span><span class=\"mbin\">\u2212<\/span><\/span><span class=\"base\"><span class=\"mord\">20<\/span><span class=\"mord text\"><span class=\"mord\">kHz<\/span><\/span><\/span><\/span><\/span><\/span>, <span class=\"math-inline\"><span class=\"katex\"><span class=\"katex-html\" aria-hidden=\"true\"><span class=\"base\"><span class=\"mord\">0<\/span><span class=\"mpunct\">,<\/span><span class=\"mord\">05%<\/span><\/span><\/span><\/span><\/span> THD, <span class=\"math-inline\"><span class=\"katex\"><span class=\"katex-html\" aria-hidden=\"true\"><span class=\"base\"><span class=\"mord\">2<\/span><span class=\"mord text\"><span class=\"mord\">\u00a0canais\u00a0acionados<\/span><\/span><\/span><\/span><\/span><\/span>).<\/li>\n<li>Modo Pr\u00e9-Amplificador: Funcionalidade que permite desligar os amplificadores internos para usar o receiver apenas como um pr\u00e9-processador de AV, proporcionando um caminho de sinal mais limpo.<\/li>\n<li>DAC e Processamento: M\u00faltiplos DACs de <span class=\"math-inline\"><span class=\"katex\"><span class=\"katex-html\" aria-hidden=\"true\"><span class=\"base\"><span class=\"mord\">32<\/span><span class=\"mord text\"><span class=\"mord\">\u00a0bits<\/span><\/span><\/span><\/span><\/span><\/span> e o processamento AL32 Multi-Channel para otimizar a resolu\u00e7\u00e3o do \u00e1udio digital.<\/li>\n<li>\u00c1udio de Alta Resolu\u00e7\u00e3o: Suporta FLAC HD, WAV, ALAC at\u00e9 <span class=\"math-inline\"><span class=\"katex\"><span class=\"katex-html\" aria-hidden=\"true\"><span class=\"base\"><span class=\"mord\">192<\/span><span class=\"mord text\"><span class=\"mord\">kHz<\/span><\/span><span class=\"mord\">\/24<\/span><span class=\"mord text\"><span class=\"mord\">\u00a0bits<\/span><\/span><\/span><\/span><\/span><\/span> e DSD (<span class=\"math-inline\"><span class=\"katex\"><span class=\"katex-html\" aria-hidden=\"true\"><span class=\"base\"><span class=\"mord\">2<\/span><span class=\"mpunct\">,<\/span><span class=\"mord\">8<\/span><span class=\"mord text\"><span class=\"mord\">MHz<\/span><\/span><span class=\"mord\">\/5<\/span><span class=\"mpunct\">,<\/span><span class=\"mord\">6<\/span><span class=\"mord text\"><span class=\"mord\">MHz<\/span><\/span><\/span><\/span><\/span><\/span>).<\/li>\n<\/ul>\n<p><strong>Suporte a \u00c1udio 3D e Calibra\u00e7\u00e3o<\/strong><\/p>\n<ul>\n<li>Formatos 3D: Suporte total a Dolby Atmos, DTS:X, DTS:X Pro, Auro-3D e IMAX Enhanced.<\/li>\n<li>Configura\u00e7\u00f5es M\u00e1ximas: Sistemas de at\u00e9 <span class=\"math-inline\"><span class=\"katex\"><span class=\"katex-html\" aria-hidden=\"true\"><span class=\"base\"><span class=\"mord\">7.4.6<\/span><\/span><\/span><\/span><\/span> ou <span class=\"math-inline\"><span class=\"katex\"><span class=\"katex-html\" aria-hidden=\"true\"><span class=\"base\"><span class=\"mord\">9.4.4<\/span><\/span><\/span><\/span><\/span> canais.<\/li>\n<li>Calibra\u00e7\u00e3o Ac\u00fastica (Padr\u00e3o): Audyssey MultEQ XT32 (incluindo Audyssey LFC, Dynamic EQ\/Volume).<\/li>\n<li>Calibra\u00e7\u00e3o (Opcional): Dirac Live Ready (requer licen\u00e7a de software opcional para corre\u00e7\u00e3o de sala avan\u00e7ada e Bass Control).<\/li>\n<\/ul>\n<p><strong>V\u00eddeo e Conectividade HDMI<\/strong><\/p>\n<ul>\n<li>Resolu\u00e7\u00e3o M\u00e1xima: Suporte a <i>pass-through<\/i> e <i>upscaling<\/i> de v\u00eddeo <span class=\"math-inline\"><span class=\"katex\"><span class=\"katex-html\" aria-hidden=\"true\"><span class=\"base\"><span class=\"mord\">8<\/span><span class=\"mord text\"><span class=\"mord\">K<\/span><\/span><span class=\"mord\">@60<\/span><span class=\"mord text\"><span class=\"mord\">Hz<\/span><\/span><\/span><\/span><\/span><\/span> e <span class=\"math-inline\"><span class=\"katex\"><span class=\"katex-html\" aria-hidden=\"true\"><span class=\"base\"><span class=\"mord\">4<\/span><span class=\"mord text\"><span class=\"mord\">K<\/span><\/span><span class=\"mord\">@120<\/span><span class=\"mord text\"><span class=\"mord\">Hz<\/span><\/span><\/span><\/span><\/span><\/span> (em todas as portas HDMI).<\/li>\n<li>HDR: Suporta HDR10, HDR10+, Dolby Vision e HLG.<\/li>\n<li>Entradas\/Sa\u00eddas HDMI: <span class=\"math-inline\"><span class=\"katex\"><span class=\"katex-html\" aria-hidden=\"true\"><span class=\"base\"><span class=\"mord\">7<\/span><\/span><\/span><\/span><\/span> entradas HDMI \/ <span class=\"math-inline\"><span class=\"katex\"><span class=\"katex-html\" aria-hidden=\"true\"><span class=\"base\"><span class=\"mord\">3<\/span><\/span><\/span><\/span><\/span> sa\u00eddas HDMI (com suporte a eARC).<\/li>\n<li>Recursos de Jogo: Suporte a VRR, ALLM e QFT.<\/li>\n<\/ul>\n<p><strong>Conectividade e Multiroom<\/strong><\/p>\n<ul>\n<li>Wireless: Wi-Fi e Bluetooth integrados (com modo transmissor\/receptor).<\/li>\n<li>Phono: Entrada Phono (MM) para toca-discos.<\/li>\n<li>Multiroom: Tecnologia HEOS Built-in para streaming de \u00e1udio sem fio e controle multiroom em at\u00e9 <span class=\"math-inline\"><span class=\"katex\"><span class=\"katex-html\" aria-hidden=\"true\"><span class=\"base\"><span class=\"mord\">3<\/span><\/span><\/span><\/span><\/span> zonas.<\/li>\n<li>Controles: Compat\u00edvel com Google Assistant e App Remote Control.<\/li>\n<\/ul>\n<p><b>Constru\u00e7\u00e3o<\/b><\/p>\n<ul>\n<li>Chassi de <span class=\"math-inline\"><span class=\"katex\"><span class=\"katex-html\" aria-hidden=\"true\"><span class=\"base\"><span class=\"mord\">3<\/span><\/span><\/span><\/span><\/span> camadas para minimizar vibra\u00e7\u00f5es e refor\u00e7ar a rigidez, contribuindo para a pureza do sinal (constru\u00e7\u00e3o &#8220;Crafted in Japan&#8221;).<\/li>\n<\/ul>\n","protected":false},"excerpt":{"rendered":"<p>O Denon AVR-A10H \u00e9 um receiver AV de ultra-alta performance, lan\u00e7ado como parte da s\u00e9rie &#8220;A&#8221; da Denon, que celebra a heran\u00e7a da marca em excel\u00eancia de \u00e1udio. Este modelo \u00e9 um dos mais avan\u00e7ados da linha e possui caracter\u00edsticas de constru\u00e7\u00e3o audi\u00f3fila. Abaixo est\u00e3o as especifica\u00e7\u00f5es t\u00e9cnicas e f\u00edsicas detalhadas: Sec\u00e7\u00e3o de Amplifica\u00e7\u00e3o e [&hellip;]<\/p>\n","protected":false},"featured_media":26532,"template":"","meta":{"_acf_changed":false},"product_brand":[],"product_cat":[150,21,22],"product_tag":[],"class_list":{"0":"post-26531","1":"product","2":"type-product","3":"status-publish","4":"has-post-thumbnail","6":"product_cat-denon","7":"product_cat-home-theater","8":"product_cat-receivers","10":"first","11":"instock","12":"sold-individually","13":"shipping-taxable","14":"purchasable","15":"product-type-simple"},"acf":[],"aioseo_notices":[],"_links":{"self":[{"href":"https:\/\/hificlub.com.br\/loja\/wp-json\/wp\/v2\/product\/26531","targetHints":{"allow":["GET"]}}],"collection":[{"href":"https:\/\/hificlub.com.br\/loja\/wp-json\/wp\/v2\/product"}],"about":[{"href":"https:\/\/hificlub.com.br\/loja\/wp-json\/wp\/v2\/types\/product"}],"wp:featuredmedia":[{"embeddable":true,"href":"https:\/\/hificlub.com.br\/loja\/wp-json\/wp\/v2\/media\/26532"}],"wp:attachment":[{"href":"https:\/\/hificlub.com.br\/loja\/wp-json\/wp\/v2\/media?parent=26531"}],"wp:term":[{"taxonomy":"product_brand","embeddable":true,"href":"https:\/\/hificlub.com.br\/loja\/wp-json\/wp\/v2\/product_brand?post=26531"},{"taxonomy":"product_cat","embeddable":true,"href":"https:\/\/hificlub.com.br\/loja\/wp-json\/wp\/v2\/product_cat?post=26531"},{"taxonomy":"product_tag","embeddable":true,"href":"https:\/\/hificlub.com.br\/loja\/wp-json\/wp\/v2\/product_tag?post=26531"}],"curies":[{"name":"wp","href":"https:\/\/api.w.org\/{rel}","templated":true}]}}