{"id":26445,"date":"2025-10-13T20:11:07","date_gmt":"2025-10-13T23:11:07","guid":{"rendered":"https:\/\/hificlub.com.br\/loja\/?post_type=product&#038;p=26445"},"modified":"2025-10-13T20:23:58","modified_gmt":"2025-10-13T23:23:58","slug":"classe-cp-800-pre-amplificador-com-dac","status":"publish","type":"product","link":"https:\/\/hificlub.com.br\/loja\/produto\/classe-cp-800-pre-amplificador-com-dac\/","title":{"rendered":"Class\u00e9 CP-800 &#8211; Pr\u00e9 amplificador com DAC"},"content":{"rendered":"<p>O <b>Class\u00e9 CP-800<\/b> \u00e9 um pr\u00e9-amplificador est\u00e9reo de alta performance que se destacou no mercado de \u00e1udio <i>high-end<\/i> por ser um dos primeiros a integrar um <b>DAC completo e processamento digital avan\u00e7ado<\/b> (DSP) com um est\u00e1gio de pr\u00e9-amplifica\u00e7\u00e3o anal\u00f3gico puro. Ele \u00e9 considerado um produto que uniu as necessidades do \u00e1udio tradicional (anal\u00f3gico) com a crescente demanda por \u00e1udio digital de alta resolu\u00e7\u00e3o baseado em computador.<\/p>\n<p>Aqui est\u00e1 um resumo de suas caracter\u00edsticas e especifica\u00e7\u00f5es principais:<\/p>\n<p><strong>1. Filosofia e Funcionalidade<\/strong><\/p>\n<p>O CP-800 \u00e9 um produto <b>h\u00edbrido<\/b> que funciona como:<\/p>\n<ul>\n<li>Pr\u00e9-Amplificador Anal\u00f3gico de Alto N\u00edvel: Oferece entradas e sa\u00eddas XLR e RCA para fontes puramente anal\u00f3gicas. Possui um caminho de sinal <i>bypass<\/i> anal\u00f3gico dedicado para a m\u00e1xima pureza.<\/li>\n<li>DAC e Processador Digital Avan\u00e7ado: Incorpora m\u00faltiplos DACs Wolfson (tipicamente o WM8741) e um <i>uplink<\/i> digital para todas as fontes, com uma implementa\u00e7\u00e3o \u00fanica de \u00e1udio USB ass\u00edncrono para rejeitar ru\u00eddo.<\/li>\n<li>Controle de Sistema: Apresenta uma tela <i>touchscreen<\/i> no painel frontal e v\u00e1rias op\u00e7\u00f5es de controle via rede (Ethernet) e o aplicativo Class\u00e9.<\/li>\n<\/ul>\n<p><strong>2. Caracter\u00edsticas Digitais (DSP)<\/strong><\/p>\n<p>O CP-800 inclui recursos de processamento de sinal digital (DSP) que podem ser ativados ou desativados:<\/p>\n<ul>\n<li>Gerenciamento de Graves (Bass Management): Permite configurar <i>crossovers<\/i> (frequ\u00eancia e inclina\u00e7\u00e3o selecion\u00e1veis) para a integra\u00e7\u00e3o perfeita de subwoofers mono ou est\u00e9reo, algo raro em pr\u00e9-amplificadores est\u00e9reo puros.<\/li>\n<li>Equaliza\u00e7\u00e3o Param\u00e9trica (PEQ): Oferece bandas de equaliza\u00e7\u00e3o param\u00e9trica de alta qualidade (operadas no dom\u00ednio digital) para corrigir modos de sala de baixa frequ\u00eancia, sem adicionar circuitos anal\u00f3gicos ao caminho do sinal principal L\/R.<\/li>\n<li>Controle Tonal Digital: Uma forma moderna e de alta qualidade de controle de tom.<\/li>\n<li>Conex\u00e3o USB para Dispositivos Apple: Possui uma porta USB frontal dedicada que aceita \u00e1udio digital de dispositivos Apple (iPod, iPhone, iPad) e tamb\u00e9m os carrega.<\/li>\n<li>Entrada USB Traseira: Para conex\u00e3o a computadores, suportando \u00e1udio de alta resolu\u00e7\u00e3o (at\u00e9 192 kHz).<\/li>\n<\/ul>\n","protected":false},"excerpt":{"rendered":"<p>O Class\u00e9 CP-800 \u00e9 um pr\u00e9-amplificador est\u00e9reo de alta performance que se destacou no mercado de \u00e1udio high-end por ser um dos primeiros a integrar um DAC completo e processamento digital avan\u00e7ado (DSP) com um est\u00e1gio de pr\u00e9-amplifica\u00e7\u00e3o anal\u00f3gico puro. Ele \u00e9 considerado um produto que uniu as necessidades do \u00e1udio tradicional (anal\u00f3gico) com a [&hellip;]<\/p>\n","protected":false},"featured_media":26446,"template":"","meta":{"_acf_changed":false},"product_brand":[],"product_cat":[123,38],"product_tag":[],"class_list":{"0":"post-26445","1":"product","2":"type-product","3":"status-publish","4":"has-post-thumbnail","6":"product_cat-classe","7":"product_cat-pre-amplificador","9":"first","10":"instock","11":"sold-individually","12":"shipping-taxable","13":"purchasable","14":"product-type-simple"},"acf":[],"aioseo_notices":[],"_links":{"self":[{"href":"https:\/\/hificlub.com.br\/loja\/wp-json\/wp\/v2\/product\/26445","targetHints":{"allow":["GET"]}}],"collection":[{"href":"https:\/\/hificlub.com.br\/loja\/wp-json\/wp\/v2\/product"}],"about":[{"href":"https:\/\/hificlub.com.br\/loja\/wp-json\/wp\/v2\/types\/product"}],"wp:featuredmedia":[{"embeddable":true,"href":"https:\/\/hificlub.com.br\/loja\/wp-json\/wp\/v2\/media\/26446"}],"wp:attachment":[{"href":"https:\/\/hificlub.com.br\/loja\/wp-json\/wp\/v2\/media?parent=26445"}],"wp:term":[{"taxonomy":"product_brand","embeddable":true,"href":"https:\/\/hificlub.com.br\/loja\/wp-json\/wp\/v2\/product_brand?post=26445"},{"taxonomy":"product_cat","embeddable":true,"href":"https:\/\/hificlub.com.br\/loja\/wp-json\/wp\/v2\/product_cat?post=26445"},{"taxonomy":"product_tag","embeddable":true,"href":"https:\/\/hificlub.com.br\/loja\/wp-json\/wp\/v2\/product_tag?post=26445"}],"curies":[{"name":"wp","href":"https:\/\/api.w.org\/{rel}","templated":true}]}}