{"id":26441,"date":"2025-10-13T19:36:33","date_gmt":"2025-10-13T22:36:33","guid":{"rendered":"https:\/\/hificlub.com.br\/loja\/?post_type=product&#038;p=26441"},"modified":"2025-10-13T19:39:21","modified_gmt":"2025-10-13T22:39:21","slug":"vitus-audio-andromeda-cabo-de-audio-digital-aes-ebu-110-ohms-1-metro","status":"publish","type":"product","link":"https:\/\/hificlub.com.br\/loja\/produto\/vitus-audio-andromeda-cabo-de-audio-digital-aes-ebu-110-ohms-1-metro\/","title":{"rendered":"Vitus Audio Andromeda &#8211; Cabo de \u00c1udio Digital AES\/EBU, 110 Ohms, 1 metro"},"content":{"rendered":"<div id=\"model-response-message-contentr_e152e63f47292468\" class=\"markdown markdown-main-panel enable-updated-hr-color\" dir=\"ltr\">\n<p>O <b>Vitus Audio Andromeda<\/b> \u00e9 uma linha de cabos de \u00e1udio de alta performance (Interconex\u00e3o, Alto-falante e For\u00e7a) fabricada pela dinamarquesa Vitus Audio, uma empresa renomada por seus eletr\u00f4nicos de ponta.<\/p>\n<p>O foco da linha Andromeda est\u00e1 na minimiza\u00e7\u00e3o de interfer\u00eancias e na manuten\u00e7\u00e3o da integridade do sinal, com um design de condutores altamente otimizado.<\/p>\n<p><strong>Caracter\u00edsticas e Filosofia de Design:<\/strong><\/p>\n<ul>\n<li><b>Design \u00danico de Condutores:<\/b> O principal ponto de distin\u00e7\u00e3o \u00e9 a constru\u00e7\u00e3o do condutor.\n<ul>\n<li>M\u00faltiplos Condutores Finos: Utiliza cerca de 20 condutores individuais, finos e com diferentes bitolas (medidas), para for\u00e7ar os el\u00e9trons a flu\u00edrem o mais diretamente poss\u00edvel da fonte para o receptor. A diferen\u00e7a de bitola \u00e9 usada para alcan\u00e7ar um equil\u00edbrio tonal perfeito em todo o espectro de frequ\u00eancia.<\/li>\n<li>Tor\u00e7\u00e3o \u00danica (&#8220;Spinning&#8221;): O processo de tor\u00e7\u00e3o dos condutores \u00e9 feito de uma maneira \u00fanica para garantir que todos os condutores tenham exatamente o mesmo comprimento, o que a Vitus Audio afirma evitar os chamados efeitos de &#8220;sombreamento ou espelhamento&#8221; no sinal.<\/li>\n<\/ul>\n<\/li>\n<li><b>Isolamento Aprimorado:<\/b> O cabo Andromeda utiliza um tran\u00e7ado especial que resulta em um espa\u00e7amento muito maior entre cada polo (positivo e negativo).\n<ul>\n<li>O objetivo \u00e9 afastar significativamente os campos magn\u00e9ticos de cada polo, reduzindo o &#8220;ru\u00eddo magn\u00e9tico&#8221; gerado entre eles. A Vitus Audio sugere que essa solu\u00e7\u00e3o \u00e9 rara em cabos comerciais e leva a uma apresenta\u00e7\u00e3o de palco sonoro mais natural.<\/li>\n<\/ul>\n<\/li>\n<li><b>Performance Sonora:<\/b> O resultado dessas t\u00e9cnicas de constru\u00e7\u00e3o \u00e9 tipicamente descrito em an\u00e1lises como:\n<ul>\n<li>Um palco sonoro maior.<\/li>\n<li>Maior din\u00e2mica, precis\u00e3o e equil\u00edbrio tonal.<\/li>\n<li>Excelente precis\u00e3o no m\u00e9dio-agudo e uma grande quantidade de informa\u00e7\u00e3o.<\/li>\n<\/ul>\n<\/li>\n<li><b>Uso em Componentes Vitus:<\/b> Os cabos Andromeda s\u00e3o frequentemente usados internamente nos pr\u00f3prios componentes Vitus Audio (como nos est\u00e1gios de linha e pr\u00e9-amplificadores da marca) para manter a coer\u00eancia sonora.<\/li>\n<\/ul>\n<p><strong>Tipos de Cabo na S\u00e9rie Andromeda:<\/strong><\/p>\n<p>A linha Andromeda inclui cabos para todos os pontos da cadeia de \u00e1udio, como:<\/p>\n<ul>\n<li>Cabo de Interconex\u00e3o (Interconnect): Dispon\u00edvel nas vers\u00f5es RCA e XLR (balanceado).<\/li>\n<li>Cabo de Alto-falante (Speaker Cable)<\/li>\n<li>Cabo de For\u00e7a (Power Cord)<\/li>\n<\/ul>\n<p>O <b>Vitus Audio Andromeda<\/b> \u00e9 considerado uma linha de cabos <i>high-end<\/i> com foco em engenharia e constru\u00e7\u00e3o complexas para obter o fluxo de sinal mais linear e limpo poss\u00edvel, complementando a filosofia de design de ultra-alta fidelidade dos eletr\u00f4nicos da Vitus Audio.<\/p>\n<\/div>\n","protected":false},"excerpt":{"rendered":"<p>O Vitus Audio Andromeda \u00e9 uma linha de cabos de \u00e1udio de alta performance (Interconex\u00e3o, Alto-falante e For\u00e7a) fabricada pela dinamarquesa Vitus Audio, uma empresa renomada por seus eletr\u00f4nicos de ponta. O foco da linha Andromeda est\u00e1 na minimiza\u00e7\u00e3o de interfer\u00eancias e na manuten\u00e7\u00e3o da integridade do sinal, com um design de condutores altamente otimizado. [&hellip;]<\/p>\n","protected":false},"featured_media":26442,"template":"","meta":{"_acf_changed":false},"product_brand":[],"product_cat":[326,61,168,328],"product_tag":[],"class_list":{"0":"post-26441","1":"product","2":"type-product","3":"status-publish","4":"has-post-thumbnail","6":"product_cat-aes-ebu","7":"product_cat-cabos","8":"product_cat-marcas","9":"product_cat-vitus-audio","11":"first","12":"instock","13":"sold-individually","14":"shipping-taxable","15":"purchasable","16":"product-type-simple"},"acf":[],"aioseo_notices":[],"_links":{"self":[{"href":"https:\/\/hificlub.com.br\/loja\/wp-json\/wp\/v2\/product\/26441","targetHints":{"allow":["GET"]}}],"collection":[{"href":"https:\/\/hificlub.com.br\/loja\/wp-json\/wp\/v2\/product"}],"about":[{"href":"https:\/\/hificlub.com.br\/loja\/wp-json\/wp\/v2\/types\/product"}],"wp:featuredmedia":[{"embeddable":true,"href":"https:\/\/hificlub.com.br\/loja\/wp-json\/wp\/v2\/media\/26442"}],"wp:attachment":[{"href":"https:\/\/hificlub.com.br\/loja\/wp-json\/wp\/v2\/media?parent=26441"}],"wp:term":[{"taxonomy":"product_brand","embeddable":true,"href":"https:\/\/hificlub.com.br\/loja\/wp-json\/wp\/v2\/product_brand?post=26441"},{"taxonomy":"product_cat","embeddable":true,"href":"https:\/\/hificlub.com.br\/loja\/wp-json\/wp\/v2\/product_cat?post=26441"},{"taxonomy":"product_tag","embeddable":true,"href":"https:\/\/hificlub.com.br\/loja\/wp-json\/wp\/v2\/product_tag?post=26441"}],"curies":[{"name":"wp","href":"https:\/\/api.w.org\/{rel}","templated":true}]}}