{"id":26324,"date":"2025-10-03T10:25:46","date_gmt":"2025-10-03T13:25:46","guid":{"rendered":"https:\/\/hificlub.com.br\/loja\/?post_type=product&#038;p=26324"},"modified":"2025-10-03T13:34:22","modified_gmt":"2025-10-03T16:34:22","slug":"dali-oberon-3","status":"publish","type":"product","link":"https:\/\/hificlub.com.br\/loja\/produto\/dali-oberon-3\/","title":{"rendered":"DALI OBERON 3"},"content":{"rendered":"<ul>\n<li>Intervalo de Frequ\u00eancia (+\/-3 dB) [Hz]: 47 &#8211; 26,000 Hz<\/li>\n<li>Sensibilidade (2,83 V\/1 m) [dB]: 87 dB<\/li>\n<li>Imped\u00e2ncia Nominal [ohms]: 6 ohms<\/li>\n<li>M\u00e1ximo SPL [dB]: 108 dB<\/li>\n<li>Energia recomendada do amplificador: 25 &#8211; 150 Watt<\/li>\n<li>Frequ\u00eancia do Crossover: 2,400 Hz<\/li>\n<li>Princ\u00edpio de Crossover: 2-way<\/li>\n<li>Driver de alta frequ\u00eancia, Quantidade: 1 x 29 mm<\/li>\n<li>Driver de alta frequ\u00eancia, Tipo de diafragma: C\u00fapula t\u00eaxtil suave<\/li>\n<li>Driver de baixa frequ\u00eancia, Quantidade: 2 x 7&#8243;<\/li>\n<li>Driver de baixa frequ\u00eancia, Tipo de diafragma: Cone de fibra de madeira<\/li>\n<li>Tipo de recinto: Reflexo de baixo<\/li>\n<li>Frequ\u00eancia do reflexo dos baixos: 49 Hz<\/li>\n<li>Conex\u00e3o de entrada: Fio individual<\/li>\n<li>Escudo: Magn\u00e9tico<\/li>\n<li>Posi\u00e7\u00e3o recomendada: Prateleira ou Suporte<\/li>\n<li>Dist\u00e2ncia recomendada da parede: 5 &#8211; 50 cm<\/li>\n<li>Dimens\u00f5es: 350 x 200 x 315 mm<\/li>\n<\/ul>\n","protected":false},"excerpt":{"rendered":"<p>Intervalo de Frequ\u00eancia (+\/-3 dB) [Hz]: 47 &#8211; 26,000 Hz Sensibilidade (2,83 V\/1 m) [dB]: 87 dB Imped\u00e2ncia Nominal [ohms]: 6 ohms M\u00e1ximo SPL [dB]: 108 dB Energia recomendada do amplificador: 25 &#8211; 150 Watt Frequ\u00eancia do Crossover: 2,400 Hz Princ\u00edpio de Crossover: 2-way Driver de alta frequ\u00eancia, Quantidade: 1 x 29 mm Driver de [&hellip;]<\/p>\n","protected":false},"featured_media":26325,"template":"","meta":{"_acf_changed":false},"product_brand":[],"product_cat":[25,17],"product_tag":[],"class_list":{"0":"post-26324","1":"product","2":"type-product","3":"status-publish","4":"has-post-thumbnail","6":"product_cat-bookshelf","7":"product_cat-caixas","9":"first","10":"instock","11":"sold-individually","12":"shipping-taxable","13":"purchasable","14":"product-type-simple"},"acf":[],"aioseo_notices":[],"_links":{"self":[{"href":"https:\/\/hificlub.com.br\/loja\/wp-json\/wp\/v2\/product\/26324","targetHints":{"allow":["GET"]}}],"collection":[{"href":"https:\/\/hificlub.com.br\/loja\/wp-json\/wp\/v2\/product"}],"about":[{"href":"https:\/\/hificlub.com.br\/loja\/wp-json\/wp\/v2\/types\/product"}],"wp:featuredmedia":[{"embeddable":true,"href":"https:\/\/hificlub.com.br\/loja\/wp-json\/wp\/v2\/media\/26325"}],"wp:attachment":[{"href":"https:\/\/hificlub.com.br\/loja\/wp-json\/wp\/v2\/media?parent=26324"}],"wp:term":[{"taxonomy":"product_brand","embeddable":true,"href":"https:\/\/hificlub.com.br\/loja\/wp-json\/wp\/v2\/product_brand?post=26324"},{"taxonomy":"product_cat","embeddable":true,"href":"https:\/\/hificlub.com.br\/loja\/wp-json\/wp\/v2\/product_cat?post=26324"},{"taxonomy":"product_tag","embeddable":true,"href":"https:\/\/hificlub.com.br\/loja\/wp-json\/wp\/v2\/product_tag?post=26324"}],"curies":[{"name":"wp","href":"https:\/\/api.w.org\/{rel}","templated":true}]}}