{"id":26196,"date":"2025-09-23T06:09:38","date_gmt":"2025-09-23T09:09:38","guid":{"rendered":"https:\/\/hificlub.com.br\/loja\/?post_type=product&#038;p=26196"},"modified":"2025-09-23T06:12:37","modified_gmt":"2025-09-23T09:12:37","slug":"esoteric-rz-1-amplificador-integrado-com-cd-sacd-dac-pre-phono-100-watts","status":"publish","type":"product","link":"https:\/\/hificlub.com.br\/loja\/produto\/esoteric-rz-1-amplificador-integrado-com-cd-sacd-dac-pre-phono-100-watts\/","title":{"rendered":"ESOTERIC RZ-1 Amplificador Integrado com CD\/SACD DAC Pre Phono 100 watts"},"content":{"rendered":"<div class=\"block-title\"><span dir=\"auto\">S\u00e9rie Elegance de alta qualidade ESOTERIC<\/span><\/div>\n<div class=\"col-md-8\">\n<p><span dir=\"auto\">O RZ-1 possui um mecanismo de acionamento capaz de reproduzir Super Audio CD e CD usando seu conversor DA de alta resolu\u00e7\u00e3o de 32 bits. Este sistema oferece um conjunto completo de entradas externas, incluindo tr\u00eas entradas digitais diferentes (USB, coaxial e digital \u00f3ptica), permitindo o suporte a entradas de \u00e1udio digital com qualidade master de est\u00fadio a partir de um PC ou outros dispositivos externos. O RZ-1 tamb\u00e9m \u00e9 equipado com o amplificador de pot\u00eancia integrado de design personalizado da ESOTERIC, que amplifica os sinais de todas as fontes com alta fidelidade.<\/span><\/p>\n<p>Embora o RZ-1 seja um sistema integrado mais adequado para audi\u00e7\u00e3o casual, ele incorpora fielmente a filosofia de design de ponta caracter\u00edstica da ESOTERIC e foi desenvolvido para ser o melhor sistema de m\u00fasica integrado de sua classe.<\/p>\n<div class=\"future_description\">\n<div class=\"block-detail\">\n<p><span dir=\"auto\">Al\u00e9m das entradas coaxial e \u00f3ptica (compat\u00edvel com 24 bits\/192 kHz), o RZ-1 tamb\u00e9m \u00e9 equipado com uma entrada USB (24 bits\/96 kHz). Ao se conectar ao seu PC e utilizar altos n\u00edveis de resolu\u00e7\u00e3o de dados para transmitir e amplificar o som, este sistema permite reproduzir arquivos de m\u00fasica em alta resolu\u00e7\u00e3o, armazenados em disco r\u00edgido, com qualidade de est\u00fadio.<\/span><\/p>\n<\/div>\n<\/div>\n<div class=\"future_description\">\n<div class=\"block-title\"><span dir=\"auto\">Tr\u00eas tipos de terminais de entrada digital, incluindo USB para suportar a reprodu\u00e7\u00e3o de arquivos de m\u00fasica de alta resolu\u00e7\u00e3o baseados em PC.<\/span><\/div>\n<\/div>\n<\/div>\n<div>\n<div class=\"future_description\">\n<div class=\"block-detail\">\n<p><span dir=\"auto\">A expertise de ponta da ESOTERIC foi aplicada integralmente no projeto da entrada USB, com grande cuidado e aten\u00e7\u00e3o aos detalhes. Para evitar que interfer\u00eancias externas se misturem ao sinal de \u00e1udio, o RZ-1 \u00e9 equipado com um isolador USB, que permite isolar a fonte de alimenta\u00e7\u00e3o USB e as linhas de sinal do dispositivo.<\/span><\/p>\n<\/div>\n<\/div>\n<div class=\"future_description\">\n<div class=\"block-title\"><span dir=\"auto\">Conversor D\/A de 32 bits com som de alta qualidade<\/span><\/div>\n<\/div>\n<div>\n<p><span dir=\"auto\">O dispositivo DAC instalado no RZ-1 \u00e9 o &#8220;AK4392&#8243;(*), produzido pela Asahi Kasei Microdevices Corporation. Este dispositivo \u00e9 compat\u00edvel com os formatos DSD e PCM. Nossa busca incans\u00e1vel por produzir som de alta qualidade tamb\u00e9m se reflete no circuito de processamento de sinal digital desenvolvido para o RZ-1. Este circuito oferece alta velocidade e capacidade de processamento, al\u00e9m de aprimorar a capacidade do circuito anal\u00f3gico de receber dados.<\/span><br \/>\n<span dir=\"auto\">A entrada I\/F, os filtros digitais e o modulador Delta-Sigma s\u00e3o todos capazes de processar 32 bits. Se dados com resolu\u00e7\u00e3o de 24 bits ou menos forem inseridos, o circuito de opera\u00e7\u00e3o digital realiza opera\u00e7\u00f5es de alta precis\u00e3o, contribuindo assim para uma qualidade sonora superior.<\/span><\/p>\n<div class=\"future_description\">\n<div class=\"block-title\"><span dir=\"auto\">Dois tipos de filtros digitais selecion\u00e1veis \u200b\u200bpelo usu\u00e1rio<\/span><\/div>\n<div class=\"block-detail\">\n<p><span dir=\"auto\">O RZ-1 \u00e9 equipado com dois tipos diferentes de filtros digitais: um para entrada digital externa e outro para reprodu\u00e7\u00e3o de CD. Al\u00e9m do filtro digital de resposta de impulso finita (&#8220;FIR&#8221;), conhecido por sua excelente qualidade sonora, um filtro digital de curto atraso tamb\u00e9m est\u00e1 dispon\u00edvel para remover o efeito de pr\u00e9-eco inerente \u00e0s formas de onda de impulso, criando assim uma gera\u00e7\u00e3o sonora mais natural. A sele\u00e7\u00e3o do filtro utilizado \u00e9 inteiramente selecion\u00e1vel pelo usu\u00e1rio.<\/span><\/p>\n<\/div>\n<\/div>\n<div class=\"future_description\">\n<div class=\"block-title\"><span dir=\"auto\">Tecnologia de amplificador ESOTERIC para amplifica\u00e7\u00e3o precisa de dados musicais, proporcionando um som suave e completo<\/span><\/div>\n<\/div>\n<div>O RZ-1 \u00e9 equipado com um potente circuito de alimenta\u00e7\u00e3o anal\u00f3gica. Este circuito combina o maior transformador toroidal que pode ser instalado no corpo fino do sistema integrado e grandes capacitores para retificar o circuito. A capacidade de condu\u00e7\u00e3o do amplificador de pot\u00eancia ESOTERIC Pure Classe &#8220;D&#8221; \u00e9 mais do que suficiente para acionar alto-falantes de alta qualidade, de baixa efici\u00eancia e pequeno porte, alcan\u00e7ando uma express\u00e3o sonora completa e natural incompar\u00e1vel.<\/div>\n<\/div>\n<div>\n<div class=\"future_description\">\n<div class=\"block-title\"><span dir=\"auto\">Uma gama abrangente de fun\u00e7\u00f5es aumenta o charme deste sistema integrado<\/span><\/div>\n<div class=\"block-detail\">\n<p><span dir=\"auto\">O RZ-1 possui uma ampla variedade de fun\u00e7\u00f5es, incluindo controles de modo de espera, graves e agudos, controle de equil\u00edbrio do sinal E\/D, temporizador e dimmer de exibi\u00e7\u00e3o. Por ser um sistema integrado projetado para audi\u00e7\u00e3o casual, o RZ-1 foi especialmente pensado para garantir sua facilidade de uso.<\/span><\/p>\n<\/div>\n<\/div>\n<div class=\"future_description\">\n<div class=\"block-title\"><span dir=\"auto\">Perfil baixo com 77 mm de altura, serve como um \u00f3timo complemento para seu design de interiores<\/span><\/div>\n<\/div>\n<div>\n<div class=\"future_description\">\n<div class=\"block-detail\">\n<p><span dir=\"auto\">O formato elegante do RZ-1 permite que voc\u00ea o coloque praticamente em qualquer lugar, seja no canto da sala de estar ou no suporte da sala de recrea\u00e7\u00e3o.<\/span><\/p>\n<\/div>\n<\/div>\n<div class=\"future_description\">\n<div class=\"block-title\"><span dir=\"auto\">Linhas e superf\u00edcies curvas criam uma face frontal art\u00edstica<\/span><\/div>\n<div class=\"block-detail\">\n<p><span dir=\"auto\">Cuidado e aten\u00e7\u00e3o aos detalhes, imposs\u00edveis de encontrar em itens produzidos em massa, foram aplicados ao RZ-1, criando um produto que parece ter sido dotado do toque artesanal. O painel frontal, com espessura m\u00e1xima de 40 mm, \u00e9 cortado de um bloco s\u00f3lido de alum\u00ednio. Foram necess\u00e1rias oito horas de trabalho para processar o alum\u00ednio tridimensionalmente, com precis\u00e3o de um micr\u00f4metro. Ao integrar habilmente as superf\u00edcies e linhas curvas com linhas recortadas com precis\u00e3o, o resultado \u00e9 um design elegante e aerodin\u00e2mico da frente ao topo, criando uma sensa\u00e7\u00e3o de presen\u00e7a art\u00edstica.<\/span><\/p>\n<div class=\"future_description\">\n<div class=\"block-title\"><span dir=\"auto\">Design simples com apenas as opera\u00e7\u00f5es essenciais no painel frontal<\/span><\/div>\n<div class=\"block-detail\">\n<p><span dir=\"auto\">Procurando desfrutar do puro prazer daqueles momentos de serenidade e relaxamento? Para quem tem um gosto refinado e criterioso em rela\u00e7\u00e3o ao estilo de vida, as opera\u00e7\u00f5es do sistema s\u00e3o extremamente simples. Os bot\u00f5es redondos foram projetados para complementar o design frontal aerodin\u00e2mico. Da mesma forma, o design simples, com apenas as opera\u00e7\u00f5es essenciais, como PLAY e volume, aprimora ainda mais a usabilidade do sistema e traz o prazer de ouvir m\u00fasica para mais perto do seu cora\u00e7\u00e3o.<\/span><\/p>\n<\/div>\n<\/div>\n<div class=\"future_description\">\n<div class=\"block-title\"><span dir=\"auto\">Caixa de entrada remov\u00edvel para fonte de alimenta\u00e7\u00e3o<\/span><\/div>\n<div>A aten\u00e7\u00e3o da ESOTERIC aos detalhes \u00e9 exemplificada pela caixa de entrada remov\u00edvel para a fonte de alimenta\u00e7\u00e3o, que pode ser atualizada com a adi\u00e7\u00e3o de cabos de alimenta\u00e7\u00e3o opcionais. Esse recurso permite que voc\u00ea aproveite ainda mais o uso deste sistema de \u00e1udio de ponta, por meio de um processo de atualiza\u00e7\u00e3o opcional e incremental.<\/div>\n<\/div>\n<\/div>\n<\/div>\n<\/div>\n<\/div>\n<div>\n<p>&nbsp;<\/p>\n<p>&nbsp;<\/p>\n<\/div>\n<\/div>\n","protected":false},"excerpt":{"rendered":"<p>S\u00e9rie Elegance de alta qualidade ESOTERIC O RZ-1 possui um mecanismo de acionamento capaz de reproduzir Super Audio CD e CD usando seu conversor DA de alta resolu\u00e7\u00e3o de 32 bits. Este sistema oferece um conjunto completo de entradas externas, incluindo tr\u00eas entradas digitais diferentes (USB, coaxial e digital \u00f3ptica), permitindo o suporte a entradas [&hellip;]<\/p>\n","protected":false},"featured_media":26197,"template":"","meta":{"_acf_changed":false},"product_brand":[],"product_cat":[27,42,43,41,154,51,304],"product_tag":[],"class_list":{"0":"post-26196","1":"product","2":"type-product","3":"status-publish","4":"has-post-thumbnail","6":"product_cat-amplificador","7":"product_cat-cd-players","8":"product_cat-dac","9":"product_cat-digital","10":"product_cat-esoteric","11":"product_cat-integrado","12":"product_cat-sacd","14":"first","15":"instock","16":"sold-individually","17":"shipping-taxable","18":"purchasable","19":"product-type-simple"},"acf":[],"aioseo_notices":[],"_links":{"self":[{"href":"https:\/\/hificlub.com.br\/loja\/wp-json\/wp\/v2\/product\/26196","targetHints":{"allow":["GET"]}}],"collection":[{"href":"https:\/\/hificlub.com.br\/loja\/wp-json\/wp\/v2\/product"}],"about":[{"href":"https:\/\/hificlub.com.br\/loja\/wp-json\/wp\/v2\/types\/product"}],"wp:featuredmedia":[{"embeddable":true,"href":"https:\/\/hificlub.com.br\/loja\/wp-json\/wp\/v2\/media\/26197"}],"wp:attachment":[{"href":"https:\/\/hificlub.com.br\/loja\/wp-json\/wp\/v2\/media?parent=26196"}],"wp:term":[{"taxonomy":"product_brand","embeddable":true,"href":"https:\/\/hificlub.com.br\/loja\/wp-json\/wp\/v2\/product_brand?post=26196"},{"taxonomy":"product_cat","embeddable":true,"href":"https:\/\/hificlub.com.br\/loja\/wp-json\/wp\/v2\/product_cat?post=26196"},{"taxonomy":"product_tag","embeddable":true,"href":"https:\/\/hificlub.com.br\/loja\/wp-json\/wp\/v2\/product_tag?post=26196"}],"curies":[{"name":"wp","href":"https:\/\/api.w.org\/{rel}","templated":true}]}}