{"id":2563,"date":"2023-10-17T20:01:45","date_gmt":"2023-10-17T23:01:45","guid":{"rendered":"https:\/\/hificlub.com.br\/loja2\/produto\/harmonic-tech-pro-9-6n-biwire-spade-banana-1-8-metros\/"},"modified":"2026-03-24T06:31:12","modified_gmt":"2026-03-24T09:31:12","slug":"harmonic-tech-pro-9-6n-biwire-spade-banana-1-8-metros","status":"publish","type":"product","link":"https:\/\/hificlub.com.br\/loja\/produto\/harmonic-tech-pro-9-6n-biwire-spade-banana-1-8-metros\/","title":{"rendered":"HARMONIC TECH PRO 9 6N  Biwire Spade Spade 2,4 metros"},"content":{"rendered":"<h5><strong>Ele se encaixa bem no centro da linha de produtos de cabo de alto-falante da Harmonic Tech e \u00e9 a melhor formula\u00e7\u00e3o de cristal \u00fanico totalmente em cobre.\u00a0Os fios duplos s\u00e3o conectados no amplificador e s\u00e3o dois comprimentos separados de cabo passa-baixa e passa-alta na maior parte de seu comprimento de 2,5 metros.\u00a0Eles s\u00e3o terminados com p\u00e1s de alto n\u00edvel no amplificador, p\u00e1s para a perna de passagem baixa e bananas de travamento para a perna de passagem alta.\u00a0Todos os fios de cobre puro de 6 noves est\u00e3o flutuando em tubos de Teflon com diel\u00e9trico de ar.\u00a0Eles exigem cerca de 100 horas de amaciamento para desempenho superior, mas soam muito musicais logo de cara.\u00a0Eles s\u00e3o vendidos por cerca de $ 1330 nesta configura\u00e7\u00e3o mencionada.\u00a0Nada disso o prepara para o desempenho deste fio de pre\u00e7o muito moderado \u2026 com pre\u00e7o inferior, no geral, do que a maioria dos medidores \u00fanicos do material audi\u00f3filo ultra famoso.<\/strong><\/h5>\n<p><span style=\"font-family: Arial;font-size: small\">Eu entendo de Jim Wang, CEO da HT, que eles incorporaram neste cabo tudo o que aprenderam sobre formula\u00e7\u00f5es e enrolamentos de cobre puro desde que entraram no neg\u00f3cio.\u00a0Eu ou\u00e7o isso e estou muito impressionado.\u00a0A HT criou o cabo de cobre mais incolor, cont\u00ednuo e org\u00e2nico de sua hist\u00f3ria ou talvez da hist\u00f3ria de qualquer pessoa.\u00a0Que barganha!\u00a0O Pro-9 Reference agora permite que quase todos os audi\u00f3filos maximizem sua rela\u00e7\u00e3o amplificador\/alto-falante sem gastar mais com o cabo do que com os alto-falantes!<\/span><\/p>\n<p><span style=\"font-family: Arial;font-size: small\">Eu tive experi\u00eancia com todos os tipos de combina\u00e7\u00f5es de metais ex\u00f3ticos para cabos de alto-falante e escolhi 100% cobre como meu favorito de todos os tempos.\u00a0Ambos os meus sistemas de refer\u00eancia s\u00e3o conectados em cobre.\u00a0N\u00e3o entendo como a HT pode comercializar este cabo t\u00e3o s\u00e9rio e complexo de forma t\u00e3o barata em compara\u00e7\u00e3o com outros que custam muito mais e soam muito semelhantes.\u00a0Isso n\u00e3o \u00e9 importante.\u00a0O que \u00e9 importante \u00e9 que esta nova adi\u00e7\u00e3o \u00e0 linha HT \u00e9 uma supera\u00e7\u00e3o s\u00f4nica e um cabo de som envolvente por toda parte.<\/span><\/p>\n<p><span style=\"font-family: Arial;font-size: small\">os altos<\/span><\/p>\n<p><span style=\"font-family: Arial;font-size: small\">Com defini\u00e7\u00e3o arejada e delicada e desempenho extremamente suave, estes s\u00e3o cabos extraordin\u00e1rios para uso com tweeters twitchy e similares.\u00a0Experimente com cer\u00e2mica, ber\u00edlio, eletrostatos, etc., para obter excelentes resultados.\u00a0Sua conex\u00e3o perfeita de altos e m\u00e9dios \u00e9 educada e soa bem.\u00a0Voc\u00ea obt\u00e9m uma sensa\u00e7\u00e3o maravilhosa de profundidade e ambiente com grande controle.\u00a0Eles est\u00e3o perto do estado da arte em desempenho geral nesta faixa importante.<\/span><\/p>\n<p><span style=\"font-family: Arial;font-size: small\">os m\u00e9dios<\/span><\/p>\n<p><span style=\"font-family: Arial;font-size: small\">Eu n\u00e3o tenho nenhuma cr\u00edtica.\u00a0Eles s\u00e3o uniformemente educados por toda parte, sem colora\u00e7\u00f5es \u00f3bvias para notar.\u00a0Muita pot\u00eancia e controle nos m\u00e9dios, voc\u00ea ouvir\u00e1 grande quantidade de defini\u00e7\u00e3o compar\u00e1vel a muitas marcas super caras.\u00a0Novamente, estes s\u00e3o muito, muito musicais, a menos que sua fonte n\u00e3o seja.\u00a0Os meus s\u00e3o, e eu n\u00e3o queria nada enquanto passava horas e horas testando os 9&#8217;s.\u00a0O equil\u00edbrio geral \u00e9 no meio do corredor com muito ar ambiente e uma total falta de corros\u00e3o.<\/span><\/p>\n<p><span style=\"font-family: Arial;font-size: small\">O baixo<\/span><\/p>\n<p><span style=\"font-family: Arial;font-size: small\">Soberbo!\u00a0Em configura\u00e7\u00f5es de alta ou baixa pot\u00eancia, voc\u00ea obt\u00e9m graves poderosos, profundos, texturizados e articulados.\u00a0Eles s\u00e3o maravilhosos para SET e, por outro lado, sistemas de estado s\u00f3lido.\u00a0Quase o melhor que voc\u00ea pode obter nesta faixa a qualquer pre\u00e7o, raramente ouvi texturas e defini\u00e7\u00f5es de 20-250HZ t\u00e3o realistas e homog\u00eaneas.\u00a0Sem um caro\u00e7o ou solavanco, os Ref 9s s\u00e3o m\u00e1gicos como fios de baixo.<\/span><\/p>\n<p><span style=\"font-family: Arial;font-size: small\">N\u00e3o acredite na minha palavra, experimente voc\u00ea mesmo.\u00a0Voc\u00ea ficar\u00e1 chocado com o desempenho deles!<\/span><\/p>\n<p><span style=\"font-family: Arial;font-size: small\">Resumo<\/span><\/p>\n<p><span style=\"font-family: Arial;font-size: small\">O nov\u00edssimo cabo de alto-falante de cobre de cristal \u00fanico externo de refer\u00eancia Harmonic Technology Pro-9 traz uma inova\u00e7\u00e3o de pre\u00e7o\/desempenho para audi\u00f3filos.\u00a0Fiquei boquiaberto quando os ouvi pela primeira vez e ainda n\u00e3o me recuperei.\u00a0Por $ 1300 para um par bi-wire, voc\u00ea n\u00e3o pode errar!\u00a0De 20 a 20.000 Hz, voc\u00ea obter\u00e1 pureza, uniformidade de tom, defini\u00e7\u00e3o excelente, desempenho harmonioso e controle poderoso equivalente a cabos que custam 4 vezes mais dinheiro.\u00a0Recomendado para sistemas de refer\u00eancia com pre\u00e7o de sistema econ\u00f4mico, esses s\u00e3o os primeiros cabos de alto-falante mais baratos que eu realmente usaria.\u00a0A HT \u00e9 famosa por trazer produtos de alto valor ao mercado.\u00a0O HT Pro-9 Reference os coloca diretamente no hall da fama!\u00a0<b>Robert H.Levi<\/b><\/span><\/p>\n<p><strong>\u00a0<\/strong><\/p>\n","protected":false},"excerpt":{"rendered":"<p>Ele se encaixa bem no centro da linha de produtos de cabo de alto-falante da Harmonic Tech e \u00e9 a melhor formula\u00e7\u00e3o de cristal \u00fanico totalmente em cobre.\u00a0Os fios duplos s\u00e3o conectados no amplificador e s\u00e3o dois comprimentos separados de cabo passa-baixa e passa-alta na maior parte de seu comprimento de 2,5 metros.\u00a0Eles s\u00e3o terminados [&hellip;]<\/p>\n","protected":false},"featured_media":41802,"template":"","meta":{"_acf_changed":false},"product_brand":[],"product_cat":[61,62,138],"product_tag":[],"class_list":{"0":"post-2563","1":"product","2":"type-product","3":"status-publish","4":"has-post-thumbnail","6":"product_cat-cabos","7":"product_cat-caixa","8":"product_cat-harmonic-tech","10":"first","11":"instock","12":"sold-individually","13":"shipping-taxable","14":"purchasable","15":"product-type-simple"},"acf":[],"aioseo_notices":[],"_links":{"self":[{"href":"https:\/\/hificlub.com.br\/loja\/wp-json\/wp\/v2\/product\/2563","targetHints":{"allow":["GET"]}}],"collection":[{"href":"https:\/\/hificlub.com.br\/loja\/wp-json\/wp\/v2\/product"}],"about":[{"href":"https:\/\/hificlub.com.br\/loja\/wp-json\/wp\/v2\/types\/product"}],"wp:featuredmedia":[{"embeddable":true,"href":"https:\/\/hificlub.com.br\/loja\/wp-json\/wp\/v2\/media\/41802"}],"wp:attachment":[{"href":"https:\/\/hificlub.com.br\/loja\/wp-json\/wp\/v2\/media?parent=2563"}],"wp:term":[{"taxonomy":"product_brand","embeddable":true,"href":"https:\/\/hificlub.com.br\/loja\/wp-json\/wp\/v2\/product_brand?post=2563"},{"taxonomy":"product_cat","embeddable":true,"href":"https:\/\/hificlub.com.br\/loja\/wp-json\/wp\/v2\/product_cat?post=2563"},{"taxonomy":"product_tag","embeddable":true,"href":"https:\/\/hificlub.com.br\/loja\/wp-json\/wp\/v2\/product_tag?post=2563"}],"curies":[{"name":"wp","href":"https:\/\/api.w.org\/{rel}","templated":true}]}}