{"id":25606,"date":"2025-08-21T21:16:08","date_gmt":"2025-08-22T00:16:08","guid":{"rendered":"https:\/\/hificlub.com.br\/loja\/?post_type=product&#038;p=25606"},"modified":"2026-03-03T22:15:17","modified_gmt":"2026-03-04T01:15:17","slug":"focal-cub-evo-subwoofer-ativo-bass-reflex-200-watts","status":"publish","type":"product","link":"https:\/\/hificlub.com.br\/loja\/produto\/focal-cub-evo-subwoofer-ativo-bass-reflex-200-watts\/","title":{"rendered":"FOCAL Cub Evo &#8211; Subwoofer Ativo Bass-reflex, 200 Watts"},"content":{"rendered":"<p>O subwoofer Cub Evo \u00e9 o complemento ideal para os subwoofers Sib Evo e Sib Evo Dolby Atmos\u00ae e qualquer outro sistema de home theater. Qual \u00e9 o seu grande ponto forte? Ele oferece o mesmo som de subwoofers Focal muito maiores. Com seu acabamento em MDF preto de alta qualidade, driver grande e amplificador potente, este subwoofer proporcionar\u00e1 uma experi\u00eancia de cinema ainda mais emocionante.<\/p>\n<p>O <b>Focal Cub Evo<\/b> \u00e9 um subwoofer ativo, o que significa que ele possui um amplificador embutido. Projetado com um formato compacto em cubo, ele se destina a complementar sistemas de \u00e1udio est\u00e9reo ou, mais comumente, sistemas de home theater, oferecendo graves potentes sem ocupar muito espa\u00e7o.<\/p>\n<p>Ele \u00e9 frequentemente recomendado como um complemento para os sistemas de alto-falantes da linha <b>Sib Evo<\/b> da Focal, mas sua versatilidade o torna uma excelente op\u00e7\u00e3o para qualquer outro sistema de \u00e1udio.<\/p>\n<p><b>Design:<\/b> Compacto e discreto, com acabamento em MDF preto fosco de alta qualidade.<\/p>\n<p><b>Recursos:<\/b> Possui um p\u00f3rtico aerodin\u00e2mico que ajuda a reduzir a distor\u00e7\u00e3o e um suporte antivibra\u00e7\u00e3o para uma reprodu\u00e7\u00e3o sonora mais limpa.<\/p>\n<p><b>Entradas:<\/b> RCA, com op\u00e7\u00f5es para entradas est\u00e9reo e uma entrada LFE (Low-Frequency Effects), que \u00e9 a ideal para a maioria dos receivers de home theater.<\/p>\n<p><b>Fun\u00e7\u00f5es de Energia:<\/b> O subwoofer conta com um modo autom\u00e1tico, que o liga quando um sinal de \u00e1udio \u00e9 detectado e o coloca em modo de espera (standby) quando n\u00e3o h\u00e1 sinal.<\/p>\n<p>&nbsp;<\/p>\n","protected":false},"excerpt":{"rendered":"<p>O subwoofer Cub Evo \u00e9 o complemento ideal para os subwoofers Sib Evo e Sib Evo Dolby Atmos\u00ae e qualquer outro sistema de home theater. Qual \u00e9 o seu grande ponto forte? Ele oferece o mesmo som de subwoofers Focal muito maiores. Com seu acabamento em MDF preto de alta qualidade, driver grande e amplificador [&hellip;]<\/p>\n","protected":false},"featured_media":25611,"template":"","meta":{"_acf_changed":false},"product_brand":[],"product_cat":[17,45,36],"product_tag":[],"class_list":{"0":"post-25606","1":"product","2":"type-product","3":"status-publish","4":"has-post-thumbnail","6":"product_cat-caixas","7":"product_cat-focal","8":"product_cat-subwoofer","10":"first","11":"instock","12":"sold-individually","13":"shipping-taxable","14":"purchasable","15":"product-type-simple"},"acf":[],"aioseo_notices":[],"_links":{"self":[{"href":"https:\/\/hificlub.com.br\/loja\/wp-json\/wp\/v2\/product\/25606","targetHints":{"allow":["GET"]}}],"collection":[{"href":"https:\/\/hificlub.com.br\/loja\/wp-json\/wp\/v2\/product"}],"about":[{"href":"https:\/\/hificlub.com.br\/loja\/wp-json\/wp\/v2\/types\/product"}],"wp:featuredmedia":[{"embeddable":true,"href":"https:\/\/hificlub.com.br\/loja\/wp-json\/wp\/v2\/media\/25611"}],"wp:attachment":[{"href":"https:\/\/hificlub.com.br\/loja\/wp-json\/wp\/v2\/media?parent=25606"}],"wp:term":[{"taxonomy":"product_brand","embeddable":true,"href":"https:\/\/hificlub.com.br\/loja\/wp-json\/wp\/v2\/product_brand?post=25606"},{"taxonomy":"product_cat","embeddable":true,"href":"https:\/\/hificlub.com.br\/loja\/wp-json\/wp\/v2\/product_cat?post=25606"},{"taxonomy":"product_tag","embeddable":true,"href":"https:\/\/hificlub.com.br\/loja\/wp-json\/wp\/v2\/product_tag?post=25606"}],"curies":[{"name":"wp","href":"https:\/\/api.w.org\/{rel}","templated":true}]}}